{"id":25533,"date":"2025-06-26T10:09:11","date_gmt":"2025-06-26T10:09:11","guid":{"rendered":"https:\/\/www.berti.net\/product\/vitaliser\/"},"modified":"2025-06-27T10:41:17","modified_gmt":"2025-06-27T10:41:17","slug":"vitaliser","status":"publish","type":"product","link":"https:\/\/berti.net\/fr\/produits-du-parquet\/vitaliser\/","title":{"rendered":"VITALISER"},"content":{"rendered":"\n<div class=\"wp-block-group is-style-container has-global-padding is-content-justification-center is-layout-constrained wp-block-group-is-layout-constrained\">\n<div class=\"wp-block-group title-text-indented-pattern animated fadeIn has-global-padding is-layout-constrained wp-container-core-group-is-layout-a31aa551 wp-block-group-is-layout-constrained\">\n<div class=\"wp-block-group has-global-padding is-layout-constrained wp-block-group-is-layout-constrained\" style=\"margin-bottom:var(--wp--preset--spacing--50)\">\n<p class=\"has-m-font-size\"><br\/>Pr\u00eat \u00e0 l&#8217;emploi et <strong>facile \u00e0 appliquer<\/strong>, VITALIZE convient aux surfaces huil\u00e9es et peintes, et peut \u00eatre utilis\u00e9 dans les maisons, les salles d&rsquo;exposition ou les environnements \u00e0 trafic moyen\/\u00e9lev\u00e9.<\/p>\n<\/div>\n<\/div>\n\n\n\n<div class=\"wp-block-group title-text-indented-pattern animated fadeIn has-global-padding is-layout-constrained wp-container-core-group-is-layout-a31aa551 wp-block-group-is-layout-constrained\">\n<h3 class=\"wp-block-heading has-text-color has-m-32-font-size\" style=\"color:#000000\">Principales caract\u00e9ristiques<\/h3>\n\n\n\n<div class=\"wp-block-group has-global-padding is-layout-constrained wp-block-group-is-layout-constrained\" style=\"margin-bottom:var(--wp--preset--spacing--50)\">\n<ul class=\"wp-block-list\">\n<li>Nourrit et prot\u00e8ge les parquets huil\u00e9s ou vernis<\/li>\n\n\n\n<li>Compos\u00e9 d&rsquo;<strong>huiles naturelles et de cires v\u00e9g\u00e9tales<\/strong><\/li>\n\n\n\n<li>Augmente la <strong>r\u00e9sistance \u00e0 l&rsquo;usure<\/strong> et aux taches<\/li>\n\n\n\n<li>Ne blanchit pas \u00e0 l&rsquo;eau et ne laisse pas de traces<\/li>\n\n\n\n<li><strong>Auto-polissage<\/strong>, mais polissable \u00e0 l&rsquo;aide d&rsquo;une monobrosse<\/li>\n\n\n\n<li>Aucun symbole de danger : <strong>sans danger pour l&rsquo;environnement et les personnes<\/strong><\/li>\n<\/ul>\n<\/div>\n<\/div>\n\n\n\n<div class=\"wp-block-group title-text-indented-pattern animated fadeIn has-global-padding is-layout-constrained wp-container-core-group-is-layout-a31aa551 wp-block-group-is-layout-constrained\">\n<h3 class=\"wp-block-heading has-text-color has-m-32-font-size\" style=\"color:#000000\">Modalit\u00e9s d&rsquo;utilisation<\/h3>\n\n\n\n<div class=\"wp-block-group has-global-padding is-layout-constrained wp-block-group-is-layout-constrained\" style=\"margin-bottom:var(--wp--preset--spacing--50)\">\n<h4 class=\"wp-block-heading has-m-22-font-size\">Premi\u00e8re demande<\/h4>\n\n\n\n<ul class=\"wp-block-list\">\n<li><strong>Nettoyez le sol<\/strong> avec un d\u00e9tergent neutre (par exemple REFINE).<\/li>\n\n\n\n<li>Attendre que la surface soit compl\u00e8tement s\u00e8che.<\/li>\n\n\n\n<li><strong>Bien agiter<\/strong> le produit avant de l&rsquo;utiliser.<\/li>\n\n\n\n<li>Appliquer une <strong>couche fine et r\u00e9guli\u00e8re<\/strong> de VITALIZE \u00e0 l&rsquo;aide d&rsquo;un chiffon et d&rsquo;un pinceau en coton ou en microfibre.<\/li>\n\n\n\n<li>Proc\u00e9dez <strong>1 m\u00e8tre \u00e0 la fois<\/strong>, en suivant le fil du bois.<\/li>\n\n\n\n<li>\u00c9viter les chevauchements et la stagnation.<\/li>\n<\/ul>\n<\/div>\n\n\n\n<div class=\"wp-block-group has-global-padding is-layout-constrained wp-block-group-is-layout-constrained\" style=\"margin-bottom:var(--wp--preset--spacing--50)\">\n<h4 class=\"wp-block-heading has-m-22-font-size\">Apr\u00e8s l&rsquo;application<\/h4>\n\n\n\n<ul class=\"wp-block-list\">\n<li><strong>Sec au toucher<\/strong>: apr\u00e8s environ <strong>1 heure<\/strong><\/li>\n\n\n\n<li><strong>Promenable<\/strong>: apr\u00e8s <strong>2 heures<\/strong><\/li>\n\n\n\n<li><strong>S\u00e9chage complet<\/strong>: <strong>48 heures<\/strong><\/li>\n\n\n\n<li><strong>Polissage optionnel<\/strong>: possible avec une seule brosse (disques blancs ou beiges) pour \u00e9liminer les marques et renforcer l&rsquo;effet de soie.<\/li>\n<\/ul>\n<\/div>\n\n\n\n<div class=\"wp-block-group has-global-padding is-layout-constrained wp-block-group-is-layout-constrained\" style=\"margin-bottom:var(--wp--preset--spacing--50)\">\n<h4 class=\"wp-block-heading has-m-22-font-size\">Fr\u00e9quence recommand\u00e9e<\/h4>\n\n\n\n<ul class=\"wp-block-list\">\n<li><strong>1\u00e8re ann\u00e9e de vie du parquet<\/strong>: tous les 4-8 mois<\/li>\n\n\n\n<li><strong>\u00c0 partir de la deuxi\u00e8me ann\u00e9e<\/strong>: tous les 10-12 mois<\/li>\n\n\n\n<li>Dans les environnements tr\u00e8s habit\u00e9s : intervalles plus rapproch\u00e9s<\/li>\n\n\n\n<li>Dans les zones peu fr\u00e9quent\u00e9es : \u00e9galement tous les 12 \u00e0 18 mois<\/li>\n<\/ul>\n<\/div>\n<\/div>\n\n\n\n<div class=\"wp-block-group title-text-indented-pattern animated fadeIn has-global-padding is-layout-constrained wp-container-core-group-is-layout-a31aa551 wp-block-group-is-layout-constrained\">\n<h3 class=\"wp-block-heading has-text-color has-m-32-font-size\" style=\"color:#000000\">Donn\u00e9es techniques<\/h3>\n\n\n\n<div class=\"wp-block-group has-global-padding is-layout-constrained wp-block-group-is-layout-constrained\" style=\"margin-bottom:var(--wp--preset--spacing--50)\">\n<ul class=\"wp-block-list\">\n<li><strong>Format<\/strong>: bouteille de 1 litre<\/li>\n\n\n\n<li><strong>Rendement<\/strong>: 30-45 m\u00b2 par litre (selon le type de surface)<\/li>\n\n\n\n<li><strong>Aspect<\/strong>: liquide laiteux<\/li>\n\n\n\n<li><strong>Odeur<\/strong>: agr\u00e9able, naturelle<\/li>\n\n\n\n<li><strong>pH (20\u00b0C<\/strong>) : 8,5<\/li>\n\n\n\n<li><strong>Poids sp\u00e9cifique<\/strong>: 1,014 kg\/L<\/li>\n\n\n\n<li><strong>Point d&rsquo;\u00e9clair<\/strong>: &gt;60\u00b0C<\/li>\n\n\n\n<li><strong>Solubilit\u00e9 dans l&rsquo;eau<\/strong>: totale<\/li>\n\n\n\n<li><strong>Stockage<\/strong>: 12 mois (dans un endroit frais et sec, \u00e0 l&rsquo;abri du gel)<\/li>\n<\/ul>\n<\/div>\n<\/div>\n\n\n\n<div class=\"wp-block-group title-text-indented-pattern animated fadeIn has-global-padding is-layout-constrained wp-container-core-group-is-layout-a31aa551 wp-block-group-is-layout-constrained\">\n<h3 class=\"wp-block-heading has-text-color has-m-32-font-size\" style=\"color:#000000\">Composition naturelle<\/h3>\n\n\n\n<div class=\"wp-block-group has-global-padding is-layout-constrained wp-block-group-is-layout-constrained\" style=\"margin-bottom:var(--wp--preset--spacing--50)\">\n<ul class=\"wp-block-list\">\n<li>Huiles de carthame, de tournesol, de chanvre, de lin, de ricin, de tung, de pavot<\/li>\n\n\n\n<li>Cire d&rsquo;abeille, cire de carnauba, propolis, r\u00e9sines naturelles, eau<\/li>\n\n\n\n<li>Sans substances nocives ni solvants agressifs<\/li>\n<\/ul>\n<\/div>\n<\/div>\n<\/div>\n\n<div style=\"height:var(--wp--preset--spacing--80)\" aria-hidden=\"true\" class=\"wp-block-spacer\"><\/div>\n\n<div class=\"wp-block-group alignwide is-style-container has-contrast-2-background-color has-background has-global-padding is-layout-constrained wp-container-core-group-is-layout-f04d5c41 wp-block-group-is-layout-constrained\" id=\"catalog\">\n<div class=\"wp-block-columns alignwide are-vertically-aligned-center is-layout-flex wp-container-core-columns-is-layout-e4e53ecd wp-block-columns-is-layout-flex\" style=\"margin-top:var(--wp--preset--spacing--100);margin-bottom:var(--wp--preset--spacing--100)\">\n<div class=\"wp-block-column is-layout-flow wp-block-column-is-layout-flow\" style=\"flex-basis:50%\">\n<figure class=\"wp-block-image size-full\"><img loading=\"lazy\" decoding=\"async\" width=\"900\" height=\"900\" src=\"https:\/\/www.berti.net\/wp-content\/uploads\/Berti_Vitalize-manutentore_page-0001.jpg\" alt=\"\" class=\"wp-image-25526\" style=\"box-shadow:var(--wp--preset--shadow--deep)\" srcset=\"https:\/\/berti.net\/wp-content\/uploads\/Berti_Vitalize-manutentore_page-0001.jpg 900w, https:\/\/berti.net\/wp-content\/uploads\/Berti_Vitalize-manutentore_page-0001-812x812.jpg 812w, https:\/\/berti.net\/wp-content\/uploads\/Berti_Vitalize-manutentore_page-0001-406x406.jpg 406w, https:\/\/berti.net\/wp-content\/uploads\/Berti_Vitalize-manutentore_page-0001-768x768.jpg 768w\" sizes=\"auto, (max-width: 900px) 100vw, 900px\" \/><\/figure>\n<\/div>\n\n\n\n<div class=\"wp-block-column is-layout-flow wp-block-column-is-layout-flow\" style=\"flex-basis:50%\">\n<h4 class=\"wp-block-heading\" style=\"margin-top:var(--wp--preset--spacing--20);margin-bottom:var(--wp--preset--spacing--20);font-size:clamp(26.944px, 1.684rem + ((1vw - 3.2px) * 1.489), 46px);line-height:1\">T\u00e9l\u00e9charger la fiche technique<\/h4>\n\n\n\n<p class=\"has-text-color has-body-font-family\" style=\"color:#000000;padding-right:16%;font-size:14px\">T\u00e9l\u00e9chargez le catalogue pour d\u00e9couvrir la nouvelle collection VITALIZE de Berti Pavimenti Legno.<\/p>\n\n\n\n<div class=\"wp-block-buttons is-layout-flex wp-block-buttons-is-layout-flex\" style=\"margin-top:var(--wp--preset--spacing--30)\">\n<div class=\"wp-block-button is-style-fill\"><a class=\"wp-block-button__link has-base-3-color has-base-background-color has-text-color has-background has-link-color has-custom-font-size wp-element-button\" href=\"https:\/\/www.berti.net\/wp-content\/uploads\/BERTI_Vitalize_user_guide_compressed.pdf\" style=\"padding-top:15px;padding-right:40px;padding-bottom:15px;padding-left:40px;font-size:clamp(14px, 0.875rem + ((1vw - 3.2px) * 0.156), 16px);\" target=\"_blank\" rel=\"noreferrer noopener\">T\u00c9L\u00c9CHARGER<\/a><\/div>\n<\/div>\n<\/div>\n<\/div>\n<\/div>\n\n<p><\/p>\n","protected":false},"excerpt":{"rendered":"<p>Pr\u00eat \u00e0 l&#8217;emploi et facile \u00e0 appliquer, VITALIZE convient aux surfaces huil\u00e9es et peintes, et peut \u00eatre utilis\u00e9 dans les maisons, les salles d&rsquo;exposition ou les environnements \u00e0 trafic moyen\/\u00e9lev\u00e9. Principales caract\u00e9ristiques Modalit\u00e9s d&rsquo;utilisation Premi\u00e8re demande Apr\u00e8s l&rsquo;application Fr\u00e9quence recommand\u00e9e Donn\u00e9es techniques Composition naturelle T\u00e9l\u00e9charger la fiche technique T\u00e9l\u00e9chargez le catalogue pour d\u00e9couvrir la nouvelle collection VITALIZE de Berti Pavimenti [&hellip;]<\/p>\n","protected":false},"author":2,"featured_media":25353,"template":"","product_collection":[257],"product_type":[],"product_color":[],"class_list":["post-25533","product","type-product","status-publish","has-post-thumbnail","hentry","product_collection-produits-du-parquet"],"_links":{"self":[{"href":"https:\/\/berti.net\/fr\/wp-json\/wp\/v2\/product\/25533","targetHints":{"allow":["GET"]}}],"collection":[{"href":"https:\/\/berti.net\/fr\/wp-json\/wp\/v2\/product"}],"about":[{"href":"https:\/\/berti.net\/fr\/wp-json\/wp\/v2\/types\/product"}],"author":[{"embeddable":true,"href":"https:\/\/berti.net\/fr\/wp-json\/wp\/v2\/users\/2"}],"wp:featuredmedia":[{"embeddable":true,"href":"https:\/\/berti.net\/fr\/wp-json\/wp\/v2\/media\/25353"}],"wp:attachment":[{"href":"https:\/\/berti.net\/fr\/wp-json\/wp\/v2\/media?parent=25533"}],"wp:term":[{"taxonomy":"product_collection","embeddable":true,"href":"https:\/\/berti.net\/fr\/wp-json\/wp\/v2\/product_collection?post=25533"},{"taxonomy":"product_type","embeddable":true,"href":"https:\/\/berti.net\/fr\/wp-json\/wp\/v2\/product_type?post=25533"},{"taxonomy":"product_color","embeddable":true,"href":"https:\/\/berti.net\/fr\/wp-json\/wp\/v2\/product_color?post=25533"}],"curies":[{"name":"wp","href":"https:\/\/api.w.org\/{rel}","templated":true}]}}

<div class="wp-block-group is-style-container has-global-padding is-content-justification-center is-layout-constrained wp-block-group-is-layout-constrained">
<div class="wp-block-group title-text-indented-pattern animated fadeIn has-global-padding is-layout-constrained wp-container-core-group-is-layout-a31aa551 wp-block-group-is-layout-constrained">
<div class="wp-block-group has-global-padding is-layout-constrained wp-block-group-is-layout-constrained" style="margin-bottom:var(--wp--preset--spacing--50)">
<p class="has-m-font-size"><br/>Prêt à l&#8217;emploi et <strong>facile à appliquer</strong>, VITALIZE convient aux surfaces huilées et peintes, et peut être utilisé dans les maisons, les salles d&rsquo;exposition ou les environnements à trafic moyen/élevé.</p>
</div>
</div>



<div class="wp-block-group title-text-indented-pattern animated fadeIn has-global-padding is-layout-constrained wp-container-core-group-is-layout-a31aa551 wp-block-group-is-layout-constrained">
<h3 class="wp-block-heading has-text-color has-m-32-font-size" style="color:#000000">Principales caractéristiques</h3>



<div class="wp-block-group has-global-padding is-layout-constrained wp-block-group-is-layout-constrained" style="margin-bottom:var(--wp--preset--spacing--50)">
<ul class="wp-block-list">
<li>Nourrit et protège les parquets huilés ou vernis</li>



<li>Composé d&rsquo;<strong>huiles naturelles et de cires végétales</strong></li>



<li>Augmente la <strong>résistance à l&rsquo;usure</strong> et aux taches</li>



<li>Ne blanchit pas à l&rsquo;eau et ne laisse pas de traces</li>



<li><strong>Auto-polissage</strong>, mais polissable à l&rsquo;aide d&rsquo;une monobrosse</li>



<li>Aucun symbole de danger : <strong>sans danger pour l&rsquo;environnement et les personnes</strong></li>
</ul>
</div>
</div>



<div class="wp-block-group title-text-indented-pattern animated fadeIn has-global-padding is-layout-constrained wp-container-core-group-is-layout-a31aa551 wp-block-group-is-layout-constrained">
<h3 class="wp-block-heading has-text-color has-m-32-font-size" style="color:#000000">Modalités d&rsquo;utilisation</h3>



<div class="wp-block-group has-global-padding is-layout-constrained wp-block-group-is-layout-constrained" style="margin-bottom:var(--wp--preset--spacing--50)">
<h4 class="wp-block-heading has-m-22-font-size">Première demande</h4>



<ul class="wp-block-list">
<li><strong>Nettoyez le sol</strong> avec un détergent neutre (par exemple REFINE).</li>



<li>Attendre que la surface soit complètement sèche.</li>



<li><strong>Bien agiter</strong> le produit avant de l&rsquo;utiliser.</li>



<li>Appliquer une <strong>couche fine et régulière</strong> de VITALIZE à l&rsquo;aide d&rsquo;un chiffon et d&rsquo;un pinceau en coton ou en microfibre.</li>



<li>Procédez <strong>1 mètre à la fois</strong>, en suivant le fil du bois.</li>



<li>Éviter les chevauchements et la stagnation.</li>
</ul>
</div>



<div class="wp-block-group has-global-padding is-layout-constrained wp-block-group-is-layout-constrained" style="margin-bottom:var(--wp--preset--spacing--50)">
<h4 class="wp-block-heading has-m-22-font-size">Après l&rsquo;application</h4>



<ul class="wp-block-list">
<li><strong>Sec au toucher</strong>: après environ <strong>1 heure</strong></li>



<li><strong>Promenable</strong>: après <strong>2 heures</strong></li>



<li><strong>Séchage complet</strong>: <strong>48 heures</strong></li>



<li><strong>Polissage optionnel</strong>: possible avec une seule brosse (disques blancs ou beiges) pour éliminer les marques et renforcer l&rsquo;effet de soie.</li>
</ul>
</div>



<div class="wp-block-group has-global-padding is-layout-constrained wp-block-group-is-layout-constrained" style="margin-bottom:var(--wp--preset--spacing--50)">
<h4 class="wp-block-heading has-m-22-font-size">Fréquence recommandée</h4>



<ul class="wp-block-list">
<li><strong>1ère année de vie du parquet</strong>: tous les 4-8 mois</li>



<li><strong>À partir de la deuxième année</strong>: tous les 10-12 mois</li>



<li>Dans les environnements très habités : intervalles plus rapprochés</li>



<li>Dans les zones peu fréquentées : également tous les 12 à 18 mois</li>
</ul>
</div>
</div>



<div class="wp-block-group title-text-indented-pattern animated fadeIn has-global-padding is-layout-constrained wp-container-core-group-is-layout-a31aa551 wp-block-group-is-layout-constrained">
<h3 class="wp-block-heading has-text-color has-m-32-font-size" style="color:#000000">Données techniques</h3>



<div class="wp-block-group has-global-padding is-layout-constrained wp-block-group-is-layout-constrained" style="margin-bottom:var(--wp--preset--spacing--50)">
<ul class="wp-block-list">
<li><strong>Format</strong>: bouteille de 1 litre</li>



<li><strong>Rendement</strong>: 30-45 m² par litre (selon le type de surface)</li>



<li><strong>Aspect</strong>: liquide laiteux</li>



<li><strong>Odeur</strong>: agréable, naturelle</li>



<li><strong>pH (20°C</strong>) : 8,5</li>



<li><strong>Poids spécifique</strong>: 1,014 kg/L</li>



<li><strong>Point d&rsquo;éclair</strong>: &gt;60°C</li>



<li><strong>Solubilité dans l&rsquo;eau</strong>: totale</li>



<li><strong>Stockage</strong>: 12 mois (dans un endroit frais et sec, à l&rsquo;abri du gel)</li>
</ul>
</div>
</div>



<div class="wp-block-group title-text-indented-pattern animated fadeIn has-global-padding is-layout-constrained wp-container-core-group-is-layout-a31aa551 wp-block-group-is-layout-constrained">
<h3 class="wp-block-heading has-text-color has-m-32-font-size" style="color:#000000">Composition naturelle</h3>



<div class="wp-block-group has-global-padding is-layout-constrained wp-block-group-is-layout-constrained" style="margin-bottom:var(--wp--preset--spacing--50)">
<ul class="wp-block-list">
<li>Huiles de carthame, de tournesol, de chanvre, de lin, de ricin, de tung, de pavot</li>



<li>Cire d&rsquo;abeille, cire de carnauba, propolis, résines naturelles, eau</li>



<li>Sans substances nocives ni solvants agressifs</li>
</ul>
</div>
</div>
</div>

<div style="height:var(--wp--preset--spacing--80)" aria-hidden="true" class="wp-block-spacer"></div>

<div class="wp-block-group alignwide is-style-container has-contrast-2-background-color has-background has-global-padding is-layout-constrained wp-container-core-group-is-layout-f04d5c41 wp-block-group-is-layout-constrained" id="catalog">
<div class="wp-block-columns alignwide are-vertically-aligned-center is-layout-flex wp-container-core-columns-is-layout-e4e53ecd wp-block-columns-is-layout-flex" style="margin-top:var(--wp--preset--spacing--100);margin-bottom:var(--wp--preset--spacing--100)">
<div class="wp-block-column is-layout-flow wp-block-column-is-layout-flow" style="flex-basis:50%">
<figure class="wp-block-image size-full"><img loading="lazy" decoding="async" width="900" height="900" src="https://www.berti.net/wp-content/uploads/Berti_Vitalize-manutentore_page-0001.jpg" alt="" class="wp-image-25526" style="box-shadow:var(--wp--preset--shadow--deep)" srcset="https://berti.net/wp-content/uploads/Berti_Vitalize-manutentore_page-0001.jpg 900w, https://berti.net/wp-content/uploads/Berti_Vitalize-manutentore_page-0001-812x812.jpg 812w, https://berti.net/wp-content/uploads/Berti_Vitalize-manutentore_page-0001-406x406.jpg 406w, https://berti.net/wp-content/uploads/Berti_Vitalize-manutentore_page-0001-768x768.jpg 768w" sizes="auto, (max-width: 900px) 100vw, 900px" /></figure>
</div>



<div class="wp-block-column is-layout-flow wp-block-column-is-layout-flow" style="flex-basis:50%">
<h4 class="wp-block-heading" style="margin-top:var(--wp--preset--spacing--20);margin-bottom:var(--wp--preset--spacing--20);font-size:clamp(26.944px, 1.684rem + ((1vw - 3.2px) * 1.489), 46px);line-height:1">Télécharger la fiche technique</h4>



<p class="has-text-color has-body-font-family" style="color:#000000;padding-right:16%;font-size:14px">Téléchargez le catalogue pour découvrir la nouvelle collection VITALIZE de Berti Pavimenti Legno.</p>



<div class="wp-block-buttons is-layout-flex wp-block-buttons-is-layout-flex" style="margin-top:var(--wp--preset--spacing--30)">
<div class="wp-block-button is-style-fill"><a class="wp-block-button__link has-base-3-color has-base-background-color has-text-color has-background has-link-color has-custom-font-size wp-element-button" href="https://www.berti.net/wp-content/uploads/BERTI_Vitalize_user_guide_compressed.pdf" style="padding-top:15px;padding-right:40px;padding-bottom:15px;padding-left:40px;font-size:clamp(14px, 0.875rem + ((1vw - 3.2px) * 0.156), 16px);" target="_blank" rel="noreferrer noopener">TÉLÉCHARGER</a></div>
</div>
</div>
</div>
</div>

<p></p>

<p>Prêt à l&#8217;emploi et facile à appliquer, VITALIZE convient aux surfaces huilées et peintes, et peut être utilisé dans les maisons, les salles d&rsquo;exposition ou les environnements à trafic moyen/élevé. Principales caractéristiques Modalités d&rsquo;utilisation Première demande Après l&rsquo;application Fréquence recommandée Données techniques Composition naturelle Télécharger la fiche technique Téléchargez le catalogue pour découvrir la nouvelle collection VITALIZE de Berti Pavimenti [&hellip;]</p>
