{"id":15692,"date":"2024-09-17T09:43:20","date_gmt":"2024-09-17T09:43:20","guid":{"rendered":"https:\/\/www.berti.net\/product\/chene-de-duna\/"},"modified":"2025-10-24T12:26:53","modified_gmt":"2025-10-24T12:26:53","slug":"chene-de-duna","status":"publish","type":"product","link":"https:\/\/berti.net\/fr\/parquet\/parquet-essential\/chene-de-duna\/","title":{"rendered":"Ch\u00eane Duna"},"content":{"rendered":"\n<div class=\"wp-block-group is-style-container has-global-padding is-content-justification-center is-layout-constrained wp-block-group-is-layout-constrained\">\n<div class=\"wp-block-group is-style-default has-global-padding is-content-justification-left is-layout-constrained wp-container-core-group-is-layout-a6931cc7 wp-block-group-is-layout-constrained\" style=\"margin-top:var(--wp--preset--spacing--130);margin-bottom:var(--wp--preset--spacing--130)\">\n<p class=\"is-style-indent animated fadeIn has-m-22-font-size\">Le <strong>ton chaud de la couleur sable<\/strong> donne \u00e0 ce parquet un caract\u00e8re tr\u00e8s naturel, cr\u00e9ant des environnements particuli\u00e8rement confortables.<\/p>\n\n\n\n<p class=\"is-style-indent animated fadeIn has-m-22-font-size\"><br\/>Les planches de <strong>ch\u00eane Duna<\/strong> conviennent \u00e0 la pose flottante ou coll\u00e9e et aux syst\u00e8mes de chauffage et de refroidissement par le sol. Disponibles sur 2 plis pr\u00e9finis en diff\u00e9rents formats et dimensions pour une pose courante ou chevrons. <\/p>\n<\/div>\n\n\n\n<div class=\"wp-block-group alignfull has-global-padding is-layout-constrained wp-block-group-is-layout-constrained\" style=\"margin-top:0;margin-bottom:0\">\n<figure data-wp-context=\"{&quot;imageId&quot;:&quot;69efd683bdd30&quot;}\" data-wp-interactive=\"core\/image\" data-wp-key=\"69efd683bdd30\" class=\"wp-block-image aligncenter size-full is-style-default wp-lightbox-container\"><img loading=\"lazy\" decoding=\"async\" width=\"653\" height=\"871\" data-wp-class--hide=\"state.isContentHidden\" data-wp-class--show=\"state.isContentVisible\" data-wp-init=\"callbacks.setButtonStyles\" data-wp-on--click=\"actions.showLightbox\" data-wp-on--load=\"callbacks.setButtonStyles\" data-wp-on-window--resize=\"callbacks.setButtonStyles\" src=\"https:\/\/www.berti.net\/wp-content\/uploads\/2024\/09\/parquet-rovere-spazzolato-prefinito-duna.jpg\" alt=\"\" class=\"wp-image-6625\" srcset=\"https:\/\/berti.net\/wp-content\/uploads\/2024\/09\/parquet-rovere-spazzolato-prefinito-duna.jpg 653w, https:\/\/berti.net\/wp-content\/uploads\/2024\/09\/parquet-rovere-spazzolato-prefinito-duna-225x300.jpg 225w\" sizes=\"auto, (max-width: 653px) 100vw, 653px\" \/><button\n\t\t\tclass=\"lightbox-trigger\"\n\t\t\ttype=\"button\"\n\t\t\taria-haspopup=\"dialog\"\n\t\t\taria-label=\"Agrandir\"\n\t\t\tdata-wp-init=\"callbacks.initTriggerButton\"\n\t\t\tdata-wp-on--click=\"actions.showLightbox\"\n\t\t\tdata-wp-style--right=\"state.imageButtonRight\"\n\t\t\tdata-wp-style--top=\"state.imageButtonTop\"\n\t\t>\n\t\t\t<svg xmlns=\"http:\/\/www.w3.org\/2000\/svg\" width=\"12\" height=\"12\" fill=\"none\" viewBox=\"0 0 12 12\">\n\t\t\t\t<path fill=\"#fff\" d=\"M2 0a2 2 0 0 0-2 2v2h1.5V2a.5.5 0 0 1 .5-.5h2V0H2Zm2 10.5H2a.5.5 0 0 1-.5-.5V8H0v2a2 2 0 0 0 2 2h2v-1.5ZM8 12v-1.5h2a.5.5 0 0 0 .5-.5V8H12v2a2 2 0 0 1-2 2H8Zm2-12a2 2 0 0 1 2 2v2h-1.5V2a.5.5 0 0 0-.5-.5H8V0h2Z\" \/>\n\t\t\t<\/svg>\n\t\t<\/button><\/figure>\n\n\n\n<div style=\"height:100px\" aria-hidden=\"true\" class=\"wp-block-spacer\"><\/div>\n<\/div>\n<\/div>\n","protected":false},"excerpt":{"rendered":"<p>Le ton chaud de la couleur sable donne \u00e0 ce parquet un caract\u00e8re tr\u00e8s naturel, cr\u00e9ant des environnements particuli\u00e8rement confortables. Les planches de ch\u00eane Duna conviennent \u00e0 la pose flottante ou coll\u00e9e et aux syst\u00e8mes de chauffage et de refroidissement par le sol. Disponibles sur 2 plis pr\u00e9finis en diff\u00e9rents formats et dimensions pour une pose courante ou chevrons.<\/p>\n","protected":false},"author":4,"featured_media":1645,"template":"","product_collection":[99],"product_type":[],"product_color":[75],"class_list":["post-15692","product","type-product","status-publish","has-post-thumbnail","hentry","product_collection-parquet-essential","product_color-chiaro"],"_links":{"self":[{"href":"https:\/\/berti.net\/fr\/wp-json\/wp\/v2\/product\/15692","targetHints":{"allow":["GET"]}}],"collection":[{"href":"https:\/\/berti.net\/fr\/wp-json\/wp\/v2\/product"}],"about":[{"href":"https:\/\/berti.net\/fr\/wp-json\/wp\/v2\/types\/product"}],"author":[{"embeddable":true,"href":"https:\/\/berti.net\/fr\/wp-json\/wp\/v2\/users\/4"}],"wp:featuredmedia":[{"embeddable":true,"href":"https:\/\/berti.net\/fr\/wp-json\/wp\/v2\/media\/1645"}],"wp:attachment":[{"href":"https:\/\/berti.net\/fr\/wp-json\/wp\/v2\/media?parent=15692"}],"wp:term":[{"taxonomy":"product_collection","embeddable":true,"href":"https:\/\/berti.net\/fr\/wp-json\/wp\/v2\/product_collection?post=15692"},{"taxonomy":"product_type","embeddable":true,"href":"https:\/\/berti.net\/fr\/wp-json\/wp\/v2\/product_type?post=15692"},{"taxonomy":"product_color","embeddable":true,"href":"https:\/\/berti.net\/fr\/wp-json\/wp\/v2\/product_color?post=15692"}],"curies":[{"name":"wp","href":"https:\/\/api.w.org\/{rel}","templated":true}]}}

Chêne Duna

<div class="wp-block-group is-style-container has-global-padding is-content-justification-center is-layout-constrained wp-block-group-is-layout-constrained">
<div class="wp-block-group is-style-default has-global-padding is-content-justification-left is-layout-constrained wp-container-core-group-is-layout-a6931cc7 wp-block-group-is-layout-constrained" style="margin-top:var(--wp--preset--spacing--130);margin-bottom:var(--wp--preset--spacing--130)">
<p class="is-style-indent animated fadeIn has-m-22-font-size">Le <strong>ton chaud de la couleur sable</strong> donne à ce parquet un caractère très naturel, créant des environnements particulièrement confortables.</p>



<p class="is-style-indent animated fadeIn has-m-22-font-size"><br/>Les planches de <strong>chêne Duna</strong> conviennent à la pose flottante ou collée et aux systèmes de chauffage et de refroidissement par le sol. Disponibles sur 2 plis préfinis en différents formats et dimensions pour une pose courante ou chevrons. </p>
</div>



<div class="wp-block-group alignfull has-global-padding is-layout-constrained wp-block-group-is-layout-constrained" style="margin-top:0;margin-bottom:0">
<figure data-wp-context="{&quot;imageId&quot;:&quot;69efd683bdd30&quot;}" data-wp-interactive="core/image" data-wp-key="69efd683bdd30" class="wp-block-image aligncenter size-full is-style-default wp-lightbox-container"><img loading="lazy" decoding="async" width="653" height="871" data-wp-class--hide="state.isContentHidden" data-wp-class--show="state.isContentVisible" data-wp-init="callbacks.setButtonStyles" data-wp-on--click="actions.showLightbox" data-wp-on--load="callbacks.setButtonStyles" data-wp-on-window--resize="callbacks.setButtonStyles" src="https://www.berti.net/wp-content/uploads/2024/09/parquet-rovere-spazzolato-prefinito-duna.jpg" alt="" class="wp-image-6625" srcset="https://berti.net/wp-content/uploads/2024/09/parquet-rovere-spazzolato-prefinito-duna.jpg 653w, https://berti.net/wp-content/uploads/2024/09/parquet-rovere-spazzolato-prefinito-duna-225x300.jpg 225w" sizes="auto, (max-width: 653px) 100vw, 653px" /><button
			class="lightbox-trigger"
			type="button"
			aria-haspopup="dialog"
			aria-label="Agrandir"
			data-wp-init="callbacks.initTriggerButton"
			data-wp-on--click="actions.showLightbox"
			data-wp-style--right="state.imageButtonRight"
			data-wp-style--top="state.imageButtonTop"
		>
			<svg xmlns="http://www.w3.org/2000/svg" width="12" height="12" fill="none" viewBox="0 0 12 12">
				<path fill="#fff" d="M2 0a2 2 0 0 0-2 2v2h1.5V2a.5.5 0 0 1 .5-.5h2V0H2Zm2 10.5H2a.5.5 0 0 1-.5-.5V8H0v2a2 2 0 0 0 2 2h2v-1.5ZM8 12v-1.5h2a.5.5 0 0 0 .5-.5V8H12v2a2 2 0 0 1-2 2H8Zm2-12a2 2 0 0 1 2 2v2h-1.5V2a.5.5 0 0 0-.5-.5H8V0h2Z" />
			</svg>
		</button></figure>



<div style="height:100px" aria-hidden="true" class="wp-block-spacer"></div>
</div>
</div>

<p>Le ton chaud de la couleur sable donne à ce parquet un caractère très naturel, créant des environnements particulièrement confortables. Les planches de chêne Duna conviennent à la pose flottante ou collée et aux systèmes de chauffage et de refroidissement par le sol. Disponibles sur 2 plis préfinis en différents formats et dimensions pour une pose courante ou chevrons.</p>
