{"id":15667,"date":"2024-09-20T14:39:26","date_gmt":"2024-09-20T14:39:26","guid":{"rendered":"https:\/\/www.berti.net\/product\/iroko-antique\/"},"modified":"2025-11-06T15:18:30","modified_gmt":"2025-11-06T15:18:30","slug":"iroko-antique","status":"publish","type":"product","link":"https:\/\/berti.net\/fr\/parquet\/parquet-essential\/iroko-antique\/","title":{"rendered":"Iroko antique"},"content":{"rendered":"\n<div class=\"wp-block-group is-style-container has-global-padding is-content-justification-center is-layout-constrained wp-block-group-is-layout-constrained\">\n<div class=\"wp-block-group is-style-default has-global-padding is-content-justification-left is-layout-constrained wp-container-core-group-is-layout-a6931cc7 wp-block-group-is-layout-constrained\" style=\"margin-top:var(--wp--preset--spacing--130);margin-bottom:var(--wp--preset--spacing--130)\">\n<p class=\"is-style-indent animated fadeIn has-m-22-font-size\">Le <strong>parquet en iroko<\/strong> poss\u00e8de d&rsquo;excellentes caract\u00e9ristiques techniques telles que la stabilit\u00e9 et une grande sensibilit\u00e9 \u00e0 l&rsquo;humidit\u00e9. En outre, l&rsquo;iroko pr\u00e9sente une<strong>tr\u00e8s bonne r\u00e9sistance \u00e0 la marche<\/strong>, ce qui le rend adapt\u00e9 \u00e0 la pose sur des syst\u00e8mes de chauffage par le sol. <\/p>\n<\/div>\n<\/div>\n","protected":false},"excerpt":{"rendered":"<p>Le parquet en iroko poss\u00e8de d&rsquo;excellentes caract\u00e9ristiques techniques telles que la stabilit\u00e9 et une grande sensibilit\u00e9 \u00e0 l&rsquo;humidit\u00e9. En outre, l&rsquo;iroko pr\u00e9sente unetr\u00e8s bonne r\u00e9sistance \u00e0 la marche, ce qui le rend adapt\u00e9 \u00e0 la pose sur des syst\u00e8mes de chauffage par le sol.<\/p>\n","protected":false},"author":4,"featured_media":1763,"template":"","product_collection":[99],"product_type":[],"product_color":[78],"class_list":["post-15667","product","type-product","status-publish","has-post-thumbnail","hentry","product_collection-parquet-essential","product_color-rosso"],"_links":{"self":[{"href":"https:\/\/berti.net\/fr\/wp-json\/wp\/v2\/product\/15667","targetHints":{"allow":["GET"]}}],"collection":[{"href":"https:\/\/berti.net\/fr\/wp-json\/wp\/v2\/product"}],"about":[{"href":"https:\/\/berti.net\/fr\/wp-json\/wp\/v2\/types\/product"}],"author":[{"embeddable":true,"href":"https:\/\/berti.net\/fr\/wp-json\/wp\/v2\/users\/4"}],"wp:featuredmedia":[{"embeddable":true,"href":"https:\/\/berti.net\/fr\/wp-json\/wp\/v2\/media\/1763"}],"wp:attachment":[{"href":"https:\/\/berti.net\/fr\/wp-json\/wp\/v2\/media?parent=15667"}],"wp:term":[{"taxonomy":"product_collection","embeddable":true,"href":"https:\/\/berti.net\/fr\/wp-json\/wp\/v2\/product_collection?post=15667"},{"taxonomy":"product_type","embeddable":true,"href":"https:\/\/berti.net\/fr\/wp-json\/wp\/v2\/product_type?post=15667"},{"taxonomy":"product_color","embeddable":true,"href":"https:\/\/berti.net\/fr\/wp-json\/wp\/v2\/product_color?post=15667"}],"curies":[{"name":"wp","href":"https:\/\/api.w.org\/{rel}","templated":true}]}}

<div class="wp-block-group is-style-container has-global-padding is-content-justification-center is-layout-constrained wp-block-group-is-layout-constrained">
<div class="wp-block-group is-style-default has-global-padding is-content-justification-left is-layout-constrained wp-container-core-group-is-layout-a6931cc7 wp-block-group-is-layout-constrained" style="margin-top:var(--wp--preset--spacing--130);margin-bottom:var(--wp--preset--spacing--130)">
<p class="is-style-indent animated fadeIn has-m-22-font-size">Le <strong>parquet en iroko</strong> possède d&rsquo;excellentes caractéristiques techniques telles que la stabilité et une grande sensibilité à l&rsquo;humidité. En outre, l&rsquo;iroko présente une<strong>très bonne résistance à la marche</strong>, ce qui le rend adapté à la pose sur des systèmes de chauffage par le sol. </p>
</div>
</div>

<p>Le parquet en iroko possède d&rsquo;excellentes caractéristiques techniques telles que la stabilité et une grande sensibilité à l&rsquo;humidité. En outre, l&rsquo;iroko présente unetrès bonne résistance à la marche, ce qui le rend adapté à la pose sur des systèmes de chauffage par le sol.</p>
