{"id":15661,"date":"2024-09-20T15:16:23","date_gmt":"2024-09-20T15:16:23","guid":{"rendered":"https:\/\/www.berti.net\/product\/iris\/"},"modified":"2025-11-11T11:22:37","modified_gmt":"2025-11-11T11:22:37","slug":"iris","status":"publish","type":"product","link":"https:\/\/berti.net\/fr\/parquet\/berti-studio\/berti-studio-chene\/iris\/","title":{"rendered":"Iris"},"content":{"rendered":"\n<div class=\"wp-block-group is-style-container has-global-padding is-content-justification-center is-layout-constrained wp-block-group-is-layout-constrained\">\n<div class=\"wp-block-group is-style-default has-global-padding is-content-justification-left is-layout-constrained wp-container-core-group-is-layout-a6931cc7 wp-block-group-is-layout-constrained\" style=\"margin-top:var(--wp--preset--spacing--130);margin-bottom:var(--wp--preset--spacing--130)\">\n<p class=\"is-style-indent animated fadeIn has-m-22-font-size\">Un travail qui met en valeur les connotations esth\u00e9tiques de l&rsquo;essence de ch\u00eane, pour donner au parquet une <strong>saveur antique et artisanale.<\/strong> De plus, dans <strong>Iris<\/strong>, la sp\u00e9cificit\u00e9 d&rsquo;un bois pr\u00e9cieux qui conserve toutes ses caract\u00e9ristiques s&rsquo;associe \u00e0 l&rsquo;\u00e9l\u00e9gance d&rsquo;un <strong>ton chaud de ch\u00e2taignier<\/strong>, pour offrir une harmonie parfaite avec un go\u00fbt d&rsquo;ameublement <strong>classique et harmonieux<\/strong>, <strong>aussi bien dans les styles traditionnels que modernes.<\/strong> <\/p>\n<\/div>\n\n\n\n<div class=\"wp-block-group alignfull animated fadeInUp has-global-padding is-layout-constrained wp-block-group-is-layout-constrained\" style=\"margin-top:0;margin-bottom:0\">\n<figure data-wp-context=\"{&quot;imageId&quot;:&quot;69f0434281963&quot;}\" data-wp-interactive=\"core\/image\" data-wp-key=\"69f0434281963\" class=\"wp-block-image alignfull size-full is-style-default wp-lightbox-container\"><img loading=\"lazy\" decoding=\"async\" width=\"1400\" height=\"937\" data-wp-class--hide=\"state.isContentHidden\" data-wp-class--show=\"state.isContentVisible\" data-wp-init=\"callbacks.setButtonStyles\" data-wp-on--click=\"actions.showLightbox\" data-wp-on--load=\"callbacks.setButtonStyles\" data-wp-on-window--resize=\"callbacks.setButtonStyles\" src=\"https:\/\/www.berti.net\/wp-content\/uploads\/BertiStudio_rovere-iris_gallery_1.jpg\" alt=\"\" class=\"wp-image-13866\" srcset=\"https:\/\/berti.net\/wp-content\/uploads\/BertiStudio_rovere-iris_gallery_1.jpg 1400w, https:\/\/berti.net\/wp-content\/uploads\/BertiStudio_rovere-iris_gallery_1-812x543.jpg 812w, https:\/\/berti.net\/wp-content\/uploads\/BertiStudio_rovere-iris_gallery_1-768x514.jpg 768w\" sizes=\"auto, (max-width: 1400px) 100vw, 1400px\" \/><button\n\t\t\tclass=\"lightbox-trigger\"\n\t\t\ttype=\"button\"\n\t\t\taria-haspopup=\"dialog\"\n\t\t\taria-label=\"Agrandir\"\n\t\t\tdata-wp-init=\"callbacks.initTriggerButton\"\n\t\t\tdata-wp-on--click=\"actions.showLightbox\"\n\t\t\tdata-wp-style--right=\"state.imageButtonRight\"\n\t\t\tdata-wp-style--top=\"state.imageButtonTop\"\n\t\t>\n\t\t\t<svg xmlns=\"http:\/\/www.w3.org\/2000\/svg\" width=\"12\" height=\"12\" fill=\"none\" viewBox=\"0 0 12 12\">\n\t\t\t\t<path fill=\"#fff\" d=\"M2 0a2 2 0 0 0-2 2v2h1.5V2a.5.5 0 0 1 .5-.5h2V0H2Zm2 10.5H2a.5.5 0 0 1-.5-.5V8H0v2a2 2 0 0 0 2 2h2v-1.5ZM8 12v-1.5h2a.5.5 0 0 0 .5-.5V8H12v2a2 2 0 0 1-2 2H8Zm2-12a2 2 0 0 1 2 2v2h-1.5V2a.5.5 0 0 0-.5-.5H8V0h2Z\" \/>\n\t\t\t<\/svg>\n\t\t<\/button><figcaption class=\"wp-element-caption\">MAR.SPAZZ.R\u00c2PE NORMALE-PLAN\u00c9E 001<\/figcaption><\/figure>\n<\/div>\n<\/div>\n","protected":false},"excerpt":{"rendered":"<p>Un travail qui met en valeur les connotations esth\u00e9tiques de l&rsquo;essence de ch\u00eane, pour donner au parquet une saveur antique et artisanale. De plus, dans Iris, la sp\u00e9cificit\u00e9 d&rsquo;un bois pr\u00e9cieux qui conserve toutes ses caract\u00e9ristiques s&rsquo;associe \u00e0 l&rsquo;\u00e9l\u00e9gance d&rsquo;un ton chaud de ch\u00e2taignier, pour offrir une harmonie parfaite avec un go\u00fbt d&rsquo;ameublement classique et harmonieux, aussi bien dans les [&hellip;]<\/p>\n","protected":false},"author":4,"featured_media":6711,"template":"","product_collection":[98],"product_type":[],"product_color":[78],"class_list":["post-15661","product","type-product","status-publish","has-post-thumbnail","hentry","product_collection-berti-studio-chene","product_color-rosso"],"_links":{"self":[{"href":"https:\/\/berti.net\/fr\/wp-json\/wp\/v2\/product\/15661","targetHints":{"allow":["GET"]}}],"collection":[{"href":"https:\/\/berti.net\/fr\/wp-json\/wp\/v2\/product"}],"about":[{"href":"https:\/\/berti.net\/fr\/wp-json\/wp\/v2\/types\/product"}],"author":[{"embeddable":true,"href":"https:\/\/berti.net\/fr\/wp-json\/wp\/v2\/users\/4"}],"wp:featuredmedia":[{"embeddable":true,"href":"https:\/\/berti.net\/fr\/wp-json\/wp\/v2\/media\/6711"}],"wp:attachment":[{"href":"https:\/\/berti.net\/fr\/wp-json\/wp\/v2\/media?parent=15661"}],"wp:term":[{"taxonomy":"product_collection","embeddable":true,"href":"https:\/\/berti.net\/fr\/wp-json\/wp\/v2\/product_collection?post=15661"},{"taxonomy":"product_type","embeddable":true,"href":"https:\/\/berti.net\/fr\/wp-json\/wp\/v2\/product_type?post=15661"},{"taxonomy":"product_color","embeddable":true,"href":"https:\/\/berti.net\/fr\/wp-json\/wp\/v2\/product_color?post=15661"}],"curies":[{"name":"wp","href":"https:\/\/api.w.org\/{rel}","templated":true}]}}

<div class="wp-block-group is-style-container has-global-padding is-content-justification-center is-layout-constrained wp-block-group-is-layout-constrained">
<div class="wp-block-group is-style-default has-global-padding is-content-justification-left is-layout-constrained wp-container-core-group-is-layout-a6931cc7 wp-block-group-is-layout-constrained" style="margin-top:var(--wp--preset--spacing--130);margin-bottom:var(--wp--preset--spacing--130)">
<p class="is-style-indent animated fadeIn has-m-22-font-size">Un travail qui met en valeur les connotations esthétiques de l&rsquo;essence de chêne, pour donner au parquet une <strong>saveur antique et artisanale.</strong> De plus, dans <strong>Iris</strong>, la spécificité d&rsquo;un bois précieux qui conserve toutes ses caractéristiques s&rsquo;associe à l&rsquo;élégance d&rsquo;un <strong>ton chaud de châtaignier</strong>, pour offrir une harmonie parfaite avec un goût d&rsquo;ameublement <strong>classique et harmonieux</strong>, <strong>aussi bien dans les styles traditionnels que modernes.</strong> </p>
</div>



<div class="wp-block-group alignfull animated fadeInUp has-global-padding is-layout-constrained wp-block-group-is-layout-constrained" style="margin-top:0;margin-bottom:0">
<figure data-wp-context="{&quot;imageId&quot;:&quot;69f0434281963&quot;}" data-wp-interactive="core/image" data-wp-key="69f0434281963" class="wp-block-image alignfull size-full is-style-default wp-lightbox-container"><img loading="lazy" decoding="async" width="1400" height="937" data-wp-class--hide="state.isContentHidden" data-wp-class--show="state.isContentVisible" data-wp-init="callbacks.setButtonStyles" data-wp-on--click="actions.showLightbox" data-wp-on--load="callbacks.setButtonStyles" data-wp-on-window--resize="callbacks.setButtonStyles" src="https://www.berti.net/wp-content/uploads/BertiStudio_rovere-iris_gallery_1.jpg" alt="" class="wp-image-13866" srcset="https://berti.net/wp-content/uploads/BertiStudio_rovere-iris_gallery_1.jpg 1400w, https://berti.net/wp-content/uploads/BertiStudio_rovere-iris_gallery_1-812x543.jpg 812w, https://berti.net/wp-content/uploads/BertiStudio_rovere-iris_gallery_1-768x514.jpg 768w" sizes="auto, (max-width: 1400px) 100vw, 1400px" /><button
			class="lightbox-trigger"
			type="button"
			aria-haspopup="dialog"
			aria-label="Agrandir"
			data-wp-init="callbacks.initTriggerButton"
			data-wp-on--click="actions.showLightbox"
			data-wp-style--right="state.imageButtonRight"
			data-wp-style--top="state.imageButtonTop"
		>
			<svg xmlns="http://www.w3.org/2000/svg" width="12" height="12" fill="none" viewBox="0 0 12 12">
				<path fill="#fff" d="M2 0a2 2 0 0 0-2 2v2h1.5V2a.5.5 0 0 1 .5-.5h2V0H2Zm2 10.5H2a.5.5 0 0 1-.5-.5V8H0v2a2 2 0 0 0 2 2h2v-1.5ZM8 12v-1.5h2a.5.5 0 0 0 .5-.5V8H12v2a2 2 0 0 1-2 2H8Zm2-12a2 2 0 0 1 2 2v2h-1.5V2a.5.5 0 0 0-.5-.5H8V0h2Z" />
			</svg>
		</button><figcaption class="wp-element-caption">MAR.SPAZZ.RÂPE NORMALE-PLANÉE 001</figcaption></figure>
</div>
</div>

<p>Un travail qui met en valeur les connotations esthétiques de l&rsquo;essence de chêne, pour donner au parquet une saveur antique et artisanale. De plus, dans Iris, la spécificité d&rsquo;un bois précieux qui conserve toutes ses caractéristiques s&rsquo;associe à l&rsquo;élégance d&rsquo;un ton chaud de châtaignier, pour offrir une harmonie parfaite avec un goût d&rsquo;ameublement classique et harmonieux, aussi bien dans les [&hellip;]</p>
