{"id":15658,"date":"2024-09-20T15:21:42","date_gmt":"2024-09-20T15:21:42","guid":{"rendered":"https:\/\/www.berti.net\/product\/chene-gris-ombre\/"},"modified":"2025-10-24T09:04:46","modified_gmt":"2025-10-24T09:04:46","slug":"chene-gris-ombre","status":"publish","type":"product","link":"https:\/\/berti.net\/fr\/parquet\/parquet-diesel-living\/chene-gris-ombre\/","title":{"rendered":"Ch\u00eane Grey Shadow"},"content":{"rendered":"\n<div class=\"wp-block-group is-style-container has-global-padding is-content-justification-center is-layout-constrained wp-block-group-is-layout-constrained\">\n<div class=\"wp-block-group is-style-default has-global-padding is-content-justification-left is-layout-constrained wp-container-core-group-is-layout-a6931cc7 wp-block-group-is-layout-constrained\" style=\"margin-top:var(--wp--preset--spacing--130);margin-bottom:var(--wp--preset--spacing--130)\">\n<p class=\"is-style-indent animated fadeIn has-m-22-font-size\">Un <strong>parquet clair<\/strong> qui se d\u00e9cline en un d\u00e9grad\u00e9 de palettes aux teintes douces, du ch\u00eane gris glac\u00e9 au sable, dans une palette de couleurs globale qui sait allier les notes chaudes et froides avec \u00e9l\u00e9gance et style.  <\/p>\n\n\n\n<p class=\"is-style-indent animated fadeIn has-m-22-font-size\">De la m\u00eame mani\u00e8re, les planches de bois qui composent ce sol peuvent cr\u00e9er des <strong>jeux de perspective et de composition<\/strong> diff\u00e9rents qui conf\u00e8rent un caract\u00e8re unique et du mouvement \u00e0 la pi\u00e8ce.  <\/p>\n\n\n\n<p class=\"is-style-indent animated fadeIn has-m-22-font-size\"><strong>Grey Shadow<\/strong> En effet, elle r\u00e9pond parfaitement au choix d&rsquo;un parquet en bois clair, <strong>lumineux et enveloppant<\/strong>, aussi <strong>raffin\u00e9<\/strong> qu&rsquo;<strong>original<\/strong> et <strong>percutant<\/strong>. Une finition con\u00e7ue pour am\u00e9nager des int\u00e9rieurs o\u00f9 les tons clairs et ombrag\u00e9s et les combinaisons \u00e9quilibr\u00e9es de textures contrast\u00e9es donnent de la valeur \u00e0 un <strong>design \u00e0 vocation contemporaine<\/strong>. <\/p>\n<\/div>\n\n\n\n<div class=\"wp-block-group alignfull has-global-padding is-layout-constrained wp-block-group-is-layout-constrained\" style=\"margin-top:0;margin-bottom:0\">\n<figure data-wp-context=\"{&quot;imageId&quot;:&quot;69f073688feb7&quot;}\" data-wp-interactive=\"core\/image\" data-wp-key=\"69f073688feb7\" class=\"wp-block-image aligncenter size-full is-style-default wp-lightbox-container\"><img loading=\"lazy\" decoding=\"async\" width=\"653\" height=\"871\" data-wp-class--hide=\"state.isContentHidden\" data-wp-class--show=\"state.isContentVisible\" data-wp-init=\"callbacks.setButtonStyles\" data-wp-on--click=\"actions.showLightbox\" data-wp-on--load=\"callbacks.setButtonStyles\" data-wp-on-window--resize=\"callbacks.setButtonStyles\" src=\"https:\/\/www.berti.net\/wp-content\/uploads\/2024\/09\/parquet-grigio-chiaro-berti-grey-shadow-diesel.jpg\" alt=\"\" class=\"wp-image-6942\" srcset=\"https:\/\/berti.net\/wp-content\/uploads\/2024\/09\/parquet-grigio-chiaro-berti-grey-shadow-diesel.jpg 653w, https:\/\/berti.net\/wp-content\/uploads\/2024\/09\/parquet-grigio-chiaro-berti-grey-shadow-diesel-225x300.jpg 225w\" sizes=\"auto, (max-width: 653px) 100vw, 653px\" \/><button\n\t\t\tclass=\"lightbox-trigger\"\n\t\t\ttype=\"button\"\n\t\t\taria-haspopup=\"dialog\"\n\t\t\taria-label=\"Agrandir\"\n\t\t\tdata-wp-init=\"callbacks.initTriggerButton\"\n\t\t\tdata-wp-on--click=\"actions.showLightbox\"\n\t\t\tdata-wp-style--right=\"state.imageButtonRight\"\n\t\t\tdata-wp-style--top=\"state.imageButtonTop\"\n\t\t>\n\t\t\t<svg xmlns=\"http:\/\/www.w3.org\/2000\/svg\" width=\"12\" height=\"12\" fill=\"none\" viewBox=\"0 0 12 12\">\n\t\t\t\t<path fill=\"#fff\" d=\"M2 0a2 2 0 0 0-2 2v2h1.5V2a.5.5 0 0 1 .5-.5h2V0H2Zm2 10.5H2a.5.5 0 0 1-.5-.5V8H0v2a2 2 0 0 0 2 2h2v-1.5ZM8 12v-1.5h2a.5.5 0 0 0 .5-.5V8H12v2a2 2 0 0 1-2 2H8Zm2-12a2 2 0 0 1 2 2v2h-1.5V2a.5.5 0 0 0-.5-.5H8V0h2Z\" \/>\n\t\t\t<\/svg>\n\t\t<\/button><\/figure>\n\n\n\n<div style=\"height:60px\" aria-hidden=\"true\" class=\"wp-block-spacer\"><\/div>\n<\/div>\n<\/div>\n","protected":false},"excerpt":{"rendered":"<p>Un parquet clair qui se d\u00e9cline en un d\u00e9grad\u00e9 de palettes aux teintes douces, du ch\u00eane gris glac\u00e9 au sable, dans une palette de couleurs globale qui sait allier les notes chaudes et froides avec \u00e9l\u00e9gance et style. De la m\u00eame mani\u00e8re, les planches de bois qui composent ce sol peuvent cr\u00e9er des jeux de perspective et de composition diff\u00e9rents [&hellip;]<\/p>\n","protected":false},"author":2,"featured_media":6862,"template":"","product_collection":[96],"product_type":[],"product_color":[75,77],"class_list":["post-15658","product","type-product","status-publish","has-post-thumbnail","hentry","product_collection-parquet-diesel-living","product_color-chiaro","product_color-grigio"],"_links":{"self":[{"href":"https:\/\/berti.net\/fr\/wp-json\/wp\/v2\/product\/15658","targetHints":{"allow":["GET"]}}],"collection":[{"href":"https:\/\/berti.net\/fr\/wp-json\/wp\/v2\/product"}],"about":[{"href":"https:\/\/berti.net\/fr\/wp-json\/wp\/v2\/types\/product"}],"author":[{"embeddable":true,"href":"https:\/\/berti.net\/fr\/wp-json\/wp\/v2\/users\/2"}],"wp:featuredmedia":[{"embeddable":true,"href":"https:\/\/berti.net\/fr\/wp-json\/wp\/v2\/media\/6862"}],"wp:attachment":[{"href":"https:\/\/berti.net\/fr\/wp-json\/wp\/v2\/media?parent=15658"}],"wp:term":[{"taxonomy":"product_collection","embeddable":true,"href":"https:\/\/berti.net\/fr\/wp-json\/wp\/v2\/product_collection?post=15658"},{"taxonomy":"product_type","embeddable":true,"href":"https:\/\/berti.net\/fr\/wp-json\/wp\/v2\/product_type?post=15658"},{"taxonomy":"product_color","embeddable":true,"href":"https:\/\/berti.net\/fr\/wp-json\/wp\/v2\/product_color?post=15658"}],"curies":[{"name":"wp","href":"https:\/\/api.w.org\/{rel}","templated":true}]}}

Chêne Grey Shadow

<div class="wp-block-group is-style-container has-global-padding is-content-justification-center is-layout-constrained wp-block-group-is-layout-constrained">
<div class="wp-block-group is-style-default has-global-padding is-content-justification-left is-layout-constrained wp-container-core-group-is-layout-a6931cc7 wp-block-group-is-layout-constrained" style="margin-top:var(--wp--preset--spacing--130);margin-bottom:var(--wp--preset--spacing--130)">
<p class="is-style-indent animated fadeIn has-m-22-font-size">Un <strong>parquet clair</strong> qui se décline en un dégradé de palettes aux teintes douces, du chêne gris glacé au sable, dans une palette de couleurs globale qui sait allier les notes chaudes et froides avec élégance et style.  </p>



<p class="is-style-indent animated fadeIn has-m-22-font-size">De la même manière, les planches de bois qui composent ce sol peuvent créer des <strong>jeux de perspective et de composition</strong> différents qui confèrent un caractère unique et du mouvement à la pièce.  </p>



<p class="is-style-indent animated fadeIn has-m-22-font-size"><strong>Grey Shadow</strong> En effet, elle répond parfaitement au choix d&rsquo;un parquet en bois clair, <strong>lumineux et enveloppant</strong>, aussi <strong>raffiné</strong> qu&rsquo;<strong>original</strong> et <strong>percutant</strong>. Une finition conçue pour aménager des intérieurs où les tons clairs et ombragés et les combinaisons équilibrées de textures contrastées donnent de la valeur à un <strong>design à vocation contemporaine</strong>. </p>
</div>



<div class="wp-block-group alignfull has-global-padding is-layout-constrained wp-block-group-is-layout-constrained" style="margin-top:0;margin-bottom:0">
<figure data-wp-context="{&quot;imageId&quot;:&quot;69f073688feb7&quot;}" data-wp-interactive="core/image" data-wp-key="69f073688feb7" class="wp-block-image aligncenter size-full is-style-default wp-lightbox-container"><img loading="lazy" decoding="async" width="653" height="871" data-wp-class--hide="state.isContentHidden" data-wp-class--show="state.isContentVisible" data-wp-init="callbacks.setButtonStyles" data-wp-on--click="actions.showLightbox" data-wp-on--load="callbacks.setButtonStyles" data-wp-on-window--resize="callbacks.setButtonStyles" src="https://www.berti.net/wp-content/uploads/2024/09/parquet-grigio-chiaro-berti-grey-shadow-diesel.jpg" alt="" class="wp-image-6942" srcset="https://berti.net/wp-content/uploads/2024/09/parquet-grigio-chiaro-berti-grey-shadow-diesel.jpg 653w, https://berti.net/wp-content/uploads/2024/09/parquet-grigio-chiaro-berti-grey-shadow-diesel-225x300.jpg 225w" sizes="auto, (max-width: 653px) 100vw, 653px" /><button
			class="lightbox-trigger"
			type="button"
			aria-haspopup="dialog"
			aria-label="Agrandir"
			data-wp-init="callbacks.initTriggerButton"
			data-wp-on--click="actions.showLightbox"
			data-wp-style--right="state.imageButtonRight"
			data-wp-style--top="state.imageButtonTop"
		>
			<svg xmlns="http://www.w3.org/2000/svg" width="12" height="12" fill="none" viewBox="0 0 12 12">
				<path fill="#fff" d="M2 0a2 2 0 0 0-2 2v2h1.5V2a.5.5 0 0 1 .5-.5h2V0H2Zm2 10.5H2a.5.5 0 0 1-.5-.5V8H0v2a2 2 0 0 0 2 2h2v-1.5ZM8 12v-1.5h2a.5.5 0 0 0 .5-.5V8H12v2a2 2 0 0 1-2 2H8Zm2-12a2 2 0 0 1 2 2v2h-1.5V2a.5.5 0 0 0-.5-.5H8V0h2Z" />
			</svg>
		</button></figure>



<div style="height:60px" aria-hidden="true" class="wp-block-spacer"></div>
</div>
</div>

<p>Un parquet clair qui se décline en un dégradé de palettes aux teintes douces, du chêne gris glacé au sable, dans une palette de couleurs globale qui sait allier les notes chaudes et froides avec élégance et style. De la même manière, les planches de bois qui composent ce sol peuvent créer des jeux de perspective et de composition différents [&hellip;]</p>
