{"id":15587,"date":"2024-10-16T10:06:09","date_gmt":"2024-10-16T10:06:09","guid":{"rendered":"https:\/\/www.berti.net\/product\/chene-indigene\/"},"modified":"2025-10-24T09:31:28","modified_gmt":"2025-10-24T09:31:28","slug":"chene-indigene","status":"publish","type":"product","link":"https:\/\/berti.net\/fr\/parquet\/parquet-diesel-living\/chene-indigene\/","title":{"rendered":"Ch\u00eane Native"},"content":{"rendered":"\n<div class=\"wp-block-group is-style-container has-global-padding is-content-justification-center is-layout-constrained wp-block-group-is-layout-constrained\">\n<div class=\"wp-block-group is-style-default has-global-padding is-content-justification-left is-layout-constrained wp-container-core-group-is-layout-a6931cc7 wp-block-group-is-layout-constrained\" style=\"margin-top:var(--wp--preset--spacing--130);margin-bottom:var(--wp--preset--spacing--130)\">\n<p class=\"is-style-indent animated fadeIn has-m-22-font-size\">Les grains de bois composent la texture de la surface sans att\u00e9nuer l&rsquo;intensit\u00e9 de la couleur, qui apporte une <strong>signature stylistique expressive et impressionnante<\/strong>, rendue encore plus significative par la qualit\u00e9 de la finition du parquet verni.  <\/p>\n\n\n\n<p class=\"is-style-indent animated fadeIn has-m-22-font-size\"><strong>Native<\/strong> est en fait un choix de parquet fonc\u00e9 qui retrace la nature intacte de la terre dans une tonalit\u00e9 d&rsquo;\u00e9l\u00e9gance classique-contemporaine, pour composer des int\u00e9rieurs raffin\u00e9s d\u00e9di\u00e9s \u00e0 la beaut\u00e9 et \u00e0 la classe.<\/p>\n<\/div>\n\n\n\n<div class=\"wp-block-group alignfull has-global-padding is-layout-constrained wp-block-group-is-layout-constrained\" style=\"margin-top:0;margin-bottom:0\">\n<figure data-wp-context=\"{&quot;imageId&quot;:&quot;69eff96ede19b&quot;}\" data-wp-interactive=\"core\/image\" data-wp-key=\"69eff96ede19b\" class=\"wp-block-image aligncenter size-full is-style-default wp-lightbox-container\"><img loading=\"lazy\" decoding=\"async\" width=\"653\" height=\"871\" data-wp-class--hide=\"state.isContentHidden\" data-wp-class--show=\"state.isContentVisible\" data-wp-init=\"callbacks.setButtonStyles\" data-wp-on--click=\"actions.showLightbox\" data-wp-on--load=\"callbacks.setButtonStyles\" data-wp-on-window--resize=\"callbacks.setButtonStyles\" src=\"https:\/\/www.berti.net\/wp-content\/uploads\/2024\/10\/parquet-scuro-prefinito-berti-diesel.jpg\" alt=\"\" class=\"wp-image-7264\" srcset=\"https:\/\/berti.net\/wp-content\/uploads\/2024\/10\/parquet-scuro-prefinito-berti-diesel.jpg 653w, https:\/\/berti.net\/wp-content\/uploads\/2024\/10\/parquet-scuro-prefinito-berti-diesel-225x300.jpg 225w\" sizes=\"auto, (max-width: 653px) 100vw, 653px\" \/><button\n\t\t\tclass=\"lightbox-trigger\"\n\t\t\ttype=\"button\"\n\t\t\taria-haspopup=\"dialog\"\n\t\t\taria-label=\"Agrandir\"\n\t\t\tdata-wp-init=\"callbacks.initTriggerButton\"\n\t\t\tdata-wp-on--click=\"actions.showLightbox\"\n\t\t\tdata-wp-style--right=\"state.imageButtonRight\"\n\t\t\tdata-wp-style--top=\"state.imageButtonTop\"\n\t\t>\n\t\t\t<svg xmlns=\"http:\/\/www.w3.org\/2000\/svg\" width=\"12\" height=\"12\" fill=\"none\" viewBox=\"0 0 12 12\">\n\t\t\t\t<path fill=\"#fff\" d=\"M2 0a2 2 0 0 0-2 2v2h1.5V2a.5.5 0 0 1 .5-.5h2V0H2Zm2 10.5H2a.5.5 0 0 1-.5-.5V8H0v2a2 2 0 0 0 2 2h2v-1.5ZM8 12v-1.5h2a.5.5 0 0 0 .5-.5V8H12v2a2 2 0 0 1-2 2H8Zm2-12a2 2 0 0 1 2 2v2h-1.5V2a.5.5 0 0 0-.5-.5H8V0h2Z\" \/>\n\t\t\t<\/svg>\n\t\t<\/button><\/figure>\n<\/div>\n\n\n\n<div style=\"height:100px\" aria-hidden=\"true\" class=\"wp-block-spacer\"><\/div>\n<\/div>\n","protected":false},"excerpt":{"rendered":"<p>Les grains de bois composent la texture de la surface sans att\u00e9nuer l&rsquo;intensit\u00e9 de la couleur, qui apporte une signature stylistique expressive et impressionnante, rendue encore plus significative par la qualit\u00e9 de la finition du parquet verni. Native est en fait un choix de parquet fonc\u00e9 qui retrace la nature intacte de la terre dans une tonalit\u00e9 d&rsquo;\u00e9l\u00e9gance classique-contemporaine, pour [&hellip;]<\/p>\n","protected":false},"author":2,"featured_media":7209,"template":"","product_collection":[96],"product_type":[],"product_color":[76],"class_list":["post-15587","product","type-product","status-publish","has-post-thumbnail","hentry","product_collection-parquet-diesel-living","product_color-scuro"],"_links":{"self":[{"href":"https:\/\/berti.net\/fr\/wp-json\/wp\/v2\/product\/15587","targetHints":{"allow":["GET"]}}],"collection":[{"href":"https:\/\/berti.net\/fr\/wp-json\/wp\/v2\/product"}],"about":[{"href":"https:\/\/berti.net\/fr\/wp-json\/wp\/v2\/types\/product"}],"author":[{"embeddable":true,"href":"https:\/\/berti.net\/fr\/wp-json\/wp\/v2\/users\/2"}],"wp:featuredmedia":[{"embeddable":true,"href":"https:\/\/berti.net\/fr\/wp-json\/wp\/v2\/media\/7209"}],"wp:attachment":[{"href":"https:\/\/berti.net\/fr\/wp-json\/wp\/v2\/media?parent=15587"}],"wp:term":[{"taxonomy":"product_collection","embeddable":true,"href":"https:\/\/berti.net\/fr\/wp-json\/wp\/v2\/product_collection?post=15587"},{"taxonomy":"product_type","embeddable":true,"href":"https:\/\/berti.net\/fr\/wp-json\/wp\/v2\/product_type?post=15587"},{"taxonomy":"product_color","embeddable":true,"href":"https:\/\/berti.net\/fr\/wp-json\/wp\/v2\/product_color?post=15587"}],"curies":[{"name":"wp","href":"https:\/\/api.w.org\/{rel}","templated":true}]}}

Chêne Native

<div class="wp-block-group is-style-container has-global-padding is-content-justification-center is-layout-constrained wp-block-group-is-layout-constrained">
<div class="wp-block-group is-style-default has-global-padding is-content-justification-left is-layout-constrained wp-container-core-group-is-layout-a6931cc7 wp-block-group-is-layout-constrained" style="margin-top:var(--wp--preset--spacing--130);margin-bottom:var(--wp--preset--spacing--130)">
<p class="is-style-indent animated fadeIn has-m-22-font-size">Les grains de bois composent la texture de la surface sans atténuer l&rsquo;intensité de la couleur, qui apporte une <strong>signature stylistique expressive et impressionnante</strong>, rendue encore plus significative par la qualité de la finition du parquet verni.  </p>



<p class="is-style-indent animated fadeIn has-m-22-font-size"><strong>Native</strong> est en fait un choix de parquet foncé qui retrace la nature intacte de la terre dans une tonalité d&rsquo;élégance classique-contemporaine, pour composer des intérieurs raffinés dédiés à la beauté et à la classe.</p>
</div>



<div class="wp-block-group alignfull has-global-padding is-layout-constrained wp-block-group-is-layout-constrained" style="margin-top:0;margin-bottom:0">
<figure data-wp-context="{&quot;imageId&quot;:&quot;69eff96ede19b&quot;}" data-wp-interactive="core/image" data-wp-key="69eff96ede19b" class="wp-block-image aligncenter size-full is-style-default wp-lightbox-container"><img loading="lazy" decoding="async" width="653" height="871" data-wp-class--hide="state.isContentHidden" data-wp-class--show="state.isContentVisible" data-wp-init="callbacks.setButtonStyles" data-wp-on--click="actions.showLightbox" data-wp-on--load="callbacks.setButtonStyles" data-wp-on-window--resize="callbacks.setButtonStyles" src="https://www.berti.net/wp-content/uploads/2024/10/parquet-scuro-prefinito-berti-diesel.jpg" alt="" class="wp-image-7264" srcset="https://berti.net/wp-content/uploads/2024/10/parquet-scuro-prefinito-berti-diesel.jpg 653w, https://berti.net/wp-content/uploads/2024/10/parquet-scuro-prefinito-berti-diesel-225x300.jpg 225w" sizes="auto, (max-width: 653px) 100vw, 653px" /><button
			class="lightbox-trigger"
			type="button"
			aria-haspopup="dialog"
			aria-label="Agrandir"
			data-wp-init="callbacks.initTriggerButton"
			data-wp-on--click="actions.showLightbox"
			data-wp-style--right="state.imageButtonRight"
			data-wp-style--top="state.imageButtonTop"
		>
			<svg xmlns="http://www.w3.org/2000/svg" width="12" height="12" fill="none" viewBox="0 0 12 12">
				<path fill="#fff" d="M2 0a2 2 0 0 0-2 2v2h1.5V2a.5.5 0 0 1 .5-.5h2V0H2Zm2 10.5H2a.5.5 0 0 1-.5-.5V8H0v2a2 2 0 0 0 2 2h2v-1.5ZM8 12v-1.5h2a.5.5 0 0 0 .5-.5V8H12v2a2 2 0 0 1-2 2H8Zm2-12a2 2 0 0 1 2 2v2h-1.5V2a.5.5 0 0 0-.5-.5H8V0h2Z" />
			</svg>
		</button></figure>
</div>



<div style="height:100px" aria-hidden="true" class="wp-block-spacer"></div>
</div>

<p>Les grains de bois composent la texture de la surface sans atténuer l&rsquo;intensité de la couleur, qui apporte une signature stylistique expressive et impressionnante, rendue encore plus significative par la qualité de la finition du parquet verni. Native est en fait un choix de parquet foncé qui retrace la nature intacte de la terre dans une tonalité d&rsquo;élégance classique-contemporaine, pour [&hellip;]</p>
