{"id":15082,"date":"2024-09-20T12:55:13","date_gmt":"2024-09-20T12:55:13","guid":{"rendered":"https:\/\/www.berti.net\/classes-daspect-des-parquets\/"},"modified":"2025-05-16T09:54:25","modified_gmt":"2025-05-16T09:54:25","slug":"classes-daspect-des-parquets","status":"publish","type":"page","link":"https:\/\/berti.net\/fr\/classes-daspect-des-parquets\/","title":{"rendered":"Classes d&rsquo;aspect des parquets"},"content":{"rendered":"\n<div class=\"wp-block-group alignfull hero-title-slider-pattern animated fadeInUp has-global-padding is-layout-constrained wp-block-group-is-layout-constrained\">\n<div class=\"wp-block-group banner-hero-content has-global-padding is-layout-constrained wp-container-core-group-is-layout-09a7d114 wp-block-group-is-layout-constrained\" style=\"margin-top:var(--wp--preset--spacing--70);margin-bottom:var(--wp--preset--spacing--30)\">\n<div class=\"wp-block-group is-style-container has-global-padding is-layout-constrained wp-container-core-group-is-layout-6b7bba85 wp-block-group-is-layout-constrained\">\n<h1 class=\"wp-block-heading has-text-align-center has-xxl-font-size\" style=\"margin-bottom:var(--wp--preset--spacing--50);letter-spacing:0px;line-height:1\">Types de parquet :<br\/>guide des classes d&rsquo;aspect<\/h1>\n\n\n\n<h5 class=\"wp-block-heading has-text-align-center has-m-32-font-size\">Qu&rsquo;entend-on par <em>\u00a0\u00bbclasses d&rsquo;aspect\u00a0\u00bb<\/em> du bois ?<\/h5>\n\n\n\n<p class=\"has-text-align-center has-m-font-size\">Tous les types de parquet disponibles pr\u00e9sentent des caract\u00e9ristiques uniques en termes de performances esth\u00e9tiques. La norme internationale UNI EN 13489:2018 r\u00e9glemente et classifie le choix des \u00e9l\u00e9ments en bois en fonction de leur aspect (comme la pr\u00e9sence de veines et de n\u0153uds dans le bois), en les distinguant en 3 cat\u00e9gories, chacune marqu\u00e9e par un symbole g\u00e9om\u00e9trique :   <strong>Cercle : choix extra, Triangle : choix nature, Carr\u00e9 : choix rustique. Comment choisir le bon parquet ? <\/strong><\/p>\n<\/div>\n<\/div>\n<\/div>\n\n<div class=\"wp-block-group alignwide animated fadeIn has-global-padding is-layout-constrained wp-container-core-group-is-layout-475f6704 wp-block-group-is-layout-constrained\" style=\"margin-top:var(--wp--preset--spacing--100);margin-bottom:var(--wp--preset--spacing--50);padding-right:16px;padding-left:16px\">\n<figure class=\"wp-block-image size-large\"><img loading=\"lazy\" decoding=\"async\" width=\"1024\" height=\"574\" src=\"https:\/\/www.berti.net\/wp-content\/uploads\/2024\/09\/parquet-rovere-berti-extra-1024x574.jpg\" alt=\"\" class=\"wp-image-648\" srcset=\"https:\/\/berti.net\/wp-content\/uploads\/2024\/09\/parquet-rovere-berti-extra-1024x574.jpg 1024w, https:\/\/berti.net\/wp-content\/uploads\/2024\/09\/parquet-rovere-berti-extra-300x168.jpg 300w, https:\/\/berti.net\/wp-content\/uploads\/2024\/09\/parquet-rovere-berti-extra-768x430.jpg 768w, https:\/\/berti.net\/wp-content\/uploads\/2024\/09\/parquet-rovere-berti-extra-1536x860.jpg 1536w, https:\/\/berti.net\/wp-content\/uploads\/2024\/09\/parquet-rovere-berti-extra-2048x1147.jpg 2048w\" sizes=\"auto, (max-width: 1024px) 100vw, 1024px\" \/><\/figure>\n<\/div>\n\n<div class=\"wp-block-group title-text-indented-pattern animated fadeIn has-global-padding is-layout-constrained wp-container-core-group-is-layout-a31aa551 wp-block-group-is-layout-constrained\">\n<div class=\"wp-block-group has-global-padding is-layout-constrained wp-container-core-group-is-layout-6dea37ad wp-block-group-is-layout-constrained\">\n<h2 class=\"wp-block-heading has-text-color\" id=\"parquet-extra\" style=\"color:#000000;margin-bottom:var(--wp--preset--spacing--20)\">Parquet Extra : Choix du cercle<\/h2>\n\n\n\n<p class=\"has-m-22-font-size\"><strong>Extra Choice<\/strong> est \u00e9galement connu sous le nom commun de<strong>\u00a0\u00bbrigatino<\/strong>\u00a0\u00bb ou<strong>\u00a0\u00bbparquet de premier choix<\/strong>\u00a0\u00bb. La fibre du bois est orient\u00e9e et ne peut pr\u00e9senter que de petits n\u0153uds sains de moins de 3 mm, peut pr\u00e9senter une l\u00e9g\u00e8re d\u00e9coloration et l&rsquo;aubier (la partie la plus tendre et la plus claire du tronc) n&rsquo;est pas autoris\u00e9. <\/p>\n\n\n\n<p class=\"has-m-22-font-size\">Le parquet aura un grain de bois r\u00e9gulier, de petits n\u0153uds sains occasionnels, appel\u00e9s yeux de perdrix, et des planches sans aubier (la partie la plus tendre et la plus l\u00e9g\u00e8re du tronc).<\/p>\n<\/div>\n<\/div>\n\n<div class=\"wp-block-group alignwide animated fadeIn has-global-padding is-layout-constrained wp-container-core-group-is-layout-475f6704 wp-block-group-is-layout-constrained\" style=\"margin-top:var(--wp--preset--spacing--100);margin-bottom:var(--wp--preset--spacing--50);padding-right:16px;padding-left:16px\">\n<figure class=\"wp-block-image size-large\"><img loading=\"lazy\" decoding=\"async\" width=\"1024\" height=\"574\" src=\"https:\/\/www.berti.net\/wp-content\/uploads\/2024\/09\/parquet-rovere-berti-natura-1024x574.jpg\" alt=\"\" class=\"wp-image-649\" srcset=\"https:\/\/berti.net\/wp-content\/uploads\/2024\/09\/parquet-rovere-berti-natura-1024x574.jpg 1024w, https:\/\/berti.net\/wp-content\/uploads\/2024\/09\/parquet-rovere-berti-natura-300x168.jpg 300w, https:\/\/berti.net\/wp-content\/uploads\/2024\/09\/parquet-rovere-berti-natura-768x430.jpg 768w, https:\/\/berti.net\/wp-content\/uploads\/2024\/09\/parquet-rovere-berti-natura-1536x860.jpg 1536w, https:\/\/berti.net\/wp-content\/uploads\/2024\/09\/parquet-rovere-berti-natura-2048x1147.jpg 2048w\" sizes=\"auto, (max-width: 1024px) 100vw, 1024px\" \/><\/figure>\n<\/div>\n\n<div class=\"wp-block-group title-text-indented-pattern animated fadeIn has-global-padding is-layout-constrained wp-container-core-group-is-layout-a31aa551 wp-block-group-is-layout-constrained\">\n<div class=\"wp-block-group has-global-padding is-layout-constrained wp-container-core-group-is-layout-6dea37ad wp-block-group-is-layout-constrained\">\n<h2 class=\"wp-block-heading has-text-color\" id=\"parquet-natura\" style=\"color:#000000;margin-bottom:var(--wp--preset--spacing--20)\">Parquet Natura : Choix du triangle<\/h2>\n\n\n\n<p class=\"has-m-22-font-size\">Dans <strong>Scelta Natura<\/strong>, les n\u0153uds et les stries du bois, bien que limit\u00e9s en taille et en quantit\u00e9, soulignent le caract\u00e8re naturel et organique du bois.<br\/>Ces types de parquet, \u00e9galement connus sous le nom de<strong>\u00a0\u00bbparquet flamm\u00e9<\/strong>\u00a0\u00bb, pr\u00e9sentent de l\u00e9g\u00e8res variations de couleur avec des grains r\u00e9guliers, des d\u00e9viations possibles, des n\u0153uds sains de petite taille (jusqu&rsquo;\u00e0 huit millim\u00e8tres de diam\u00e8tre) et de l&rsquo;aubier.<\/p>\n\n\n\n<p class=\"has-m-22-font-size\">Ce type de parquet est un excellent choix pour tous ceux qui souhaitent que le sol ait un aspect tr\u00e8s naturel.<\/p>\n<\/div>\n<\/div>\n\n<div class=\"wp-block-group alignwide animated fadeIn has-global-padding is-layout-constrained wp-container-core-group-is-layout-475f6704 wp-block-group-is-layout-constrained\" style=\"margin-top:var(--wp--preset--spacing--100);margin-bottom:var(--wp--preset--spacing--50);padding-right:16px;padding-left:16px\">\n<figure class=\"wp-block-image size-large\"><img loading=\"lazy\" decoding=\"async\" width=\"1024\" height=\"574\" src=\"https:\/\/www.berti.net\/wp-content\/uploads\/2024\/09\/parquet-rovere-berti-rustica-1024x574.jpg\" alt=\"\" class=\"wp-image-650\" srcset=\"https:\/\/berti.net\/wp-content\/uploads\/2024\/09\/parquet-rovere-berti-rustica-1024x574.jpg 1024w, https:\/\/berti.net\/wp-content\/uploads\/2024\/09\/parquet-rovere-berti-rustica-300x168.jpg 300w, https:\/\/berti.net\/wp-content\/uploads\/2024\/09\/parquet-rovere-berti-rustica-768x430.jpg 768w, https:\/\/berti.net\/wp-content\/uploads\/2024\/09\/parquet-rovere-berti-rustica-1536x860.jpg 1536w, https:\/\/berti.net\/wp-content\/uploads\/2024\/09\/parquet-rovere-berti-rustica-2048x1147.jpg 2048w\" sizes=\"auto, (max-width: 1024px) 100vw, 1024px\" \/><\/figure>\n<\/div>\n\n<div class=\"wp-block-group title-text-indented-pattern animated fadeIn has-global-padding is-layout-constrained wp-container-core-group-is-layout-a31aa551 wp-block-group-is-layout-constrained\">\n<div class=\"wp-block-group has-global-padding is-layout-constrained wp-container-core-group-is-layout-6dea37ad wp-block-group-is-layout-constrained\">\n<h2 class=\"wp-block-heading has-text-color\" id=\"parquet-rustica\" style=\"color:#000000;margin-bottom:var(--wp--preset--spacing--20)\">Parquet rustique : S\u00e9lection de carr\u00e9s<\/h2>\n\n\n\n<p class=\"has-m-22-font-size\">Fissures, n\u0153uds et stries accentu\u00e9es sans limite de taille sp\u00e9cifique : il s&rsquo;agit du <strong>Choix<\/strong> <strong>Rustique<\/strong> repr\u00e9sent\u00e9 par le <strong>carr\u00e9 <\/strong>. En fonction du type de bois, cette classe d&rsquo;aspect tol\u00e8re davantage toutes les \u00a0\u00bbimperfections\u00a0\u00bb qui sont en fait de v\u00e9ritables caract\u00e9ristiques esth\u00e9tiques : une abondance de n\u0153uds (remplis ou non), de veines min\u00e9rales et de stries.<\/p>\n\n\n\n<p class=\"has-m-22-font-size\">Ces sols sont un excellent choix lorsque vous recherchez un aspect naturel et vivant. Un choix plus appropri\u00e9 pour les produits pr\u00e9finis. <\/p>\n<\/div>\n<\/div>\n\n<div style=\"height:var(--wp--preset--spacing--100)\" aria-hidden=\"true\" class=\"wp-block-spacer\"><\/div>\n","protected":false},"excerpt":{"rendered":"<p>Types de parquet :guide des classes d&rsquo;aspect Qu&rsquo;entend-on par \u00a0\u00bbclasses d&rsquo;aspect\u00a0\u00bb du bois ? Tous les types de parquet disponibles pr\u00e9sentent des caract\u00e9ristiques uniques en termes de performances esth\u00e9tiques. La norme internationale UNI EN 13489:2018 r\u00e9glemente et classifie le choix des \u00e9l\u00e9ments en bois en fonction de leur aspect (comme la pr\u00e9sence de veines et de n\u0153uds dans le bois), [&hellip;]<\/p>\n","protected":false},"author":2,"featured_media":0,"parent":0,"menu_order":0,"comment_status":"closed","ping_status":"closed","template":"","meta":{"footnotes":""},"class_list":["post-15082","page","type-page","status-publish","hentry"],"_links":{"self":[{"href":"https:\/\/berti.net\/fr\/wp-json\/wp\/v2\/pages\/15082","targetHints":{"allow":["GET"]}}],"collection":[{"href":"https:\/\/berti.net\/fr\/wp-json\/wp\/v2\/pages"}],"about":[{"href":"https:\/\/berti.net\/fr\/wp-json\/wp\/v2\/types\/page"}],"author":[{"embeddable":true,"href":"https:\/\/berti.net\/fr\/wp-json\/wp\/v2\/users\/2"}],"replies":[{"embeddable":true,"href":"https:\/\/berti.net\/fr\/wp-json\/wp\/v2\/comments?post=15082"}],"version-history":[{"count":1,"href":"https:\/\/berti.net\/fr\/wp-json\/wp\/v2\/pages\/15082\/revisions"}],"predecessor-version":[{"id":15084,"href":"https:\/\/berti.net\/fr\/wp-json\/wp\/v2\/pages\/15082\/revisions\/15084"}],"wp:attachment":[{"href":"https:\/\/berti.net\/fr\/wp-json\/wp\/v2\/media?parent=15082"}],"curies":[{"name":"wp","href":"https:\/\/api.w.org\/{rel}","templated":true}]}}

<div class="wp-block-group alignfull hero-title-slider-pattern animated fadeInUp has-global-padding is-layout-constrained wp-block-group-is-layout-constrained">
<div class="wp-block-group banner-hero-content has-global-padding is-layout-constrained wp-container-core-group-is-layout-09a7d114 wp-block-group-is-layout-constrained" style="margin-top:var(--wp--preset--spacing--70);margin-bottom:var(--wp--preset--spacing--30)">
<div class="wp-block-group is-style-container has-global-padding is-layout-constrained wp-container-core-group-is-layout-6b7bba85 wp-block-group-is-layout-constrained">
<h1 class="wp-block-heading has-text-align-center has-xxl-font-size" style="margin-bottom:var(--wp--preset--spacing--50);letter-spacing:0px;line-height:1">Types de parquet :<br/>guide des classes d&rsquo;aspect</h1>



<h5 class="wp-block-heading has-text-align-center has-m-32-font-size">Qu&rsquo;entend-on par <em> »classes d&rsquo;aspect »</em> du bois ?</h5>



<p class="has-text-align-center has-m-font-size">Tous les types de parquet disponibles présentent des caractéristiques uniques en termes de performances esthétiques. La norme internationale UNI EN 13489:2018 réglemente et classifie le choix des éléments en bois en fonction de leur aspect (comme la présence de veines et de nœuds dans le bois), en les distinguant en 3 catégories, chacune marquée par un symbole géométrique :   <strong>Cercle : choix extra, Triangle : choix nature, Carré : choix rustique. Comment choisir le bon parquet ? </strong></p>
</div>
</div>
</div>

<div class="wp-block-group alignwide animated fadeIn has-global-padding is-layout-constrained wp-container-core-group-is-layout-475f6704 wp-block-group-is-layout-constrained" style="margin-top:var(--wp--preset--spacing--100);margin-bottom:var(--wp--preset--spacing--50);padding-right:16px;padding-left:16px">
<figure class="wp-block-image size-large"><img loading="lazy" decoding="async" width="1024" height="574" src="https://www.berti.net/wp-content/uploads/2024/09/parquet-rovere-berti-extra-1024x574.jpg" alt="" class="wp-image-648" srcset="https://berti.net/wp-content/uploads/2024/09/parquet-rovere-berti-extra-1024x574.jpg 1024w, https://berti.net/wp-content/uploads/2024/09/parquet-rovere-berti-extra-300x168.jpg 300w, https://berti.net/wp-content/uploads/2024/09/parquet-rovere-berti-extra-768x430.jpg 768w, https://berti.net/wp-content/uploads/2024/09/parquet-rovere-berti-extra-1536x860.jpg 1536w, https://berti.net/wp-content/uploads/2024/09/parquet-rovere-berti-extra-2048x1147.jpg 2048w" sizes="auto, (max-width: 1024px) 100vw, 1024px" /></figure>
</div>

<div class="wp-block-group title-text-indented-pattern animated fadeIn has-global-padding is-layout-constrained wp-container-core-group-is-layout-a31aa551 wp-block-group-is-layout-constrained">
<div class="wp-block-group has-global-padding is-layout-constrained wp-container-core-group-is-layout-6dea37ad wp-block-group-is-layout-constrained">
<h2 class="wp-block-heading has-text-color" id="parquet-extra" style="color:#000000;margin-bottom:var(--wp--preset--spacing--20)">Parquet Extra : Choix du cercle</h2>



<p class="has-m-22-font-size"><strong>Extra Choice</strong> est également connu sous le nom commun de<strong> »rigatino</strong> » ou<strong> »parquet de premier choix</strong> ». La fibre du bois est orientée et ne peut présenter que de petits nœuds sains de moins de 3 mm, peut présenter une légère décoloration et l&rsquo;aubier (la partie la plus tendre et la plus claire du tronc) n&rsquo;est pas autorisé. </p>



<p class="has-m-22-font-size">Le parquet aura un grain de bois régulier, de petits nœuds sains occasionnels, appelés yeux de perdrix, et des planches sans aubier (la partie la plus tendre et la plus légère du tronc).</p>
</div>
</div>

<div class="wp-block-group alignwide animated fadeIn has-global-padding is-layout-constrained wp-container-core-group-is-layout-475f6704 wp-block-group-is-layout-constrained" style="margin-top:var(--wp--preset--spacing--100);margin-bottom:var(--wp--preset--spacing--50);padding-right:16px;padding-left:16px">
<figure class="wp-block-image size-large"><img loading="lazy" decoding="async" width="1024" height="574" src="https://www.berti.net/wp-content/uploads/2024/09/parquet-rovere-berti-natura-1024x574.jpg" alt="" class="wp-image-649" srcset="https://berti.net/wp-content/uploads/2024/09/parquet-rovere-berti-natura-1024x574.jpg 1024w, https://berti.net/wp-content/uploads/2024/09/parquet-rovere-berti-natura-300x168.jpg 300w, https://berti.net/wp-content/uploads/2024/09/parquet-rovere-berti-natura-768x430.jpg 768w, https://berti.net/wp-content/uploads/2024/09/parquet-rovere-berti-natura-1536x860.jpg 1536w, https://berti.net/wp-content/uploads/2024/09/parquet-rovere-berti-natura-2048x1147.jpg 2048w" sizes="auto, (max-width: 1024px) 100vw, 1024px" /></figure>
</div>

<div class="wp-block-group title-text-indented-pattern animated fadeIn has-global-padding is-layout-constrained wp-container-core-group-is-layout-a31aa551 wp-block-group-is-layout-constrained">
<div class="wp-block-group has-global-padding is-layout-constrained wp-container-core-group-is-layout-6dea37ad wp-block-group-is-layout-constrained">
<h2 class="wp-block-heading has-text-color" id="parquet-natura" style="color:#000000;margin-bottom:var(--wp--preset--spacing--20)">Parquet Natura : Choix du triangle</h2>



<p class="has-m-22-font-size">Dans <strong>Scelta Natura</strong>, les nœuds et les stries du bois, bien que limités en taille et en quantité, soulignent le caractère naturel et organique du bois.<br/>Ces types de parquet, également connus sous le nom de<strong> »parquet flammé</strong> », présentent de légères variations de couleur avec des grains réguliers, des déviations possibles, des nœuds sains de petite taille (jusqu&rsquo;à huit millimètres de diamètre) et de l&rsquo;aubier.</p>



<p class="has-m-22-font-size">Ce type de parquet est un excellent choix pour tous ceux qui souhaitent que le sol ait un aspect très naturel.</p>
</div>
</div>

<div class="wp-block-group alignwide animated fadeIn has-global-padding is-layout-constrained wp-container-core-group-is-layout-475f6704 wp-block-group-is-layout-constrained" style="margin-top:var(--wp--preset--spacing--100);margin-bottom:var(--wp--preset--spacing--50);padding-right:16px;padding-left:16px">
<figure class="wp-block-image size-large"><img loading="lazy" decoding="async" width="1024" height="574" src="https://www.berti.net/wp-content/uploads/2024/09/parquet-rovere-berti-rustica-1024x574.jpg" alt="" class="wp-image-650" srcset="https://berti.net/wp-content/uploads/2024/09/parquet-rovere-berti-rustica-1024x574.jpg 1024w, https://berti.net/wp-content/uploads/2024/09/parquet-rovere-berti-rustica-300x168.jpg 300w, https://berti.net/wp-content/uploads/2024/09/parquet-rovere-berti-rustica-768x430.jpg 768w, https://berti.net/wp-content/uploads/2024/09/parquet-rovere-berti-rustica-1536x860.jpg 1536w, https://berti.net/wp-content/uploads/2024/09/parquet-rovere-berti-rustica-2048x1147.jpg 2048w" sizes="auto, (max-width: 1024px) 100vw, 1024px" /></figure>
</div>

<div class="wp-block-group title-text-indented-pattern animated fadeIn has-global-padding is-layout-constrained wp-container-core-group-is-layout-a31aa551 wp-block-group-is-layout-constrained">
<div class="wp-block-group has-global-padding is-layout-constrained wp-container-core-group-is-layout-6dea37ad wp-block-group-is-layout-constrained">
<h2 class="wp-block-heading has-text-color" id="parquet-rustica" style="color:#000000;margin-bottom:var(--wp--preset--spacing--20)">Parquet rustique : Sélection de carrés</h2>



<p class="has-m-22-font-size">Fissures, nœuds et stries accentuées sans limite de taille spécifique : il s&rsquo;agit du <strong>Choix</strong> <strong>Rustique</strong> représenté par le <strong>carré </strong>. En fonction du type de bois, cette classe d&rsquo;aspect tolère davantage toutes les  »imperfections » qui sont en fait de véritables caractéristiques esthétiques : une abondance de nœuds (remplis ou non), de veines minérales et de stries.</p>



<p class="has-m-22-font-size">Ces sols sont un excellent choix lorsque vous recherchez un aspect naturel et vivant. Un choix plus approprié pour les produits préfinis. </p>
</div>
</div>

<div style="height:var(--wp--preset--spacing--100)" aria-hidden="true" class="wp-block-spacer"></div>

<p>Types de parquet :guide des classes d&rsquo;aspect Qu&rsquo;entend-on par  »classes d&rsquo;aspect » du bois ? Tous les types de parquet disponibles présentent des caractéristiques uniques en termes de performances esthétiques. La norme internationale UNI EN 13489:2018 réglemente et classifie le choix des éléments en bois en fonction de leur aspect (comme la présence de veines et de nœuds dans le bois), [&hellip;]</p>
