{"id":19191,"date":"2024-09-13T07:42:48","date_gmt":"2024-09-13T07:42:48","guid":{"rendered":"https:\/\/www.berti.net\/references\/marcel-wanders\/"},"modified":"2025-06-06T12:20:33","modified_gmt":"2025-06-06T12:20:33","slug":"marcel-wanders","status":"publish","type":"reference","link":"https:\/\/berti.net\/es\/referencias\/marcel-wanders\/","title":{"rendered":"Marcel Wanders"},"content":{"rendered":"\n<div class=\"wp-block-group alignfull hero-title-slider-pattern has-global-padding is-layout-constrained wp-block-group-is-layout-constrained\">\n<div class=\"wp-block-group banner-hero-content has-global-padding is-layout-constrained wp-container-core-group-is-layout-cd4cad2f wp-block-group-is-layout-constrained\" style=\"margin-top:var(--wp--preset--spacing--70);margin-bottom:var(--wp--preset--spacing--60)\">\n<div class=\"wp-block-group is-style-container has-global-padding is-layout-constrained wp-container-core-group-is-layout-a816393c wp-block-group-is-layout-constrained\">\n<h1 class=\"wp-block-heading has-text-align-center has-xxl-font-size\" style=\"margin-bottom:16px;letter-spacing:0px;line-height:1\">Marcel Wanders<\/h1>\n\n\n\n<h2 class=\"wp-block-heading has-m-22-font-size\" style=\"margin-top:var(--wp--preset--spacing--50)\">Cuando el dise\u00f1o se une al arte de la parqueter\u00eda<\/h2>\n\n\n\n<p>El renombrado dise\u00f1ador <strong>Marcel Wanders<\/strong>, conocido por su visi\u00f3n art\u00edstica y sus colaboraciones con marcas ic\u00f3nicas como <strong>Louis Vuitton, Alessi, Roche Bobois y Moooi<\/strong>, eligi\u00f3 <strong>Berti Pavimenti<\/strong> para el parquet con incrustaciones de su <strong>residencia privada de \u00c1msterdam<\/strong>.<\/p>\n\n\n\n<p>Conocido por su estilo ecl\u00e9ctico, Wanders fusiona en su obra elementos del <strong>dise\u00f1o contempor\u00e1neo y del clasicismo ornamental<\/strong>, creando ambientes que evocan emociones y cuentan historias. En esta colaboraci\u00f3n, el objetivo era transformar el suelo en un <strong>elemento decorativo exclusivo<\/strong>, expresi\u00f3n de un equilibrio perfecto entre arte y artesan\u00eda. <\/p>\n\n\n\n<h2 class=\"wp-block-heading has-m-22-font-size\">La elecci\u00f3n de Berti Flooring &#8211; Precisi\u00f3n y creatividad<\/h2>\n\n\n\n<p>Para un proyecto tan ambicioso, Marcel Wanders quer\u00eda un suelo que expresara lo mejor posible su concepto de <strong>&#8221;romanticismo contempor\u00e1neo&#8221;,<\/strong> con delicadas incrustaciones y patrones decorativos \u00fanicos.<\/p>\n\n\n\n<p>\u2714 <strong>Dise\u00f1o a medida<\/strong>: cada detalle del suelo de parqu\u00e9 se ha dise\u00f1ado para armonizar con la decoraci\u00f3n y el ambiente de la residencia.<br\/>\u2714 <strong>Tecnolog\u00eda l\u00e1ser y artesan\u00eda<\/strong>: la t\u00e9cnica de incrustaci\u00f3n <strong>por corte l\u00e1ser<\/strong> ha permitido conseguir una precisi\u00f3n absoluta en las formas y los motivos decorativos.<br\/>\u2714 <strong>Materiales preciosos<\/strong>: el parquet se fabric\u00f3 con una selecci\u00f3n de <strong>especies de madera de alta calidad<\/strong>, procesadas con acabados sofisticados para realzar la textura natural de la madera.<br\/>\u2714 <strong>Un suelo \u00fanico<\/strong>: la combinaci\u00f3n de <strong>t\u00e9cnicas tradicionales e innovaci\u00f3n<\/strong> permiti\u00f3 crear una obra de arte transitable, en perfecta consonancia con la visi\u00f3n de Wanders.<\/p>\n<\/div>\n<\/div>\n<\/div>\n\n<div class=\"wp-block-group is-style-container has-global-padding is-layout-constrained wp-block-group-is-layout-constrained\">\n<div class=\"thom-isotope-gallery-wrapper wp-block-wpe-thom-masonry-gallery-block\">\n\t\n<div class=\"wp-block-wpe-thom-masonry-gallery-block isotope-gallery grid lightbox dc__3 tc__2 pc__1 dg__16 tg__16 pg__12\" id=\"99d203f7\" data-id=\"99d203f7\"><div class=\"grid-sizer\"><\/div><div class=\"gutter-sizer\"><\/div><a class=\"grid-item single-gallery-image none dg__16 tg__16 pg__12\" href=\"https:\/\/www.berti.net\/wp-content\/uploads\/berti-pavimenti-in-legno_parquet-referenze-marcel-wanders_amsterdam_03.jpg\" data-pswp-width=\"1265\" data-pswp-height=\"1580\"><img decoding=\"async\" width=\"1265\" height=\"1580\" src=\"https:\/\/www.berti.net\/wp-content\/uploads\/berti-pavimenti-in-legno_parquet-referenze-marcel-wanders_amsterdam_03.jpg\" alt=\"Galer\u00eda de im\u00e1genes\" class=\"wp-image-11303\" loading=\"lazy\" srcset=\"https:\/\/berti.net\/wp-content\/uploads\/berti-pavimenti-in-legno_parquet-referenze-marcel-wanders_amsterdam_03.jpg 1265w, https:\/\/berti.net\/wp-content\/uploads\/berti-pavimenti-in-legno_parquet-referenze-marcel-wanders_amsterdam_03-650x812.jpg 650w, https:\/\/berti.net\/wp-content\/uploads\/berti-pavimenti-in-legno_parquet-referenze-marcel-wanders_amsterdam_03-768x959.jpg 768w, https:\/\/berti.net\/wp-content\/uploads\/berti-pavimenti-in-legno_parquet-referenze-marcel-wanders_amsterdam_03-1230x1536.jpg 1230w\" sizes=\"auto, (max-width: 1265px) 100vw, 1265px\" \/><\/a><a class=\"grid-item single-gallery-image none dg__16 tg__16 pg__12\" href=\"https:\/\/www.berti.net\/wp-content\/uploads\/berti-pavimenti-in-legno_parquet-referenze-marcel-wanders_amsterdam_02.jpg\" data-pswp-width=\"1265\" data-pswp-height=\"1580\"><img decoding=\"async\" width=\"1265\" height=\"1580\" src=\"https:\/\/www.berti.net\/wp-content\/uploads\/berti-pavimenti-in-legno_parquet-referenze-marcel-wanders_amsterdam_02.jpg\" alt=\"Galer\u00eda de im\u00e1genes\" class=\"wp-image-11306\" loading=\"lazy\" srcset=\"https:\/\/berti.net\/wp-content\/uploads\/berti-pavimenti-in-legno_parquet-referenze-marcel-wanders_amsterdam_02.jpg 1265w, https:\/\/berti.net\/wp-content\/uploads\/berti-pavimenti-in-legno_parquet-referenze-marcel-wanders_amsterdam_02-650x812.jpg 650w, https:\/\/berti.net\/wp-content\/uploads\/berti-pavimenti-in-legno_parquet-referenze-marcel-wanders_amsterdam_02-768x959.jpg 768w, https:\/\/berti.net\/wp-content\/uploads\/berti-pavimenti-in-legno_parquet-referenze-marcel-wanders_amsterdam_02-1230x1536.jpg 1230w\" sizes=\"auto, (max-width: 1265px) 100vw, 1265px\" \/><\/a><a class=\"grid-item single-gallery-image none dg__16 tg__16 pg__12\" href=\"https:\/\/www.berti.net\/wp-content\/uploads\/berti-pavimenti-in-legno_parquet-referenze-marcel-wanders_amsterdam_01.jpg\" data-pswp-width=\"1265\" data-pswp-height=\"1580\"><img decoding=\"async\" width=\"1265\" height=\"1580\" src=\"https:\/\/www.berti.net\/wp-content\/uploads\/berti-pavimenti-in-legno_parquet-referenze-marcel-wanders_amsterdam_01.jpg\" alt=\"Galer\u00eda de im\u00e1genes\" class=\"wp-image-11309\" loading=\"lazy\" srcset=\"https:\/\/berti.net\/wp-content\/uploads\/berti-pavimenti-in-legno_parquet-referenze-marcel-wanders_amsterdam_01.jpg 1265w, https:\/\/berti.net\/wp-content\/uploads\/berti-pavimenti-in-legno_parquet-referenze-marcel-wanders_amsterdam_01-650x812.jpg 650w, https:\/\/berti.net\/wp-content\/uploads\/berti-pavimenti-in-legno_parquet-referenze-marcel-wanders_amsterdam_01-768x959.jpg 768w, https:\/\/berti.net\/wp-content\/uploads\/berti-pavimenti-in-legno_parquet-referenze-marcel-wanders_amsterdam_01-1230x1536.jpg 1230w\" sizes=\"auto, (max-width: 1265px) 100vw, 1265px\" \/><\/a><\/div>\n<\/div>\n<\/div>\n\n<div class=\"wp-block-group banner-hero-content has-global-padding is-layout-constrained wp-container-core-group-is-layout-b09daadc wp-block-group-is-layout-constrained\" style=\"margin-top:var(--wp--preset--spacing--30);margin-bottom:var(--wp--preset--spacing--60)\">\n<div class=\"wp-block-group is-style-container has-global-padding is-layout-constrained wp-container-core-group-is-layout-a816393c wp-block-group-is-layout-constrained\">\n<h2 class=\"wp-block-heading has-m-22-font-size\">La instalaci\u00f3n &#8211; Un proyecto de precisi\u00f3n y artesan\u00eda<\/h2>\n\n\n\n<p>El suelo dise\u00f1ado para la residencia de Marcel Wanders se caracteriza por <strong>l\u00edneas sinuosas, detalles incrustados y refinados contrastes de color<\/strong>, combinando lujo y funcionalidad. La instalaci\u00f3n requiri\u00f3 gran precisi\u00f3n para garantizar la <strong>continuidad y armon\u00eda del dise\u00f1o en toda la superficie<\/strong>. <\/p>\n\n\n\n<p><strong>Fases de procesamiento:<\/strong><\/p>\n\n\n\n<ol class=\"wp-block-list\">\n<li>Dise\u00f1o <strong>detallado<\/strong>: Wanders y el equipo de Berti colaboraron en el dise\u00f1o, seleccionando materiales y acabados.<\/li>\n\n\n\n<li><strong>Corte l\u00e1ser de alta precisi\u00f3n<\/strong>: esta tecnolog\u00eda permiti\u00f3 crear incrustaciones complejas con un ajuste perfecto entre los elementos de madera.<\/li>\n\n\n\n<li>Colocaci\u00f3n <strong>artesanal<\/strong>: el parquet se coloc\u00f3 con sumo cuidado para mantener la integridad art\u00edstica del proyecto.<\/li>\n\n\n\n<li><strong>Acabados personalizados<\/strong>: el \u00faltimo paso consisti\u00f3 en pintar y pulir para realzar la belleza natural de la madera.<\/li>\n<\/ol>\n\n\n\n<p>\u00bfEl resultado?  <strong>Un suelo con un fuerte impacto visual, capaz de transformar el espacio en una obra de arte viva.<\/strong><\/p>\n\n\n\n<h2 class=\"wp-block-heading has-m-22-font-size\">Un proyecto de lujo que celebra la artesan\u00eda italiana<\/h2>\n\n\n\n<p>Esta colaboraci\u00f3n entre <strong>Marcel Wanders y Berti Pavimenti<\/strong> es un ejemplo perfecto de c\u00f3mo <strong>el dise\u00f1o de autor puede dialogar con la artesan\u00eda tradicional italiana<\/strong>.<\/p>\n\n\n\n<p>La atenci\u00f3n al detalle, el cuidado en la elecci\u00f3n de los materiales y el uso de <strong>tecnolog\u00eda punta<\/strong> han hecho de este proyecto una referencia en el campo de <strong>los suelos de lujo y el dise\u00f1o personalizado.<\/strong><\/p>\n<\/div>\n<\/div>\n\n<div class=\"wp-block-group is-style-container has-global-padding is-layout-constrained wp-block-group-is-layout-constrained\" style=\"margin-top:var(--wp--preset--spacing--60);margin-bottom:var(--wp--preset--spacing--120)\">\n<div class=\"wp-block-group is-content-justification-center is-nowrap is-layout-flex wp-container-core-group-is-layout-9193781b wp-block-group-is-layout-flex\" style=\"line-height:1\">\n<p class=\"dashicons dashicons-arrow-left-alt\" style=\"line-height:1\"><\/p>\n\n\n\n<div class=\"wp-block-buttons is-layout-flex wp-block-buttons-is-layout-flex\">\n<div class=\"wp-block-button is-style-link\"><a class=\"wp-block-button__link wp-element-button\" href=\"\/es\/referencias\/\">Volver a las referencias<\/a><\/div>\n<\/div>\n<\/div>\n<\/div>\n\n<div class=\"wp-block-group alignwide is-style-container has-contrast-2-background-color has-background has-global-padding is-layout-constrained wp-container-core-group-is-layout-69c462cb wp-block-group-is-layout-constrained\" style=\"margin-top:0;margin-bottom:0\">\n<div class=\"wp-block-columns alignwide are-vertically-aligned-center is-layout-flex wp-container-core-columns-is-layout-e4e53ecd wp-block-columns-is-layout-flex\" style=\"margin-top:var(--wp--preset--spacing--100);margin-bottom:var(--wp--preset--spacing--100)\">\n<div class=\"wp-block-column is-layout-flow wp-block-column-is-layout-flow\" style=\"flex-basis:50%\">\n<figure class=\"wp-block-image size-full\"><img loading=\"lazy\" decoding=\"async\" width=\"1176\" height=\"1178\" src=\"https:\/\/www.berti.net\/wp-content\/uploads\/catalogo-referenze-1.png\" alt=\"\" class=\"wp-image-13452\" style=\"box-shadow:var(--wp--preset--shadow--deep)\" srcset=\"https:\/\/berti.net\/wp-content\/uploads\/catalogo-referenze-1.png 1176w, https:\/\/berti.net\/wp-content\/uploads\/catalogo-referenze-1-812x812.png 812w, https:\/\/berti.net\/wp-content\/uploads\/catalogo-referenze-1-406x406.png 406w, https:\/\/berti.net\/wp-content\/uploads\/catalogo-referenze-1-768x769.png 768w, https:\/\/berti.net\/wp-content\/uploads\/catalogo-referenze-1-300x300.png 300w, https:\/\/berti.net\/wp-content\/uploads\/catalogo-referenze-1-400x400.png 400w, https:\/\/berti.net\/wp-content\/uploads\/catalogo-referenze-1-600x600.png 600w\" sizes=\"auto, (max-width: 1176px) 100vw, 1176px\" \/><\/figure>\n<\/div>\n\n\n\n<div class=\"wp-block-column is-layout-flow wp-block-column-is-layout-flow\" style=\"flex-basis:50%\">\n<h4 class=\"wp-block-heading\" style=\"margin-top:var(--wp--preset--spacing--20);margin-bottom:var(--wp--preset--spacing--20);font-size:clamp(26.944px, 1.684rem + ((1vw - 3.2px) * 1.489), 46px);line-height:1\">Descubre el cat\u00e1logo Referencias<\/h4>\n\n\n\n<p class=\"has-text-color has-body-font-family\" style=\"color:#000000;padding-right:16%;font-size:14px\">Descarga el cat\u00e1logo para descubrir las referencias de Berti Pavimenti Legno.<\/p>\n\n\n\n<div class=\"wp-block-buttons is-layout-flex wp-block-buttons-is-layout-flex\" style=\"margin-top:var(--wp--preset--spacing--30)\">\n<div class=\"wp-block-button has-custom-font-size is-style-fill\" style=\"font-size:clamp(14px, 0.875rem + ((1vw - 3.2px) * 0.156), 16px);\"><a class=\"wp-block-button__link has-base-3-color has-base-background-color has-text-color has-background has-link-color wp-element-button\" href=\"https:\/\/www.berti.net\/wp-content\/uploads\/berti_pavimenti-legno_parquet_reference-profile-IT-1.pdf\" style=\"padding-top:15px;padding-right:40px;padding-bottom:15px;padding-left:40px\" target=\"_blank\" rel=\"noreferrer noopener\">DESCARGA<\/a><\/div>\n<\/div>\n<\/div>\n<\/div>\n<\/div>\n","protected":false},"excerpt":{"rendered":"<p>Marcel Wanders Cuando el dise\u00f1o se une al arte de la parqueter\u00eda El renombrado dise\u00f1ador Marcel Wanders, conocido por su visi\u00f3n art\u00edstica y sus colaboraciones con marcas ic\u00f3nicas como Louis Vuitton, Alessi, Roche Bobois y Moooi, eligi\u00f3 Berti Pavimenti para el parquet con incrustaciones de su residencia privada de \u00c1msterdam. Conocido por su estilo ecl\u00e9ctico, Wanders fusiona en su obra [&hellip;]<\/p>\n","protected":false},"author":2,"featured_media":19145,"template":"","class_list":["post-19191","reference","type-reference","status-publish","has-post-thumbnail","hentry"],"_links":{"self":[{"href":"https:\/\/berti.net\/es\/wp-json\/wp\/v2\/reference\/19191","targetHints":{"allow":["GET"]}}],"collection":[{"href":"https:\/\/berti.net\/es\/wp-json\/wp\/v2\/reference"}],"about":[{"href":"https:\/\/berti.net\/es\/wp-json\/wp\/v2\/types\/reference"}],"author":[{"embeddable":true,"href":"https:\/\/berti.net\/es\/wp-json\/wp\/v2\/users\/2"}],"wp:featuredmedia":[{"embeddable":true,"href":"https:\/\/berti.net\/es\/wp-json\/wp\/v2\/media\/19145"}],"wp:attachment":[{"href":"https:\/\/berti.net\/es\/wp-json\/wp\/v2\/media?parent=19191"}],"curies":[{"name":"wp","href":"https:\/\/api.w.org\/{rel}","templated":true}]}}

<div class="wp-block-group alignfull hero-title-slider-pattern has-global-padding is-layout-constrained wp-block-group-is-layout-constrained">
<div class="wp-block-group banner-hero-content has-global-padding is-layout-constrained wp-container-core-group-is-layout-cd4cad2f wp-block-group-is-layout-constrained" style="margin-top:var(--wp--preset--spacing--70);margin-bottom:var(--wp--preset--spacing--60)">
<div class="wp-block-group is-style-container has-global-padding is-layout-constrained wp-container-core-group-is-layout-a816393c wp-block-group-is-layout-constrained">
<h1 class="wp-block-heading has-text-align-center has-xxl-font-size" style="margin-bottom:16px;letter-spacing:0px;line-height:1">Marcel Wanders</h1>



<h2 class="wp-block-heading has-m-22-font-size" style="margin-top:var(--wp--preset--spacing--50)">Cuando el diseño se une al arte de la parquetería</h2>



<p>El renombrado diseñador <strong>Marcel Wanders</strong>, conocido por su visión artística y sus colaboraciones con marcas icónicas como <strong>Louis Vuitton, Alessi, Roche Bobois y Moooi</strong>, eligió <strong>Berti Pavimenti</strong> para el parquet con incrustaciones de su <strong>residencia privada de Ámsterdam</strong>.</p>



<p>Conocido por su estilo ecléctico, Wanders fusiona en su obra elementos del <strong>diseño contemporáneo y del clasicismo ornamental</strong>, creando ambientes que evocan emociones y cuentan historias. En esta colaboración, el objetivo era transformar el suelo en un <strong>elemento decorativo exclusivo</strong>, expresión de un equilibrio perfecto entre arte y artesanía. </p>



<h2 class="wp-block-heading has-m-22-font-size">La elección de Berti Flooring &#8211; Precisión y creatividad</h2>



<p>Para un proyecto tan ambicioso, Marcel Wanders quería un suelo que expresara lo mejor posible su concepto de <strong>&#8221;romanticismo contemporáneo&#8221;,</strong> con delicadas incrustaciones y patrones decorativos únicos.</p>



<p>✔ <strong>Diseño a medida</strong>: cada detalle del suelo de parqué se ha diseñado para armonizar con la decoración y el ambiente de la residencia.<br/>✔ <strong>Tecnología láser y artesanía</strong>: la técnica de incrustación <strong>por corte láser</strong> ha permitido conseguir una precisión absoluta en las formas y los motivos decorativos.<br/>✔ <strong>Materiales preciosos</strong>: el parquet se fabricó con una selección de <strong>especies de madera de alta calidad</strong>, procesadas con acabados sofisticados para realzar la textura natural de la madera.<br/>✔ <strong>Un suelo único</strong>: la combinación de <strong>técnicas tradicionales e innovación</strong> permitió crear una obra de arte transitable, en perfecta consonancia con la visión de Wanders.</p>
</div>
</div>
</div>

<div class="wp-block-group is-style-container has-global-padding is-layout-constrained wp-block-group-is-layout-constrained">
<div class="thom-isotope-gallery-wrapper wp-block-wpe-thom-masonry-gallery-block">
	
<div class="wp-block-wpe-thom-masonry-gallery-block isotope-gallery grid lightbox dc__3 tc__2 pc__1 dg__16 tg__16 pg__12" id="99d203f7" data-id="99d203f7"><div class="grid-sizer"></div><div class="gutter-sizer"></div><a class="grid-item single-gallery-image none dg__16 tg__16 pg__12" href="https://www.berti.net/wp-content/uploads/berti-pavimenti-in-legno_parquet-referenze-marcel-wanders_amsterdam_03.jpg" data-pswp-width="1265" data-pswp-height="1580"><img decoding="async" width="1265" height="1580" src="https://www.berti.net/wp-content/uploads/berti-pavimenti-in-legno_parquet-referenze-marcel-wanders_amsterdam_03.jpg" alt="Galería de imágenes" class="wp-image-11303" loading="lazy" srcset="https://berti.net/wp-content/uploads/berti-pavimenti-in-legno_parquet-referenze-marcel-wanders_amsterdam_03.jpg 1265w, https://berti.net/wp-content/uploads/berti-pavimenti-in-legno_parquet-referenze-marcel-wanders_amsterdam_03-650x812.jpg 650w, https://berti.net/wp-content/uploads/berti-pavimenti-in-legno_parquet-referenze-marcel-wanders_amsterdam_03-768x959.jpg 768w, https://berti.net/wp-content/uploads/berti-pavimenti-in-legno_parquet-referenze-marcel-wanders_amsterdam_03-1230x1536.jpg 1230w" sizes="auto, (max-width: 1265px) 100vw, 1265px" /></a><a class="grid-item single-gallery-image none dg__16 tg__16 pg__12" href="https://www.berti.net/wp-content/uploads/berti-pavimenti-in-legno_parquet-referenze-marcel-wanders_amsterdam_02.jpg" data-pswp-width="1265" data-pswp-height="1580"><img decoding="async" width="1265" height="1580" src="https://www.berti.net/wp-content/uploads/berti-pavimenti-in-legno_parquet-referenze-marcel-wanders_amsterdam_02.jpg" alt="Galería de imágenes" class="wp-image-11306" loading="lazy" srcset="https://berti.net/wp-content/uploads/berti-pavimenti-in-legno_parquet-referenze-marcel-wanders_amsterdam_02.jpg 1265w, https://berti.net/wp-content/uploads/berti-pavimenti-in-legno_parquet-referenze-marcel-wanders_amsterdam_02-650x812.jpg 650w, https://berti.net/wp-content/uploads/berti-pavimenti-in-legno_parquet-referenze-marcel-wanders_amsterdam_02-768x959.jpg 768w, https://berti.net/wp-content/uploads/berti-pavimenti-in-legno_parquet-referenze-marcel-wanders_amsterdam_02-1230x1536.jpg 1230w" sizes="auto, (max-width: 1265px) 100vw, 1265px" /></a><a class="grid-item single-gallery-image none dg__16 tg__16 pg__12" href="https://www.berti.net/wp-content/uploads/berti-pavimenti-in-legno_parquet-referenze-marcel-wanders_amsterdam_01.jpg" data-pswp-width="1265" data-pswp-height="1580"><img decoding="async" width="1265" height="1580" src="https://www.berti.net/wp-content/uploads/berti-pavimenti-in-legno_parquet-referenze-marcel-wanders_amsterdam_01.jpg" alt="Galería de imágenes" class="wp-image-11309" loading="lazy" srcset="https://berti.net/wp-content/uploads/berti-pavimenti-in-legno_parquet-referenze-marcel-wanders_amsterdam_01.jpg 1265w, https://berti.net/wp-content/uploads/berti-pavimenti-in-legno_parquet-referenze-marcel-wanders_amsterdam_01-650x812.jpg 650w, https://berti.net/wp-content/uploads/berti-pavimenti-in-legno_parquet-referenze-marcel-wanders_amsterdam_01-768x959.jpg 768w, https://berti.net/wp-content/uploads/berti-pavimenti-in-legno_parquet-referenze-marcel-wanders_amsterdam_01-1230x1536.jpg 1230w" sizes="auto, (max-width: 1265px) 100vw, 1265px" /></a></div>
</div>
</div>

<div class="wp-block-group banner-hero-content has-global-padding is-layout-constrained wp-container-core-group-is-layout-b09daadc wp-block-group-is-layout-constrained" style="margin-top:var(--wp--preset--spacing--30);margin-bottom:var(--wp--preset--spacing--60)">
<div class="wp-block-group is-style-container has-global-padding is-layout-constrained wp-container-core-group-is-layout-a816393c wp-block-group-is-layout-constrained">
<h2 class="wp-block-heading has-m-22-font-size">La instalación &#8211; Un proyecto de precisión y artesanía</h2>



<p>El suelo diseñado para la residencia de Marcel Wanders se caracteriza por <strong>líneas sinuosas, detalles incrustados y refinados contrastes de color</strong>, combinando lujo y funcionalidad. La instalación requirió gran precisión para garantizar la <strong>continuidad y armonía del diseño en toda la superficie</strong>. </p>



<p><strong>Fases de procesamiento:</strong></p>



<ol class="wp-block-list">
<li>Diseño <strong>detallado</strong>: Wanders y el equipo de Berti colaboraron en el diseño, seleccionando materiales y acabados.</li>



<li><strong>Corte láser de alta precisión</strong>: esta tecnología permitió crear incrustaciones complejas con un ajuste perfecto entre los elementos de madera.</li>



<li>Colocación <strong>artesanal</strong>: el parquet se colocó con sumo cuidado para mantener la integridad artística del proyecto.</li>



<li><strong>Acabados personalizados</strong>: el último paso consistió en pintar y pulir para realzar la belleza natural de la madera.</li>
</ol>



<p>¿El resultado?  <strong>Un suelo con un fuerte impacto visual, capaz de transformar el espacio en una obra de arte viva.</strong></p>



<h2 class="wp-block-heading has-m-22-font-size">Un proyecto de lujo que celebra la artesanía italiana</h2>



<p>Esta colaboración entre <strong>Marcel Wanders y Berti Pavimenti</strong> es un ejemplo perfecto de cómo <strong>el diseño de autor puede dialogar con la artesanía tradicional italiana</strong>.</p>



<p>La atención al detalle, el cuidado en la elección de los materiales y el uso de <strong>tecnología punta</strong> han hecho de este proyecto una referencia en el campo de <strong>los suelos de lujo y el diseño personalizado.</strong></p>
</div>
</div>

<div class="wp-block-group is-style-container has-global-padding is-layout-constrained wp-block-group-is-layout-constrained" style="margin-top:var(--wp--preset--spacing--60);margin-bottom:var(--wp--preset--spacing--120)">
<div class="wp-block-group is-content-justification-center is-nowrap is-layout-flex wp-container-core-group-is-layout-9193781b wp-block-group-is-layout-flex" style="line-height:1">
<p class="dashicons dashicons-arrow-left-alt" style="line-height:1"></p>



<div class="wp-block-buttons is-layout-flex wp-block-buttons-is-layout-flex">
<div class="wp-block-button is-style-link"><a class="wp-block-button__link wp-element-button" href="/es/referencias/">Volver a las referencias</a></div>
</div>
</div>
</div>

<div class="wp-block-group alignwide is-style-container has-contrast-2-background-color has-background has-global-padding is-layout-constrained wp-container-core-group-is-layout-69c462cb wp-block-group-is-layout-constrained" style="margin-top:0;margin-bottom:0">
<div class="wp-block-columns alignwide are-vertically-aligned-center is-layout-flex wp-container-core-columns-is-layout-e4e53ecd wp-block-columns-is-layout-flex" style="margin-top:var(--wp--preset--spacing--100);margin-bottom:var(--wp--preset--spacing--100)">
<div class="wp-block-column is-layout-flow wp-block-column-is-layout-flow" style="flex-basis:50%">
<figure class="wp-block-image size-full"><img loading="lazy" decoding="async" width="1176" height="1178" src="https://www.berti.net/wp-content/uploads/catalogo-referenze-1.png" alt="" class="wp-image-13452" style="box-shadow:var(--wp--preset--shadow--deep)" srcset="https://berti.net/wp-content/uploads/catalogo-referenze-1.png 1176w, https://berti.net/wp-content/uploads/catalogo-referenze-1-812x812.png 812w, https://berti.net/wp-content/uploads/catalogo-referenze-1-406x406.png 406w, https://berti.net/wp-content/uploads/catalogo-referenze-1-768x769.png 768w, https://berti.net/wp-content/uploads/catalogo-referenze-1-300x300.png 300w, https://berti.net/wp-content/uploads/catalogo-referenze-1-400x400.png 400w, https://berti.net/wp-content/uploads/catalogo-referenze-1-600x600.png 600w" sizes="auto, (max-width: 1176px) 100vw, 1176px" /></figure>
</div>



<div class="wp-block-column is-layout-flow wp-block-column-is-layout-flow" style="flex-basis:50%">
<h4 class="wp-block-heading" style="margin-top:var(--wp--preset--spacing--20);margin-bottom:var(--wp--preset--spacing--20);font-size:clamp(26.944px, 1.684rem + ((1vw - 3.2px) * 1.489), 46px);line-height:1">Descubre el catálogo Referencias</h4>



<p class="has-text-color has-body-font-family" style="color:#000000;padding-right:16%;font-size:14px">Descarga el catálogo para descubrir las referencias de Berti Pavimenti Legno.</p>



<div class="wp-block-buttons is-layout-flex wp-block-buttons-is-layout-flex" style="margin-top:var(--wp--preset--spacing--30)">
<div class="wp-block-button has-custom-font-size is-style-fill" style="font-size:clamp(14px, 0.875rem + ((1vw - 3.2px) * 0.156), 16px);"><a class="wp-block-button__link has-base-3-color has-base-background-color has-text-color has-background has-link-color wp-element-button" href="https://www.berti.net/wp-content/uploads/berti_pavimenti-legno_parquet_reference-profile-IT-1.pdf" style="padding-top:15px;padding-right:40px;padding-bottom:15px;padding-left:40px" target="_blank" rel="noreferrer noopener">DESCARGA</a></div>
</div>
</div>
</div>
</div>

<p>Marcel Wanders Cuando el diseño se une al arte de la parquetería El renombrado diseñador Marcel Wanders, conocido por su visión artística y sus colaboraciones con marcas icónicas como Louis Vuitton, Alessi, Roche Bobois y Moooi, eligió Berti Pavimenti para el parquet con incrustaciones de su residencia privada de Ámsterdam. Conocido por su estilo ecléctico, Wanders fusiona en su obra [&hellip;]</p>
