{"id":25540,"date":"2025-06-26T10:08:56","date_gmt":"2025-06-26T10:08:56","guid":{"rendered":"https:\/\/www.berti.net\/product\/bi-potencia\/"},"modified":"2025-12-03T16:14:30","modified_gmt":"2025-12-03T16:14:30","slug":"bi-potencia","status":"publish","type":"product","link":"https:\/\/berti.net\/es\/productos-de-parquet\/bi-potencia\/","title":{"rendered":"BI POTENCIA"},"content":{"rendered":"\n<div class=\"wp-block-group is-style-container has-global-padding is-content-justification-center is-layout-constrained wp-block-group-is-layout-constrained\">\n<div class=\"wp-block-group title-text-indented-pattern animated fadeIn has-global-padding is-layout-constrained wp-container-core-group-is-layout-a31aa551 wp-block-group-is-layout-constrained\">\n<div class=\"wp-block-group has-global-padding is-layout-constrained wp-block-group-is-layout-constrained\" style=\"margin-bottom:var(--wp--preset--spacing--50)\">\n<p class=\"has-m-font-size\">Su formulaci\u00f3n de epoxi-poliuretano lo hace ideal para entornos <strong>de alta frecuencia<\/strong> y para profesionales que buscan <strong>altas prestaciones, fiabilidad y tiempos de procesamiento manejables<\/strong>.Caracter\u00edsticas principales<\/p>\n<\/div>\n<\/div>\n\n\n\n<div class=\"wp-block-group title-text-indented-pattern animated fadeIn has-global-padding is-layout-constrained wp-container-core-group-is-layout-a31aa551 wp-block-group-is-layout-constrained\">\n<h3 class=\"wp-block-heading has-text-color has-m-32-font-size\" style=\"color:#000000\">Caracter\u00edsticas principales<\/h3>\n\n\n\n<div class=\"wp-block-group has-global-padding is-layout-constrained wp-block-group-is-layout-constrained\" style=\"margin-bottom:var(--wp--preset--spacing--50)\">\n<ul class=\"wp-block-list\">\n<li>Adhesivo en pasta de dos componentes (A + B)<\/li>\n\n\n\n<li>Ideal para cualquier tipo de parquet: lamparquet, tablones, multicapa, etc.<\/li>\n\n\n\n<li>Alta adherencia (&gt;3 N\/mm\u00b2 sobre hormig\u00f3n y cer\u00e1mica)<\/li>\n\n\n\n<li>Excelente resistencia y fijaci\u00f3n incluso en sustratos no absorbentes<\/li>\n\n\n\n<li>Gran flexibilidad y durabilidad<\/li>\n\n\n\n<li>Baja emisi\u00f3n de COV (cumple los requisitos para interiores)<\/li>\n\n\n\n<li>Proporci\u00f3n A:B predosificada (9:1 en peso)<\/li>\n<\/ul>\n<\/div>\n<\/div>\n\n\n\n<div class=\"wp-block-group title-text-indented-pattern animated fadeIn has-global-padding is-layout-constrained wp-container-core-group-is-layout-a31aa551 wp-block-group-is-layout-constrained\">\n<h3 class=\"wp-block-heading has-text-color has-m-32-font-size\" style=\"color:#000000\">Modalidades de uso<\/h3>\n\n\n\n<div class=\"wp-block-group has-global-padding is-layout-constrained wp-block-group-is-layout-constrained\" style=\"margin-bottom:var(--wp--preset--spacing--50)\">\n<h4 class=\"wp-block-heading has-m-22-font-size\">Preparaci\u00f3n de la masa<\/h4>\n\n\n\n<ul class=\"wp-block-list\">\n<li>El <strong>componente B ya est\u00e1 incluido dentro del contenedor del componente A.<\/strong><\/li>\n\n\n\n<li>Vierte el  <strong>comp. B (1 parte) <\/strong>  en  <strong>comp. A (9 partes) <\/strong>.<\/li>\n\n\n\n<li>Mezcla con un agitador mec\u00e1nico a baja velocidad hasta obtener una mezcla homog\u00e9nea.\n<ul style=\"margin-top:var(--wp--preset--spacing--10)\" class=\"wp-block-list\">\n<li>En invierno, mezcla primero s\u00f3lo el componente A para facilitar la amalgama.<\/li>\n<\/ul>\n<\/li>\n\n\n\n<li>Vida \u00fatil: <strong>60-70 minutos<\/strong><\/li>\n<\/ul>\n<\/div>\n\n\n\n<div class=\"wp-block-group has-global-padding is-layout-constrained wp-block-group-is-layout-constrained\" style=\"margin-bottom:var(--wp--preset--spacing--50)\">\n<h4 class=\"wp-block-heading has-m-22-font-size\">Aplicaci\u00f3n<\/h4>\n\n\n\n<ul class=\"wp-block-list\">\n<li>Aplicar con llana dentada sobre un soporte <strong>limpio, seco y mec\u00e1nicamente resistente<\/strong>.<\/li>\n\n\n\n<li>El <strong>tiempo de apertura<\/strong> es de aproximadamente <strong>1 hora<\/strong> a 23\u00b0C.<\/li>\n\n\n\n<li>Coloca el parquet <strong>aplicando una presi\u00f3n uniforme<\/strong>.<\/li>\n\n\n\n<li>Deja siempre <strong>una junta perimetral de 1 cm aproximadamente.<\/strong><\/li>\n\n\n\n<li>No pegues lateralmente y <strong>evita rellenar las juntas de los productos preacabados<\/strong>.<\/li>\n<\/ul>\n<\/div>\n<\/div>\n\n\n\n<div class=\"wp-block-group title-text-indented-pattern animated fadeIn has-global-padding is-layout-constrained wp-container-core-group-is-layout-a31aa551 wp-block-group-is-layout-constrained\">\n<h3 class=\"wp-block-heading has-text-color has-m-32-font-size\" style=\"color:#000000\">Tiempos t\u00e9cnicos<\/h3>\n\n\n\n<div class=\"wp-block-group has-global-padding is-layout-constrained wp-block-group-is-layout-constrained\" style=\"margin-bottom:var(--wp--preset--spacing--50)\">\n<ul class=\"wp-block-list\">\n<li><strong>Caminabilidad<\/strong>: al cabo de unas <strong>24 horas<\/strong><\/li>\n\n\n\n<li><strong>Lijabilidad<\/strong>: despu\u00e9s de <strong>3 d\u00edas<\/strong> (\u00f3ptimo: 7-10 d\u00edas para una estabilidad m\u00e1xima)<\/li>\n<\/ul>\n<\/div>\n<\/div>\n\n\n\n<div class=\"wp-block-group title-text-indented-pattern animated fadeIn has-global-padding is-layout-constrained wp-container-core-group-is-layout-a31aa551 wp-block-group-is-layout-constrained\">\n<h3 class=\"wp-block-heading has-text-color has-m-32-font-size\" style=\"color:#000000\">Datos t\u00e9cnicos<\/h3>\n\n\n\n<div class=\"wp-block-group has-global-padding is-layout-constrained wp-block-group-is-layout-constrained\" style=\"margin-bottom:var(--wp--preset--spacing--50)\">\n<ul class=\"wp-block-list\">\n<li><strong>Formato<\/strong>: unidad predosificada de 10 kg\n<ul style=\"margin-top:var(--wp--preset--spacing--10)\" class=\"wp-block-list\">\n<li>Componente A: 9 kg<\/li>\n\n\n\n<li>Componente B: 1 kg<\/li>\n<\/ul>\n<\/li>\n\n\n\n<li><strong>Consumo<\/strong>: 1000-1300 g\/m\u00b2 (llana dentada para parquet)<\/li>\n\n\n\n<li><strong>Color de stock<\/strong>: beige uniforme<\/li>\n\n\n\n<li><strong>pH<\/strong>: no aplicable &#8211; adhesivo de reacci\u00f3n<\/li>\n\n\n\n<li><strong>Dureza Shore A<\/strong>: 88 (despu\u00e9s de 7 d\u00edas)<\/li>\n\n\n\n<li><strong>Temperatura de aplicaci\u00f3n<\/strong>: de +10\u00b0C a +30\u00b0C<\/li>\n\n\n\n<li><strong>Temperatura de funcionamiento<\/strong>: de -30\u00b0C a +70\u00b0C<\/li>\n\n\n\n<li><strong>Durabilidad<\/strong>: 24 meses (en el envase original cerrado, en lugar seco)<\/li>\n<\/ul>\n<\/div>\n<\/div>\n\n\n\n<div class=\"wp-block-group title-text-indented-pattern animated fadeIn has-global-padding is-layout-constrained wp-container-core-group-is-layout-a31aa551 wp-block-group-is-layout-constrained\">\n<h3 class=\"wp-block-heading has-text-color has-m-32-font-size\" style=\"color:#000000\">Seguridad y precauciones<\/h3>\n\n\n\n<div class=\"wp-block-group has-global-padding is-layout-constrained wp-block-group-is-layout-constrained\" style=\"margin-bottom:var(--wp--preset--spacing--50)\">\n<ul class=\"wp-block-list\">\n<li><strong>Componente A<\/strong>: inflamable e irritante<\/li>\n\n\n\n<li><strong>Componente B<\/strong>: corrosivo<\/li>\n<\/ul>\n\n\n\n<p>Ambos componentes pueden causar sensibilizaci\u00f3n cut\u00e1nea.<br\/>\ud83d\udd12 <strong>Utilizar s\u00f3lo por profesionales<\/strong>.<br\/>\ud83e\udde4 Utilizar <strong>guantes, gafas protectoras y ropa de trabajo<\/strong> durante su uso.<br\/>\ud83d\udcc4 Consulta siempre la <strong>ficha de datos de seguridad m\u00e1s reciente<\/strong>.  <\/p>\n<\/div>\n<\/div>\n<\/div>\n\n<div style=\"height:var(--wp--preset--spacing--80)\" aria-hidden=\"true\" class=\"wp-block-spacer\"><\/div>\n\n<div class=\"wp-block-group alignwide is-style-container has-contrast-2-background-color has-background has-global-padding is-layout-constrained wp-container-core-group-is-layout-f04d5c41 wp-block-group-is-layout-constrained\" id=\"catalog\">\n<div class=\"wp-block-columns alignwide are-vertically-aligned-center is-layout-flex wp-container-core-columns-is-layout-e4e53ecd wp-block-columns-is-layout-flex\" style=\"margin-top:var(--wp--preset--spacing--100);margin-bottom:var(--wp--preset--spacing--100)\">\n<div class=\"wp-block-column is-layout-flow wp-block-column-is-layout-flow\" style=\"flex-basis:50%\">\n<figure class=\"wp-block-image size-full\"><img loading=\"lazy\" decoding=\"async\" width=\"900\" height=\"901\" src=\"https:\/\/www.berti.net\/wp-content\/uploads\/bipower-catalog-ok.jpg\" alt=\"\" class=\"wp-image-29157\" style=\"box-shadow:var(--wp--preset--shadow--deep)\" srcset=\"https:\/\/berti.net\/wp-content\/uploads\/bipower-catalog-ok.jpg 900w, https:\/\/berti.net\/wp-content\/uploads\/bipower-catalog-ok-812x812.jpg 812w, https:\/\/berti.net\/wp-content\/uploads\/bipower-catalog-ok-406x406.jpg 406w, https:\/\/berti.net\/wp-content\/uploads\/bipower-catalog-ok-768x769.jpg 768w\" sizes=\"auto, (max-width: 900px) 100vw, 900px\" \/><\/figure>\n<\/div>\n\n\n\n<div class=\"wp-block-column is-layout-flow wp-block-column-is-layout-flow\" style=\"flex-basis:50%\">\n<h4 class=\"wp-block-heading\" style=\"margin-top:var(--wp--preset--spacing--20);margin-bottom:var(--wp--preset--spacing--20);font-size:clamp(26.944px, 1.684rem + ((1vw - 3.2px) * 1.489), 46px);line-height:1\">Descargar ficha t\u00e9cnica<\/h4>\n\n\n\n<p class=\"has-text-color has-body-font-family\" style=\"color:#000000;padding-right:16%;font-size:14px\">Descarga el cat\u00e1logo para descubrir la nueva colecci\u00f3n BI POWER de Berti Pavimenti Legno.<\/p>\n\n\n\n<div class=\"wp-block-buttons is-layout-flex wp-block-buttons-is-layout-flex\" style=\"margin-top:var(--wp--preset--spacing--30)\">\n<div class=\"wp-block-button is-style-fill\"><a class=\"wp-block-button__link has-base-3-color has-base-background-color has-text-color has-background has-link-color has-custom-font-size wp-element-button\" href=\"https:\/\/www.berti.net\/wp-content\/uploads\/BERTI_Bi-power_user_guide.pdf\" style=\"padding-top:15px;padding-right:40px;padding-bottom:15px;padding-left:40px;font-size:clamp(14px, 0.875rem + ((1vw - 3.2px) * 0.156), 16px);\" target=\"_blank\" rel=\"noreferrer noopener\">DESCARGA<\/a><\/div>\n<\/div>\n<\/div>\n<\/div>\n<\/div>\n","protected":false},"excerpt":{"rendered":"<p>Su formulaci\u00f3n de epoxi-poliuretano lo hace ideal para entornos de alta frecuencia y para profesionales que buscan altas prestaciones, fiabilidad y tiempos de procesamiento manejables.Caracter\u00edsticas principales Caracter\u00edsticas principales Modalidades de uso Preparaci\u00f3n de la masa Aplicaci\u00f3n Tiempos t\u00e9cnicos Datos t\u00e9cnicos Seguridad y precauciones Ambos componentes pueden causar sensibilizaci\u00f3n cut\u00e1nea.\ud83d\udd12 Utilizar s\u00f3lo por profesionales.\ud83e\udde4 Utilizar guantes, gafas protectoras y ropa de [&hellip;]<\/p>\n","protected":false},"author":2,"featured_media":29124,"template":"","product_collection":[259],"product_type":[],"product_color":[],"class_list":["post-25540","product","type-product","status-publish","has-post-thumbnail","hentry","product_collection-productos-de-parquet"],"_links":{"self":[{"href":"https:\/\/berti.net\/es\/wp-json\/wp\/v2\/product\/25540","targetHints":{"allow":["GET"]}}],"collection":[{"href":"https:\/\/berti.net\/es\/wp-json\/wp\/v2\/product"}],"about":[{"href":"https:\/\/berti.net\/es\/wp-json\/wp\/v2\/types\/product"}],"author":[{"embeddable":true,"href":"https:\/\/berti.net\/es\/wp-json\/wp\/v2\/users\/2"}],"wp:featuredmedia":[{"embeddable":true,"href":"https:\/\/berti.net\/es\/wp-json\/wp\/v2\/media\/29124"}],"wp:attachment":[{"href":"https:\/\/berti.net\/es\/wp-json\/wp\/v2\/media?parent=25540"}],"wp:term":[{"taxonomy":"product_collection","embeddable":true,"href":"https:\/\/berti.net\/es\/wp-json\/wp\/v2\/product_collection?post=25540"},{"taxonomy":"product_type","embeddable":true,"href":"https:\/\/berti.net\/es\/wp-json\/wp\/v2\/product_type?post=25540"},{"taxonomy":"product_color","embeddable":true,"href":"https:\/\/berti.net\/es\/wp-json\/wp\/v2\/product_color?post=25540"}],"curies":[{"name":"wp","href":"https:\/\/api.w.org\/{rel}","templated":true}]}}

<div class="wp-block-group is-style-container has-global-padding is-content-justification-center is-layout-constrained wp-block-group-is-layout-constrained">
<div class="wp-block-group title-text-indented-pattern animated fadeIn has-global-padding is-layout-constrained wp-container-core-group-is-layout-a31aa551 wp-block-group-is-layout-constrained">
<div class="wp-block-group has-global-padding is-layout-constrained wp-block-group-is-layout-constrained" style="margin-bottom:var(--wp--preset--spacing--50)">
<p class="has-m-font-size">Su formulación de epoxi-poliuretano lo hace ideal para entornos <strong>de alta frecuencia</strong> y para profesionales que buscan <strong>altas prestaciones, fiabilidad y tiempos de procesamiento manejables</strong>.Características principales</p>
</div>
</div>



<div class="wp-block-group title-text-indented-pattern animated fadeIn has-global-padding is-layout-constrained wp-container-core-group-is-layout-a31aa551 wp-block-group-is-layout-constrained">
<h3 class="wp-block-heading has-text-color has-m-32-font-size" style="color:#000000">Características principales</h3>



<div class="wp-block-group has-global-padding is-layout-constrained wp-block-group-is-layout-constrained" style="margin-bottom:var(--wp--preset--spacing--50)">
<ul class="wp-block-list">
<li>Adhesivo en pasta de dos componentes (A + B)</li>



<li>Ideal para cualquier tipo de parquet: lamparquet, tablones, multicapa, etc.</li>



<li>Alta adherencia (&gt;3 N/mm² sobre hormigón y cerámica)</li>



<li>Excelente resistencia y fijación incluso en sustratos no absorbentes</li>



<li>Gran flexibilidad y durabilidad</li>



<li>Baja emisión de COV (cumple los requisitos para interiores)</li>



<li>Proporción A:B predosificada (9:1 en peso)</li>
</ul>
</div>
</div>



<div class="wp-block-group title-text-indented-pattern animated fadeIn has-global-padding is-layout-constrained wp-container-core-group-is-layout-a31aa551 wp-block-group-is-layout-constrained">
<h3 class="wp-block-heading has-text-color has-m-32-font-size" style="color:#000000">Modalidades de uso</h3>



<div class="wp-block-group has-global-padding is-layout-constrained wp-block-group-is-layout-constrained" style="margin-bottom:var(--wp--preset--spacing--50)">
<h4 class="wp-block-heading has-m-22-font-size">Preparación de la masa</h4>



<ul class="wp-block-list">
<li>El <strong>componente B ya está incluido dentro del contenedor del componente A.</strong></li>



<li>Vierte el  <strong>comp. B (1 parte) </strong>  en  <strong>comp. A (9 partes) </strong>.</li>



<li>Mezcla con un agitador mecánico a baja velocidad hasta obtener una mezcla homogénea.
<ul style="margin-top:var(--wp--preset--spacing--10)" class="wp-block-list">
<li>En invierno, mezcla primero sólo el componente A para facilitar la amalgama.</li>
</ul>
</li>



<li>Vida útil: <strong>60-70 minutos</strong></li>
</ul>
</div>



<div class="wp-block-group has-global-padding is-layout-constrained wp-block-group-is-layout-constrained" style="margin-bottom:var(--wp--preset--spacing--50)">
<h4 class="wp-block-heading has-m-22-font-size">Aplicación</h4>



<ul class="wp-block-list">
<li>Aplicar con llana dentada sobre un soporte <strong>limpio, seco y mecánicamente resistente</strong>.</li>



<li>El <strong>tiempo de apertura</strong> es de aproximadamente <strong>1 hora</strong> a 23°C.</li>



<li>Coloca el parquet <strong>aplicando una presión uniforme</strong>.</li>



<li>Deja siempre <strong>una junta perimetral de 1 cm aproximadamente.</strong></li>



<li>No pegues lateralmente y <strong>evita rellenar las juntas de los productos preacabados</strong>.</li>
</ul>
</div>
</div>



<div class="wp-block-group title-text-indented-pattern animated fadeIn has-global-padding is-layout-constrained wp-container-core-group-is-layout-a31aa551 wp-block-group-is-layout-constrained">
<h3 class="wp-block-heading has-text-color has-m-32-font-size" style="color:#000000">Tiempos técnicos</h3>



<div class="wp-block-group has-global-padding is-layout-constrained wp-block-group-is-layout-constrained" style="margin-bottom:var(--wp--preset--spacing--50)">
<ul class="wp-block-list">
<li><strong>Caminabilidad</strong>: al cabo de unas <strong>24 horas</strong></li>



<li><strong>Lijabilidad</strong>: después de <strong>3 días</strong> (óptimo: 7-10 días para una estabilidad máxima)</li>
</ul>
</div>
</div>



<div class="wp-block-group title-text-indented-pattern animated fadeIn has-global-padding is-layout-constrained wp-container-core-group-is-layout-a31aa551 wp-block-group-is-layout-constrained">
<h3 class="wp-block-heading has-text-color has-m-32-font-size" style="color:#000000">Datos técnicos</h3>



<div class="wp-block-group has-global-padding is-layout-constrained wp-block-group-is-layout-constrained" style="margin-bottom:var(--wp--preset--spacing--50)">
<ul class="wp-block-list">
<li><strong>Formato</strong>: unidad predosificada de 10 kg
<ul style="margin-top:var(--wp--preset--spacing--10)" class="wp-block-list">
<li>Componente A: 9 kg</li>



<li>Componente B: 1 kg</li>
</ul>
</li>



<li><strong>Consumo</strong>: 1000-1300 g/m² (llana dentada para parquet)</li>



<li><strong>Color de stock</strong>: beige uniforme</li>



<li><strong>pH</strong>: no aplicable &#8211; adhesivo de reacción</li>



<li><strong>Dureza Shore A</strong>: 88 (después de 7 días)</li>



<li><strong>Temperatura de aplicación</strong>: de +10°C a +30°C</li>



<li><strong>Temperatura de funcionamiento</strong>: de -30°C a +70°C</li>



<li><strong>Durabilidad</strong>: 24 meses (en el envase original cerrado, en lugar seco)</li>
</ul>
</div>
</div>



<div class="wp-block-group title-text-indented-pattern animated fadeIn has-global-padding is-layout-constrained wp-container-core-group-is-layout-a31aa551 wp-block-group-is-layout-constrained">
<h3 class="wp-block-heading has-text-color has-m-32-font-size" style="color:#000000">Seguridad y precauciones</h3>



<div class="wp-block-group has-global-padding is-layout-constrained wp-block-group-is-layout-constrained" style="margin-bottom:var(--wp--preset--spacing--50)">
<ul class="wp-block-list">
<li><strong>Componente A</strong>: inflamable e irritante</li>



<li><strong>Componente B</strong>: corrosivo</li>
</ul>



<p>Ambos componentes pueden causar sensibilización cutánea.<br/>🔒 <strong>Utilizar sólo por profesionales</strong>.<br/>🧤 Utilizar <strong>guantes, gafas protectoras y ropa de trabajo</strong> durante su uso.<br/>📄 Consulta siempre la <strong>ficha de datos de seguridad más reciente</strong>.  </p>
</div>
</div>
</div>

<div style="height:var(--wp--preset--spacing--80)" aria-hidden="true" class="wp-block-spacer"></div>

<div class="wp-block-group alignwide is-style-container has-contrast-2-background-color has-background has-global-padding is-layout-constrained wp-container-core-group-is-layout-f04d5c41 wp-block-group-is-layout-constrained" id="catalog">
<div class="wp-block-columns alignwide are-vertically-aligned-center is-layout-flex wp-container-core-columns-is-layout-e4e53ecd wp-block-columns-is-layout-flex" style="margin-top:var(--wp--preset--spacing--100);margin-bottom:var(--wp--preset--spacing--100)">
<div class="wp-block-column is-layout-flow wp-block-column-is-layout-flow" style="flex-basis:50%">
<figure class="wp-block-image size-full"><img loading="lazy" decoding="async" width="900" height="901" src="https://www.berti.net/wp-content/uploads/bipower-catalog-ok.jpg" alt="" class="wp-image-29157" style="box-shadow:var(--wp--preset--shadow--deep)" srcset="https://berti.net/wp-content/uploads/bipower-catalog-ok.jpg 900w, https://berti.net/wp-content/uploads/bipower-catalog-ok-812x812.jpg 812w, https://berti.net/wp-content/uploads/bipower-catalog-ok-406x406.jpg 406w, https://berti.net/wp-content/uploads/bipower-catalog-ok-768x769.jpg 768w" sizes="auto, (max-width: 900px) 100vw, 900px" /></figure>
</div>



<div class="wp-block-column is-layout-flow wp-block-column-is-layout-flow" style="flex-basis:50%">
<h4 class="wp-block-heading" style="margin-top:var(--wp--preset--spacing--20);margin-bottom:var(--wp--preset--spacing--20);font-size:clamp(26.944px, 1.684rem + ((1vw - 3.2px) * 1.489), 46px);line-height:1">Descargar ficha técnica</h4>



<p class="has-text-color has-body-font-family" style="color:#000000;padding-right:16%;font-size:14px">Descarga el catálogo para descubrir la nueva colección BI POWER de Berti Pavimenti Legno.</p>



<div class="wp-block-buttons is-layout-flex wp-block-buttons-is-layout-flex" style="margin-top:var(--wp--preset--spacing--30)">
<div class="wp-block-button is-style-fill"><a class="wp-block-button__link has-base-3-color has-base-background-color has-text-color has-background has-link-color has-custom-font-size wp-element-button" href="https://www.berti.net/wp-content/uploads/BERTI_Bi-power_user_guide.pdf" style="padding-top:15px;padding-right:40px;padding-bottom:15px;padding-left:40px;font-size:clamp(14px, 0.875rem + ((1vw - 3.2px) * 0.156), 16px);" target="_blank" rel="noreferrer noopener">DESCARGA</a></div>
</div>
</div>
</div>
</div>

<p>Su formulación de epoxi-poliuretano lo hace ideal para entornos de alta frecuencia y para profesionales que buscan altas prestaciones, fiabilidad y tiempos de procesamiento manejables.Características principales Características principales Modalidades de uso Preparación de la masa Aplicación Tiempos técnicos Datos técnicos Seguridad y precauciones Ambos componentes pueden causar sensibilización cutánea.🔒 Utilizar sólo por profesionales.🧤 Utilizar guantes, gafas protectoras y ropa de [&hellip;]</p>
