{"id":25531,"date":"2025-06-26T10:09:11","date_gmt":"2025-06-26T10:09:11","guid":{"rendered":"https:\/\/www.berti.net\/product\/vitaliza\/"},"modified":"2025-06-27T10:41:03","modified_gmt":"2025-06-27T10:41:03","slug":"vitaliza","status":"publish","type":"product","link":"https:\/\/berti.net\/es\/productos-de-parquet\/vitaliza\/","title":{"rendered":"VITALIZA"},"content":{"rendered":"\n<div class=\"wp-block-group is-style-container has-global-padding is-content-justification-center is-layout-constrained wp-block-group-is-layout-constrained\">\n<div class=\"wp-block-group title-text-indented-pattern animated fadeIn has-global-padding is-layout-constrained wp-container-core-group-is-layout-a31aa551 wp-block-group-is-layout-constrained\">\n<div class=\"wp-block-group has-global-padding is-layout-constrained wp-block-group-is-layout-constrained\" style=\"margin-bottom:var(--wp--preset--spacing--50)\">\n<p class=\"has-m-font-size\"><br\/>Listo para usar y <strong>f\u00e1cil de aplicar<\/strong>, VITALIZE es adecuado tanto para superficies aceitadas como pintadas, y puede utilizarse en hogares, salas de exposiciones o entornos de tr\u00e1fico medio\/alto.<\/p>\n<\/div>\n<\/div>\n\n\n\n<div class=\"wp-block-group title-text-indented-pattern animated fadeIn has-global-padding is-layout-constrained wp-container-core-group-is-layout-a31aa551 wp-block-group-is-layout-constrained\">\n<h3 class=\"wp-block-heading has-text-color has-m-32-font-size\" style=\"color:#000000\">Caracter\u00edsticas principales<\/h3>\n\n\n\n<div class=\"wp-block-group has-global-padding is-layout-constrained wp-block-group-is-layout-constrained\" style=\"margin-bottom:var(--wp--preset--spacing--50)\">\n<ul class=\"wp-block-list\">\n<li>Nutre y protege el parquet aceitado o barnizado<\/li>\n\n\n\n<li>Compuesto de <strong>aceites naturales y ceras<\/strong> vegetales<\/li>\n\n\n\n<li>Aumenta la <strong>resistencia al desgaste<\/strong> y a las manchas<\/li>\n\n\n\n<li>No se blanquea con el agua y no deja marcas<\/li>\n\n\n\n<li><strong>Autopulimentable<\/strong>, pero pulible con un monocepillo<\/li>\n\n\n\n<li>Sin s\u00edmbolos de peligro: <strong>seguro para el medio ambiente y las personas<\/strong><\/li>\n<\/ul>\n<\/div>\n<\/div>\n\n\n\n<div class=\"wp-block-group title-text-indented-pattern animated fadeIn has-global-padding is-layout-constrained wp-container-core-group-is-layout-a31aa551 wp-block-group-is-layout-constrained\">\n<h3 class=\"wp-block-heading has-text-color has-m-32-font-size\" style=\"color:#000000\">Modalidades de uso<\/h3>\n\n\n\n<div class=\"wp-block-group has-global-padding is-layout-constrained wp-block-group-is-layout-constrained\" style=\"margin-bottom:var(--wp--preset--spacing--50)\">\n<h4 class=\"wp-block-heading has-m-22-font-size\">Primera solicitud<\/h4>\n\n\n\n<ul class=\"wp-block-list\">\n<li><strong>Limpia el suelo<\/strong> con un detergente neutro (por ejemplo, REFINE).<\/li>\n\n\n\n<li>Espera a que la superficie est\u00e9 completamente seca.<\/li>\n\n\n\n<li><strong>Agita bien<\/strong> el producto antes de usarlo.<\/li>\n\n\n\n<li>Aplica una <strong>capa fina y uniforme<\/strong> de VITALIZE con un pa\u00f1o de algod\u00f3n o microfibra y un pincel.<\/li>\n\n\n\n<li>Avanza <strong>1 metro cada vez<\/strong>, siguiendo la veta de la madera.<\/li>\n\n\n\n<li>Evita el solapamiento y el estancamiento.<\/li>\n<\/ul>\n<\/div>\n\n\n\n<div class=\"wp-block-group has-global-padding is-layout-constrained wp-block-group-is-layout-constrained\" style=\"margin-bottom:var(--wp--preset--spacing--50)\">\n<h4 class=\"wp-block-heading has-m-22-font-size\">Tras la aplicaci\u00f3n<\/h4>\n\n\n\n<ul class=\"wp-block-list\">\n<li><strong>Seco al tacto<\/strong>: despu\u00e9s de <strong>1 hora aproximadamente<\/strong><\/li>\n\n\n\n<li><strong>Caminable<\/strong>: despu\u00e9s de <strong>2 horas<\/strong><\/li>\n\n\n\n<li><strong>Secado completo<\/strong>: <strong>48 horas<\/strong><\/li>\n\n\n\n<li><strong>Pulido opcional<\/strong>: posible con un solo cepillo (discos blancos o beige) para eliminar marcas y realzar el efecto seda<\/li>\n<\/ul>\n<\/div>\n\n\n\n<div class=\"wp-block-group has-global-padding is-layout-constrained wp-block-group-is-layout-constrained\" style=\"margin-bottom:var(--wp--preset--spacing--50)\">\n<h4 class=\"wp-block-heading has-m-22-font-size\">Frecuencia recomendada<\/h4>\n\n\n\n<ul class=\"wp-block-list\">\n<li><strong>1er a\u00f1o de vida del parquet<\/strong>: cada 4-8 meses<\/li>\n\n\n\n<li><strong>A partir del a\u00f1o 2<\/strong>: cada 10-12 meses<\/li>\n\n\n\n<li>En entornos muy habitados: intervalos m\u00e1s estrechos<\/li>\n\n\n\n<li>En zonas poco transitadas: tambi\u00e9n cada 12-18 meses<\/li>\n<\/ul>\n<\/div>\n<\/div>\n\n\n\n<div class=\"wp-block-group title-text-indented-pattern animated fadeIn has-global-padding is-layout-constrained wp-container-core-group-is-layout-a31aa551 wp-block-group-is-layout-constrained\">\n<h3 class=\"wp-block-heading has-text-color has-m-32-font-size\" style=\"color:#000000\">Datos t\u00e9cnicos<\/h3>\n\n\n\n<div class=\"wp-block-group has-global-padding is-layout-constrained wp-block-group-is-layout-constrained\" style=\"margin-bottom:var(--wp--preset--spacing--50)\">\n<ul class=\"wp-block-list\">\n<li><strong>Formato<\/strong>: botella de 1 litro<\/li>\n\n\n\n<li><strong>Rendimiento<\/strong>: 30-45 m\u00b2 por litro (seg\u00fan el tipo de superficie)<\/li>\n\n\n\n<li><strong>Aspecto<\/strong>: l\u00edquido lechoso<\/li>\n\n\n\n<li><strong>Olor<\/strong>: agradable, natural<\/li>\n\n\n\n<li><strong>pH (20\u00b0C<\/strong>): 8,5<\/li>\n\n\n\n<li><strong>Peso espec\u00edfico<\/strong>: 1,014 kg\/L<\/li>\n\n\n\n<li><strong>Punto de inflamaci\u00f3n<\/strong>: &gt;60\u00b0C<\/li>\n\n\n\n<li><strong>Solubilidad en agua<\/strong>: total<\/li>\n\n\n\n<li><strong>Conservaci\u00f3n<\/strong>: 12 meses (en lugar fresco y seco, protegido de las heladas)<\/li>\n<\/ul>\n<\/div>\n<\/div>\n\n\n\n<div class=\"wp-block-group title-text-indented-pattern animated fadeIn has-global-padding is-layout-constrained wp-container-core-group-is-layout-a31aa551 wp-block-group-is-layout-constrained\">\n<h3 class=\"wp-block-heading has-text-color has-m-32-font-size\" style=\"color:#000000\">Composici\u00f3n natural<\/h3>\n\n\n\n<div class=\"wp-block-group has-global-padding is-layout-constrained wp-block-group-is-layout-constrained\" style=\"margin-bottom:var(--wp--preset--spacing--50)\">\n<ul class=\"wp-block-list\">\n<li>Aceites de c\u00e1rtamo, girasol, c\u00e1\u00f1amo, linaza, ricino, tung, adormidera<\/li>\n\n\n\n<li>Cera de abejas, cera de carnauba, prop\u00f3leo, resinas naturales, agua<\/li>\n\n\n\n<li>Sin sustancias nocivas ni disolventes agresivos<\/li>\n<\/ul>\n<\/div>\n<\/div>\n<\/div>\n\n<div style=\"height:var(--wp--preset--spacing--80)\" aria-hidden=\"true\" class=\"wp-block-spacer\"><\/div>\n\n<div class=\"wp-block-group alignwide is-style-container has-contrast-2-background-color has-background has-global-padding is-layout-constrained wp-container-core-group-is-layout-f04d5c41 wp-block-group-is-layout-constrained\" id=\"catalog\">\n<div class=\"wp-block-columns alignwide are-vertically-aligned-center is-layout-flex wp-container-core-columns-is-layout-e4e53ecd wp-block-columns-is-layout-flex\" style=\"margin-top:var(--wp--preset--spacing--100);margin-bottom:var(--wp--preset--spacing--100)\">\n<div class=\"wp-block-column is-layout-flow wp-block-column-is-layout-flow\" style=\"flex-basis:50%\">\n<figure class=\"wp-block-image size-full\"><img loading=\"lazy\" decoding=\"async\" width=\"900\" height=\"900\" src=\"https:\/\/www.berti.net\/wp-content\/uploads\/Berti_Vitalize-manutentore_page-0001.jpg\" alt=\"\" class=\"wp-image-25526\" style=\"box-shadow:var(--wp--preset--shadow--deep)\" srcset=\"https:\/\/berti.net\/wp-content\/uploads\/Berti_Vitalize-manutentore_page-0001.jpg 900w, https:\/\/berti.net\/wp-content\/uploads\/Berti_Vitalize-manutentore_page-0001-812x812.jpg 812w, https:\/\/berti.net\/wp-content\/uploads\/Berti_Vitalize-manutentore_page-0001-406x406.jpg 406w, https:\/\/berti.net\/wp-content\/uploads\/Berti_Vitalize-manutentore_page-0001-768x768.jpg 768w\" sizes=\"auto, (max-width: 900px) 100vw, 900px\" \/><\/figure>\n<\/div>\n\n\n\n<div class=\"wp-block-column is-layout-flow wp-block-column-is-layout-flow\" style=\"flex-basis:50%\">\n<h4 class=\"wp-block-heading\" style=\"margin-top:var(--wp--preset--spacing--20);margin-bottom:var(--wp--preset--spacing--20);font-size:clamp(26.944px, 1.684rem + ((1vw - 3.2px) * 1.489), 46px);line-height:1\">Descargar ficha t\u00e9cnica<\/h4>\n\n\n\n<p class=\"has-text-color has-body-font-family\" style=\"color:#000000;padding-right:16%;font-size:14px\">Descarga el cat\u00e1logo para descubrir la nueva colecci\u00f3n VITALIZE de Berti Pavimenti Legno.<\/p>\n\n\n\n<div class=\"wp-block-buttons is-layout-flex wp-block-buttons-is-layout-flex\" style=\"margin-top:var(--wp--preset--spacing--30)\">\n<div class=\"wp-block-button is-style-fill\"><a class=\"wp-block-button__link has-base-3-color has-base-background-color has-text-color has-background has-link-color has-custom-font-size wp-element-button\" href=\"https:\/\/www.berti.net\/wp-content\/uploads\/BERTI_Vitalize_user_guide_compressed.pdf\" style=\"padding-top:15px;padding-right:40px;padding-bottom:15px;padding-left:40px;font-size:clamp(14px, 0.875rem + ((1vw - 3.2px) * 0.156), 16px);\" target=\"_blank\" rel=\"noreferrer noopener\">DESCARGA<\/a><\/div>\n<\/div>\n<\/div>\n<\/div>\n<\/div>\n\n<p><\/p>\n","protected":false},"excerpt":{"rendered":"<p>Listo para usar y f\u00e1cil de aplicar, VITALIZE es adecuado tanto para superficies aceitadas como pintadas, y puede utilizarse en hogares, salas de exposiciones o entornos de tr\u00e1fico medio\/alto. Caracter\u00edsticas principales Modalidades de uso Primera solicitud Tras la aplicaci\u00f3n Frecuencia recomendada Datos t\u00e9cnicos Composici\u00f3n natural Descargar ficha t\u00e9cnica Descarga el cat\u00e1logo para descubrir la nueva colecci\u00f3n VITALIZE de Berti Pavimenti [&hellip;]<\/p>\n","protected":false},"author":2,"featured_media":25355,"template":"","product_collection":[259],"product_type":[],"product_color":[],"class_list":["post-25531","product","type-product","status-publish","has-post-thumbnail","hentry","product_collection-productos-de-parquet"],"_links":{"self":[{"href":"https:\/\/berti.net\/es\/wp-json\/wp\/v2\/product\/25531","targetHints":{"allow":["GET"]}}],"collection":[{"href":"https:\/\/berti.net\/es\/wp-json\/wp\/v2\/product"}],"about":[{"href":"https:\/\/berti.net\/es\/wp-json\/wp\/v2\/types\/product"}],"author":[{"embeddable":true,"href":"https:\/\/berti.net\/es\/wp-json\/wp\/v2\/users\/2"}],"wp:featuredmedia":[{"embeddable":true,"href":"https:\/\/berti.net\/es\/wp-json\/wp\/v2\/media\/25355"}],"wp:attachment":[{"href":"https:\/\/berti.net\/es\/wp-json\/wp\/v2\/media?parent=25531"}],"wp:term":[{"taxonomy":"product_collection","embeddable":true,"href":"https:\/\/berti.net\/es\/wp-json\/wp\/v2\/product_collection?post=25531"},{"taxonomy":"product_type","embeddable":true,"href":"https:\/\/berti.net\/es\/wp-json\/wp\/v2\/product_type?post=25531"},{"taxonomy":"product_color","embeddable":true,"href":"https:\/\/berti.net\/es\/wp-json\/wp\/v2\/product_color?post=25531"}],"curies":[{"name":"wp","href":"https:\/\/api.w.org\/{rel}","templated":true}]}}

<div class="wp-block-group is-style-container has-global-padding is-content-justification-center is-layout-constrained wp-block-group-is-layout-constrained">
<div class="wp-block-group title-text-indented-pattern animated fadeIn has-global-padding is-layout-constrained wp-container-core-group-is-layout-a31aa551 wp-block-group-is-layout-constrained">
<div class="wp-block-group has-global-padding is-layout-constrained wp-block-group-is-layout-constrained" style="margin-bottom:var(--wp--preset--spacing--50)">
<p class="has-m-font-size"><br/>Listo para usar y <strong>fácil de aplicar</strong>, VITALIZE es adecuado tanto para superficies aceitadas como pintadas, y puede utilizarse en hogares, salas de exposiciones o entornos de tráfico medio/alto.</p>
</div>
</div>



<div class="wp-block-group title-text-indented-pattern animated fadeIn has-global-padding is-layout-constrained wp-container-core-group-is-layout-a31aa551 wp-block-group-is-layout-constrained">
<h3 class="wp-block-heading has-text-color has-m-32-font-size" style="color:#000000">Características principales</h3>



<div class="wp-block-group has-global-padding is-layout-constrained wp-block-group-is-layout-constrained" style="margin-bottom:var(--wp--preset--spacing--50)">
<ul class="wp-block-list">
<li>Nutre y protege el parquet aceitado o barnizado</li>



<li>Compuesto de <strong>aceites naturales y ceras</strong> vegetales</li>



<li>Aumenta la <strong>resistencia al desgaste</strong> y a las manchas</li>



<li>No se blanquea con el agua y no deja marcas</li>



<li><strong>Autopulimentable</strong>, pero pulible con un monocepillo</li>



<li>Sin símbolos de peligro: <strong>seguro para el medio ambiente y las personas</strong></li>
</ul>
</div>
</div>



<div class="wp-block-group title-text-indented-pattern animated fadeIn has-global-padding is-layout-constrained wp-container-core-group-is-layout-a31aa551 wp-block-group-is-layout-constrained">
<h3 class="wp-block-heading has-text-color has-m-32-font-size" style="color:#000000">Modalidades de uso</h3>



<div class="wp-block-group has-global-padding is-layout-constrained wp-block-group-is-layout-constrained" style="margin-bottom:var(--wp--preset--spacing--50)">
<h4 class="wp-block-heading has-m-22-font-size">Primera solicitud</h4>



<ul class="wp-block-list">
<li><strong>Limpia el suelo</strong> con un detergente neutro (por ejemplo, REFINE).</li>



<li>Espera a que la superficie esté completamente seca.</li>



<li><strong>Agita bien</strong> el producto antes de usarlo.</li>



<li>Aplica una <strong>capa fina y uniforme</strong> de VITALIZE con un paño de algodón o microfibra y un pincel.</li>



<li>Avanza <strong>1 metro cada vez</strong>, siguiendo la veta de la madera.</li>



<li>Evita el solapamiento y el estancamiento.</li>
</ul>
</div>



<div class="wp-block-group has-global-padding is-layout-constrained wp-block-group-is-layout-constrained" style="margin-bottom:var(--wp--preset--spacing--50)">
<h4 class="wp-block-heading has-m-22-font-size">Tras la aplicación</h4>



<ul class="wp-block-list">
<li><strong>Seco al tacto</strong>: después de <strong>1 hora aproximadamente</strong></li>



<li><strong>Caminable</strong>: después de <strong>2 horas</strong></li>



<li><strong>Secado completo</strong>: <strong>48 horas</strong></li>



<li><strong>Pulido opcional</strong>: posible con un solo cepillo (discos blancos o beige) para eliminar marcas y realzar el efecto seda</li>
</ul>
</div>



<div class="wp-block-group has-global-padding is-layout-constrained wp-block-group-is-layout-constrained" style="margin-bottom:var(--wp--preset--spacing--50)">
<h4 class="wp-block-heading has-m-22-font-size">Frecuencia recomendada</h4>



<ul class="wp-block-list">
<li><strong>1er año de vida del parquet</strong>: cada 4-8 meses</li>



<li><strong>A partir del año 2</strong>: cada 10-12 meses</li>



<li>En entornos muy habitados: intervalos más estrechos</li>



<li>En zonas poco transitadas: también cada 12-18 meses</li>
</ul>
</div>
</div>



<div class="wp-block-group title-text-indented-pattern animated fadeIn has-global-padding is-layout-constrained wp-container-core-group-is-layout-a31aa551 wp-block-group-is-layout-constrained">
<h3 class="wp-block-heading has-text-color has-m-32-font-size" style="color:#000000">Datos técnicos</h3>



<div class="wp-block-group has-global-padding is-layout-constrained wp-block-group-is-layout-constrained" style="margin-bottom:var(--wp--preset--spacing--50)">
<ul class="wp-block-list">
<li><strong>Formato</strong>: botella de 1 litro</li>



<li><strong>Rendimiento</strong>: 30-45 m² por litro (según el tipo de superficie)</li>



<li><strong>Aspecto</strong>: líquido lechoso</li>



<li><strong>Olor</strong>: agradable, natural</li>



<li><strong>pH (20°C</strong>): 8,5</li>



<li><strong>Peso específico</strong>: 1,014 kg/L</li>



<li><strong>Punto de inflamación</strong>: &gt;60°C</li>



<li><strong>Solubilidad en agua</strong>: total</li>



<li><strong>Conservación</strong>: 12 meses (en lugar fresco y seco, protegido de las heladas)</li>
</ul>
</div>
</div>



<div class="wp-block-group title-text-indented-pattern animated fadeIn has-global-padding is-layout-constrained wp-container-core-group-is-layout-a31aa551 wp-block-group-is-layout-constrained">
<h3 class="wp-block-heading has-text-color has-m-32-font-size" style="color:#000000">Composición natural</h3>



<div class="wp-block-group has-global-padding is-layout-constrained wp-block-group-is-layout-constrained" style="margin-bottom:var(--wp--preset--spacing--50)">
<ul class="wp-block-list">
<li>Aceites de cártamo, girasol, cáñamo, linaza, ricino, tung, adormidera</li>



<li>Cera de abejas, cera de carnauba, propóleo, resinas naturales, agua</li>



<li>Sin sustancias nocivas ni disolventes agresivos</li>
</ul>
</div>
</div>
</div>

<div style="height:var(--wp--preset--spacing--80)" aria-hidden="true" class="wp-block-spacer"></div>

<div class="wp-block-group alignwide is-style-container has-contrast-2-background-color has-background has-global-padding is-layout-constrained wp-container-core-group-is-layout-f04d5c41 wp-block-group-is-layout-constrained" id="catalog">
<div class="wp-block-columns alignwide are-vertically-aligned-center is-layout-flex wp-container-core-columns-is-layout-e4e53ecd wp-block-columns-is-layout-flex" style="margin-top:var(--wp--preset--spacing--100);margin-bottom:var(--wp--preset--spacing--100)">
<div class="wp-block-column is-layout-flow wp-block-column-is-layout-flow" style="flex-basis:50%">
<figure class="wp-block-image size-full"><img loading="lazy" decoding="async" width="900" height="900" src="https://www.berti.net/wp-content/uploads/Berti_Vitalize-manutentore_page-0001.jpg" alt="" class="wp-image-25526" style="box-shadow:var(--wp--preset--shadow--deep)" srcset="https://berti.net/wp-content/uploads/Berti_Vitalize-manutentore_page-0001.jpg 900w, https://berti.net/wp-content/uploads/Berti_Vitalize-manutentore_page-0001-812x812.jpg 812w, https://berti.net/wp-content/uploads/Berti_Vitalize-manutentore_page-0001-406x406.jpg 406w, https://berti.net/wp-content/uploads/Berti_Vitalize-manutentore_page-0001-768x768.jpg 768w" sizes="auto, (max-width: 900px) 100vw, 900px" /></figure>
</div>



<div class="wp-block-column is-layout-flow wp-block-column-is-layout-flow" style="flex-basis:50%">
<h4 class="wp-block-heading" style="margin-top:var(--wp--preset--spacing--20);margin-bottom:var(--wp--preset--spacing--20);font-size:clamp(26.944px, 1.684rem + ((1vw - 3.2px) * 1.489), 46px);line-height:1">Descargar ficha técnica</h4>



<p class="has-text-color has-body-font-family" style="color:#000000;padding-right:16%;font-size:14px">Descarga el catálogo para descubrir la nueva colección VITALIZE de Berti Pavimenti Legno.</p>



<div class="wp-block-buttons is-layout-flex wp-block-buttons-is-layout-flex" style="margin-top:var(--wp--preset--spacing--30)">
<div class="wp-block-button is-style-fill"><a class="wp-block-button__link has-base-3-color has-base-background-color has-text-color has-background has-link-color has-custom-font-size wp-element-button" href="https://www.berti.net/wp-content/uploads/BERTI_Vitalize_user_guide_compressed.pdf" style="padding-top:15px;padding-right:40px;padding-bottom:15px;padding-left:40px;font-size:clamp(14px, 0.875rem + ((1vw - 3.2px) * 0.156), 16px);" target="_blank" rel="noreferrer noopener">DESCARGA</a></div>
</div>
</div>
</div>
</div>

<p></p>

<p>Listo para usar y fácil de aplicar, VITALIZE es adecuado tanto para superficies aceitadas como pintadas, y puede utilizarse en hogares, salas de exposiciones o entornos de tráfico medio/alto. Características principales Modalidades de uso Primera solicitud Tras la aplicación Frecuencia recomendada Datos técnicos Composición natural Descargar ficha técnica Descarga el catálogo para descubrir la nueva colección VITALIZE de Berti Pavimenti [&hellip;]</p>
