{"id":20023,"date":"2024-09-20T10:14:32","date_gmt":"2024-09-20T10:14:32","guid":{"rendered":"https:\/\/www.berti.net\/product\/roble-cloud\/"},"modified":"2025-10-31T16:16:46","modified_gmt":"2025-10-31T16:16:46","slug":"roble-cloud","status":"publish","type":"product","link":"https:\/\/berti.net\/es\/parquet\/parquet-essential\/roble-cloud\/","title":{"rendered":"Roble Cloud"},"content":{"rendered":"\n<div class=\"wp-block-group is-style-container has-global-padding is-content-justification-center is-layout-constrained wp-block-group-is-layout-constrained\">\n<div class=\"wp-block-group is-style-default has-global-padding is-content-justification-left is-layout-constrained wp-container-core-group-is-layout-a6931cc7 wp-block-group-is-layout-constrained\" style=\"margin-top:var(--wp--preset--spacing--130);margin-bottom:var(--wp--preset--spacing--130)\">\n<p class=\"is-style-indent animated fadeIn has-m-22-font-size\">Las t\u00e9cnicas de procesamiento utilizadas y la cuidadosa selecci\u00f3n de las materias primas garantizan un parquet con <strong>una dureza<\/strong>, estabilidad y durabilidad <strong>excepcionales<\/strong>, caracter\u00edsticas excelentes para un suelo de madera ideal para cualquier tipo de entorno.<\/p>\n<\/div>\n\n\n\n<div class=\"wp-block-group alignfull has-global-padding is-layout-constrained wp-block-group-is-layout-constrained\" style=\"margin-top:0;margin-bottom:0\">\n<div class=\"wp-block-columns alignwide is-layout-flex wp-container-core-columns-is-layout-8fbed60e wp-block-columns-is-layout-flex\" style=\"margin-top:0;margin-bottom:0\">\n<div class=\"wp-block-column is-layout-flow wp-container-core-column-is-layout-8a368f38 wp-block-column-is-layout-flow\" style=\"flex-basis:60%\">\n<figure data-wp-context=\"{&quot;imageId&quot;:&quot;69f067a5e0bbc&quot;}\" data-wp-interactive=\"core\/image\" data-wp-key=\"69f067a5e0bbc\" class=\"wp-block-image size-full is-resized is-style-default wp-lightbox-container\"><img loading=\"lazy\" decoding=\"async\" width=\"653\" height=\"871\" data-wp-class--hide=\"state.isContentHidden\" data-wp-class--show=\"state.isContentVisible\" data-wp-init=\"callbacks.setButtonStyles\" data-wp-on--click=\"actions.showLightbox\" data-wp-on--load=\"callbacks.setButtonStyles\" data-wp-on-window--resize=\"callbacks.setButtonStyles\" src=\"https:\/\/www.berti.net\/wp-content\/uploads\/2024\/09\/arredamento-con-parquet-rovere-scuro-cloud.jpg\" alt=\"\" class=\"wp-image-6587\" style=\"width:660px;height:auto\" srcset=\"https:\/\/berti.net\/wp-content\/uploads\/2024\/09\/arredamento-con-parquet-rovere-scuro-cloud.jpg 653w, https:\/\/berti.net\/wp-content\/uploads\/2024\/09\/arredamento-con-parquet-rovere-scuro-cloud-225x300.jpg 225w\" sizes=\"auto, (max-width: 653px) 100vw, 653px\" \/><button\n\t\t\tclass=\"lightbox-trigger\"\n\t\t\ttype=\"button\"\n\t\t\taria-haspopup=\"dialog\"\n\t\t\taria-label=\"Enlarge\"\n\t\t\tdata-wp-init=\"callbacks.initTriggerButton\"\n\t\t\tdata-wp-on--click=\"actions.showLightbox\"\n\t\t\tdata-wp-style--right=\"state.imageButtonRight\"\n\t\t\tdata-wp-style--top=\"state.imageButtonTop\"\n\t\t>\n\t\t\t<svg xmlns=\"http:\/\/www.w3.org\/2000\/svg\" width=\"12\" height=\"12\" fill=\"none\" viewBox=\"0 0 12 12\">\n\t\t\t\t<path fill=\"#fff\" d=\"M2 0a2 2 0 0 0-2 2v2h1.5V2a.5.5 0 0 1 .5-.5h2V0H2Zm2 10.5H2a.5.5 0 0 1-.5-.5V8H0v2a2 2 0 0 0 2 2h2v-1.5ZM8 12v-1.5h2a.5.5 0 0 0 .5-.5V8H12v2a2 2 0 0 1-2 2H8Zm2-12a2 2 0 0 1 2 2v2h-1.5V2a.5.5 0 0 0-.5-.5H8V0h2Z\" \/>\n\t\t\t<\/svg>\n\t\t<\/button><\/figure>\n\n\n\n<div style=\"height:var(--wp--preset--spacing--60)\" aria-hidden=\"true\" class=\"wp-block-spacer\"><\/div>\n<\/div>\n\n\n\n<div class=\"wp-block-column is-layout-flow wp-container-core-column-is-layout-8a368f38 wp-block-column-is-layout-flow\" style=\"flex-basis:40%\">\n<figure class=\"wp-block-image size-full is-style-default\"><a href=\"https:\/\/www.berti.net\/parquet\/parquet-in-rovere-e-legni-pregiati-essential\/parquet-rovere-scuro-cloud\/venature-legno-rovere-scuro-cloud\/\"><img loading=\"lazy\" decoding=\"async\" width=\"653\" height=\"871\" src=\"https:\/\/www.berti.net\/wp-content\/uploads\/2024\/09\/venature-legno-rovere-scuro-cloud.jpg\" alt=\"\" class=\"wp-image-6591\" srcset=\"https:\/\/berti.net\/wp-content\/uploads\/2024\/09\/venature-legno-rovere-scuro-cloud.jpg 653w, https:\/\/berti.net\/wp-content\/uploads\/2024\/09\/venature-legno-rovere-scuro-cloud-225x300.jpg 225w\" sizes=\"auto, (max-width: 653px) 100vw, 653px\" \/><\/a><\/figure>\n\n\n\n<div style=\"height:var(--wp--preset--spacing--60)\" aria-hidden=\"true\" class=\"wp-block-spacer\"><\/div>\n<\/div>\n<\/div>\n<\/div>\n<\/div>\n","protected":false},"excerpt":{"rendered":"<p>Las t\u00e9cnicas de procesamiento utilizadas y la cuidadosa selecci\u00f3n de las materias primas garantizan un parquet con una dureza, estabilidad y durabilidad excepcionales, caracter\u00edsticas excelentes para un suelo de madera ideal para cualquier tipo de entorno.<\/p>\n","protected":false},"author":2,"featured_media":17165,"template":"","product_collection":[127],"product_type":[],"product_color":[77],"class_list":["post-20023","product","type-product","status-publish","has-post-thumbnail","hentry","product_collection-parquet-essential","product_color-grigio"],"_links":{"self":[{"href":"https:\/\/berti.net\/es\/wp-json\/wp\/v2\/product\/20023","targetHints":{"allow":["GET"]}}],"collection":[{"href":"https:\/\/berti.net\/es\/wp-json\/wp\/v2\/product"}],"about":[{"href":"https:\/\/berti.net\/es\/wp-json\/wp\/v2\/types\/product"}],"author":[{"embeddable":true,"href":"https:\/\/berti.net\/es\/wp-json\/wp\/v2\/users\/2"}],"wp:featuredmedia":[{"embeddable":true,"href":"https:\/\/berti.net\/es\/wp-json\/wp\/v2\/media\/17165"}],"wp:attachment":[{"href":"https:\/\/berti.net\/es\/wp-json\/wp\/v2\/media?parent=20023"}],"wp:term":[{"taxonomy":"product_collection","embeddable":true,"href":"https:\/\/berti.net\/es\/wp-json\/wp\/v2\/product_collection?post=20023"},{"taxonomy":"product_type","embeddable":true,"href":"https:\/\/berti.net\/es\/wp-json\/wp\/v2\/product_type?post=20023"},{"taxonomy":"product_color","embeddable":true,"href":"https:\/\/berti.net\/es\/wp-json\/wp\/v2\/product_color?post=20023"}],"curies":[{"name":"wp","href":"https:\/\/api.w.org\/{rel}","templated":true}]}}

<div class="wp-block-group is-style-container has-global-padding is-content-justification-center is-layout-constrained wp-block-group-is-layout-constrained">
<div class="wp-block-group is-style-default has-global-padding is-content-justification-left is-layout-constrained wp-container-core-group-is-layout-a6931cc7 wp-block-group-is-layout-constrained" style="margin-top:var(--wp--preset--spacing--130);margin-bottom:var(--wp--preset--spacing--130)">
<p class="is-style-indent animated fadeIn has-m-22-font-size">Las técnicas de procesamiento utilizadas y la cuidadosa selección de las materias primas garantizan un parquet con <strong>una dureza</strong>, estabilidad y durabilidad <strong>excepcionales</strong>, características excelentes para un suelo de madera ideal para cualquier tipo de entorno.</p>
</div>



<div class="wp-block-group alignfull has-global-padding is-layout-constrained wp-block-group-is-layout-constrained" style="margin-top:0;margin-bottom:0">
<div class="wp-block-columns alignwide is-layout-flex wp-container-core-columns-is-layout-8fbed60e wp-block-columns-is-layout-flex" style="margin-top:0;margin-bottom:0">
<div class="wp-block-column is-layout-flow wp-container-core-column-is-layout-8a368f38 wp-block-column-is-layout-flow" style="flex-basis:60%">
<figure data-wp-context="{&quot;imageId&quot;:&quot;69f067a5e0bbc&quot;}" data-wp-interactive="core/image" data-wp-key="69f067a5e0bbc" class="wp-block-image size-full is-resized is-style-default wp-lightbox-container"><img loading="lazy" decoding="async" width="653" height="871" data-wp-class--hide="state.isContentHidden" data-wp-class--show="state.isContentVisible" data-wp-init="callbacks.setButtonStyles" data-wp-on--click="actions.showLightbox" data-wp-on--load="callbacks.setButtonStyles" data-wp-on-window--resize="callbacks.setButtonStyles" src="https://www.berti.net/wp-content/uploads/2024/09/arredamento-con-parquet-rovere-scuro-cloud.jpg" alt="" class="wp-image-6587" style="width:660px;height:auto" srcset="https://berti.net/wp-content/uploads/2024/09/arredamento-con-parquet-rovere-scuro-cloud.jpg 653w, https://berti.net/wp-content/uploads/2024/09/arredamento-con-parquet-rovere-scuro-cloud-225x300.jpg 225w" sizes="auto, (max-width: 653px) 100vw, 653px" /><button
			class="lightbox-trigger"
			type="button"
			aria-haspopup="dialog"
			aria-label="Enlarge"
			data-wp-init="callbacks.initTriggerButton"
			data-wp-on--click="actions.showLightbox"
			data-wp-style--right="state.imageButtonRight"
			data-wp-style--top="state.imageButtonTop"
		>
			<svg xmlns="http://www.w3.org/2000/svg" width="12" height="12" fill="none" viewBox="0 0 12 12">
				<path fill="#fff" d="M2 0a2 2 0 0 0-2 2v2h1.5V2a.5.5 0 0 1 .5-.5h2V0H2Zm2 10.5H2a.5.5 0 0 1-.5-.5V8H0v2a2 2 0 0 0 2 2h2v-1.5ZM8 12v-1.5h2a.5.5 0 0 0 .5-.5V8H12v2a2 2 0 0 1-2 2H8Zm2-12a2 2 0 0 1 2 2v2h-1.5V2a.5.5 0 0 0-.5-.5H8V0h2Z" />
			</svg>
		</button></figure>



<div style="height:var(--wp--preset--spacing--60)" aria-hidden="true" class="wp-block-spacer"></div>
</div>



<div class="wp-block-column is-layout-flow wp-container-core-column-is-layout-8a368f38 wp-block-column-is-layout-flow" style="flex-basis:40%">
<figure class="wp-block-image size-full is-style-default"><a href="https://www.berti.net/parquet/parquet-in-rovere-e-legni-pregiati-essential/parquet-rovere-scuro-cloud/venature-legno-rovere-scuro-cloud/"><img loading="lazy" decoding="async" width="653" height="871" src="https://www.berti.net/wp-content/uploads/2024/09/venature-legno-rovere-scuro-cloud.jpg" alt="" class="wp-image-6591" srcset="https://berti.net/wp-content/uploads/2024/09/venature-legno-rovere-scuro-cloud.jpg 653w, https://berti.net/wp-content/uploads/2024/09/venature-legno-rovere-scuro-cloud-225x300.jpg 225w" sizes="auto, (max-width: 653px) 100vw, 653px" /></a></figure>



<div style="height:var(--wp--preset--spacing--60)" aria-hidden="true" class="wp-block-spacer"></div>
</div>
</div>
</div>
</div>

<p>Las técnicas de procesamiento utilizadas y la cuidadosa selección de las materias primas garantizan un parquet con una dureza, estabilidad y durabilidad excepcionales, características excelentes para un suelo de madera ideal para cualquier tipo de entorno.</p>
