{"id":19962,"date":"2024-09-20T10:10:02","date_gmt":"2024-09-20T10:10:02","guid":{"rendered":"https:\/\/www.berti.net\/product\/roble-milk\/"},"modified":"2025-10-31T13:55:21","modified_gmt":"2025-10-31T13:55:21","slug":"roble-milk","status":"publish","type":"product","link":"https:\/\/berti.net\/es\/parquet\/parquet-essential\/roble-milk\/","title":{"rendered":"Roble Milk"},"content":{"rendered":"\n<div class=\"wp-block-group is-style-container has-global-padding is-content-justification-center is-layout-constrained wp-block-group-is-layout-constrained\">\n<div class=\"wp-block-group is-style-default has-global-padding is-content-justification-left is-layout-constrained wp-container-core-group-is-layout-a6931cc7 wp-block-group-is-layout-constrained\" style=\"margin-top:var(--wp--preset--spacing--130);margin-bottom:var(--wp--preset--spacing--130)\">\n<p class=\"is-style-indent animated fadeIn has-m-22-font-size\">Estas tablas de roble, que recuerdan vagamente a <strong>la madera blanqueada<\/strong>, tienen un ligero cepillado en la superficie para realzar la veta de la madera, creando un efecto de clase.  <\/p>\n\n\n\n<p class=\"is-style-indent animated fadeIn has-m-22-font-size\"><strong>El roble Milk <\/strong>est\u00e1 disponible en varios formatos para instalaci\u00f3n corrida o Espiga, apto para instalaci\u00f3n flotante o encolada y en sistemas de calefacci\u00f3n\/refrigeraci\u00f3n.<\/p>\n<\/div>\n<\/div>\n","protected":false},"excerpt":{"rendered":"<p>Estas tablas de roble, que recuerdan vagamente a la madera blanqueada, tienen un ligero cepillado en la superficie para realzar la veta de la madera, creando un efecto de clase. El roble Milk est\u00e1 disponible en varios formatos para instalaci\u00f3n corrida o Espiga, apto para instalaci\u00f3n flotante o encolada y en sistemas de calefacci\u00f3n\/refrigeraci\u00f3n.<\/p>\n","protected":false},"author":4,"featured_media":17164,"template":"","product_collection":[127],"product_type":[],"product_color":[77],"class_list":["post-19962","product","type-product","status-publish","has-post-thumbnail","hentry","product_collection-parquet-essential","product_color-grigio"],"_links":{"self":[{"href":"https:\/\/berti.net\/es\/wp-json\/wp\/v2\/product\/19962","targetHints":{"allow":["GET"]}}],"collection":[{"href":"https:\/\/berti.net\/es\/wp-json\/wp\/v2\/product"}],"about":[{"href":"https:\/\/berti.net\/es\/wp-json\/wp\/v2\/types\/product"}],"author":[{"embeddable":true,"href":"https:\/\/berti.net\/es\/wp-json\/wp\/v2\/users\/4"}],"wp:featuredmedia":[{"embeddable":true,"href":"https:\/\/berti.net\/es\/wp-json\/wp\/v2\/media\/17164"}],"wp:attachment":[{"href":"https:\/\/berti.net\/es\/wp-json\/wp\/v2\/media?parent=19962"}],"wp:term":[{"taxonomy":"product_collection","embeddable":true,"href":"https:\/\/berti.net\/es\/wp-json\/wp\/v2\/product_collection?post=19962"},{"taxonomy":"product_type","embeddable":true,"href":"https:\/\/berti.net\/es\/wp-json\/wp\/v2\/product_type?post=19962"},{"taxonomy":"product_color","embeddable":true,"href":"https:\/\/berti.net\/es\/wp-json\/wp\/v2\/product_color?post=19962"}],"curies":[{"name":"wp","href":"https:\/\/api.w.org\/{rel}","templated":true}]}}

<div class="wp-block-group is-style-container has-global-padding is-content-justification-center is-layout-constrained wp-block-group-is-layout-constrained">
<div class="wp-block-group is-style-default has-global-padding is-content-justification-left is-layout-constrained wp-container-core-group-is-layout-a6931cc7 wp-block-group-is-layout-constrained" style="margin-top:var(--wp--preset--spacing--130);margin-bottom:var(--wp--preset--spacing--130)">
<p class="is-style-indent animated fadeIn has-m-22-font-size">Estas tablas de roble, que recuerdan vagamente a <strong>la madera blanqueada</strong>, tienen un ligero cepillado en la superficie para realzar la veta de la madera, creando un efecto de clase.  </p>



<p class="is-style-indent animated fadeIn has-m-22-font-size"><strong>El roble Milk </strong>está disponible en varios formatos para instalación corrida o Espiga, apto para instalación flotante o encolada y en sistemas de calefacción/refrigeración.</p>
</div>
</div>

<p>Estas tablas de roble, que recuerdan vagamente a la madera blanqueada, tienen un ligero cepillado en la superficie para realzar la veta de la madera, creando un efecto de clase. El roble Milk está disponible en varios formatos para instalación corrida o Espiga, apto para instalación flotante o encolada y en sistemas de calefacción/refrigeración.</p>
