{"id":19787,"date":"2024-09-20T15:16:23","date_gmt":"2024-09-20T15:16:23","guid":{"rendered":"https:\/\/www.berti.net\/product\/iris\/"},"modified":"2025-11-11T11:22:37","modified_gmt":"2025-11-11T11:22:37","slug":"iris","status":"publish","type":"product","link":"https:\/\/berti.net\/es\/parquet\/berti-studio\/roble-berti-studio\/iris\/","title":{"rendered":"Iris"},"content":{"rendered":"\n<div class=\"wp-block-group is-style-container has-global-padding is-content-justification-center is-layout-constrained wp-block-group-is-layout-constrained\">\n<div class=\"wp-block-group is-style-default has-global-padding is-content-justification-left is-layout-constrained wp-container-core-group-is-layout-a6931cc7 wp-block-group-is-layout-constrained\" style=\"margin-top:var(--wp--preset--spacing--130);margin-bottom:var(--wp--preset--spacing--130)\">\n<p class=\"is-style-indent animated fadeIn has-m-22-font-size\">Una elaboraci\u00f3n que realza las connotaciones est\u00e9ticas de la esencia del roble, para dar al parquet un <strong>sabor antiguo y artesanal.<\/strong> Y a\u00fan m\u00e1s, en <strong>Iris<\/strong>, el car\u00e1cter distintivo de una madera preciosa que conserva todos sus rasgos caracter\u00edsticos se combina con la elegancia de un <strong>tono casta\u00f1o c\u00e1lido<\/strong>, para ofrecer una armon\u00eda perfecta con un gusto de mobiliario <strong>cl\u00e1sico y armonioso<\/strong>, <strong>tanto en estilos tradicionales como modernos.<\/strong> <\/p>\n<\/div>\n\n\n\n<div class=\"wp-block-group alignfull animated fadeInUp has-global-padding is-layout-constrained wp-block-group-is-layout-constrained\" style=\"margin-top:0;margin-bottom:0\">\n<figure data-wp-context=\"{&quot;imageId&quot;:&quot;69eff763b9d1d&quot;}\" data-wp-interactive=\"core\/image\" data-wp-key=\"69eff763b9d1d\" class=\"wp-block-image alignfull size-full is-style-default wp-lightbox-container\"><img loading=\"lazy\" decoding=\"async\" width=\"1400\" height=\"937\" data-wp-class--hide=\"state.isContentHidden\" data-wp-class--show=\"state.isContentVisible\" data-wp-init=\"callbacks.setButtonStyles\" data-wp-on--click=\"actions.showLightbox\" data-wp-on--load=\"callbacks.setButtonStyles\" data-wp-on-window--resize=\"callbacks.setButtonStyles\" src=\"https:\/\/www.berti.net\/wp-content\/uploads\/BertiStudio_rovere-iris_gallery_1.jpg\" alt=\"\" class=\"wp-image-13866\" srcset=\"https:\/\/berti.net\/wp-content\/uploads\/BertiStudio_rovere-iris_gallery_1.jpg 1400w, https:\/\/berti.net\/wp-content\/uploads\/BertiStudio_rovere-iris_gallery_1-812x543.jpg 812w, https:\/\/berti.net\/wp-content\/uploads\/BertiStudio_rovere-iris_gallery_1-768x514.jpg 768w\" sizes=\"auto, (max-width: 1400px) 100vw, 1400px\" \/><button\n\t\t\tclass=\"lightbox-trigger\"\n\t\t\ttype=\"button\"\n\t\t\taria-haspopup=\"dialog\"\n\t\t\taria-label=\"Enlarge\"\n\t\t\tdata-wp-init=\"callbacks.initTriggerButton\"\n\t\t\tdata-wp-on--click=\"actions.showLightbox\"\n\t\t\tdata-wp-style--right=\"state.imageButtonRight\"\n\t\t\tdata-wp-style--top=\"state.imageButtonTop\"\n\t\t>\n\t\t\t<svg xmlns=\"http:\/\/www.w3.org\/2000\/svg\" width=\"12\" height=\"12\" fill=\"none\" viewBox=\"0 0 12 12\">\n\t\t\t\t<path fill=\"#fff\" d=\"M2 0a2 2 0 0 0-2 2v2h1.5V2a.5.5 0 0 1 .5-.5h2V0H2Zm2 10.5H2a.5.5 0 0 1-.5-.5V8H0v2a2 2 0 0 0 2 2h2v-1.5ZM8 12v-1.5h2a.5.5 0 0 0 .5-.5V8H12v2a2 2 0 0 1-2 2H8Zm2-12a2 2 0 0 1 2 2v2h-1.5V2a.5.5 0 0 0-.5-.5H8V0h2Z\" \/>\n\t\t\t<\/svg>\n\t\t<\/button><figcaption class=\"wp-element-caption\">ESCOFINA MAR.SPAZZ.NORMAL 001<\/figcaption><\/figure>\n<\/div>\n<\/div>\n","protected":false},"excerpt":{"rendered":"<p>Una elaboraci\u00f3n que realza las connotaciones est\u00e9ticas de la esencia del roble, para dar al parquet un sabor antiguo y artesanal. Y a\u00fan m\u00e1s, en Iris, el car\u00e1cter distintivo de una madera preciosa que conserva todos sus rasgos caracter\u00edsticos se combina con la elegancia de un tono casta\u00f1o c\u00e1lido, para ofrecer una armon\u00eda perfecta con un gusto de mobiliario cl\u00e1sico [&hellip;]<\/p>\n","protected":false},"author":4,"featured_media":19789,"template":"","product_collection":[124],"product_type":[],"product_color":[78],"class_list":["post-19787","product","type-product","status-publish","has-post-thumbnail","hentry","product_collection-roble-berti-studio","product_color-rosso"],"_links":{"self":[{"href":"https:\/\/berti.net\/es\/wp-json\/wp\/v2\/product\/19787","targetHints":{"allow":["GET"]}}],"collection":[{"href":"https:\/\/berti.net\/es\/wp-json\/wp\/v2\/product"}],"about":[{"href":"https:\/\/berti.net\/es\/wp-json\/wp\/v2\/types\/product"}],"author":[{"embeddable":true,"href":"https:\/\/berti.net\/es\/wp-json\/wp\/v2\/users\/4"}],"wp:featuredmedia":[{"embeddable":true,"href":"https:\/\/berti.net\/es\/wp-json\/wp\/v2\/media\/19789"}],"wp:attachment":[{"href":"https:\/\/berti.net\/es\/wp-json\/wp\/v2\/media?parent=19787"}],"wp:term":[{"taxonomy":"product_collection","embeddable":true,"href":"https:\/\/berti.net\/es\/wp-json\/wp\/v2\/product_collection?post=19787"},{"taxonomy":"product_type","embeddable":true,"href":"https:\/\/berti.net\/es\/wp-json\/wp\/v2\/product_type?post=19787"},{"taxonomy":"product_color","embeddable":true,"href":"https:\/\/berti.net\/es\/wp-json\/wp\/v2\/product_color?post=19787"}],"curies":[{"name":"wp","href":"https:\/\/api.w.org\/{rel}","templated":true}]}}

<div class="wp-block-group is-style-container has-global-padding is-content-justification-center is-layout-constrained wp-block-group-is-layout-constrained">
<div class="wp-block-group is-style-default has-global-padding is-content-justification-left is-layout-constrained wp-container-core-group-is-layout-a6931cc7 wp-block-group-is-layout-constrained" style="margin-top:var(--wp--preset--spacing--130);margin-bottom:var(--wp--preset--spacing--130)">
<p class="is-style-indent animated fadeIn has-m-22-font-size">Una elaboración que realza las connotaciones estéticas de la esencia del roble, para dar al parquet un <strong>sabor antiguo y artesanal.</strong> Y aún más, en <strong>Iris</strong>, el carácter distintivo de una madera preciosa que conserva todos sus rasgos característicos se combina con la elegancia de un <strong>tono castaño cálido</strong>, para ofrecer una armonía perfecta con un gusto de mobiliario <strong>clásico y armonioso</strong>, <strong>tanto en estilos tradicionales como modernos.</strong> </p>
</div>



<div class="wp-block-group alignfull animated fadeInUp has-global-padding is-layout-constrained wp-block-group-is-layout-constrained" style="margin-top:0;margin-bottom:0">
<figure data-wp-context="{&quot;imageId&quot;:&quot;69eff763b9d1d&quot;}" data-wp-interactive="core/image" data-wp-key="69eff763b9d1d" class="wp-block-image alignfull size-full is-style-default wp-lightbox-container"><img loading="lazy" decoding="async" width="1400" height="937" data-wp-class--hide="state.isContentHidden" data-wp-class--show="state.isContentVisible" data-wp-init="callbacks.setButtonStyles" data-wp-on--click="actions.showLightbox" data-wp-on--load="callbacks.setButtonStyles" data-wp-on-window--resize="callbacks.setButtonStyles" src="https://www.berti.net/wp-content/uploads/BertiStudio_rovere-iris_gallery_1.jpg" alt="" class="wp-image-13866" srcset="https://berti.net/wp-content/uploads/BertiStudio_rovere-iris_gallery_1.jpg 1400w, https://berti.net/wp-content/uploads/BertiStudio_rovere-iris_gallery_1-812x543.jpg 812w, https://berti.net/wp-content/uploads/BertiStudio_rovere-iris_gallery_1-768x514.jpg 768w" sizes="auto, (max-width: 1400px) 100vw, 1400px" /><button
			class="lightbox-trigger"
			type="button"
			aria-haspopup="dialog"
			aria-label="Enlarge"
			data-wp-init="callbacks.initTriggerButton"
			data-wp-on--click="actions.showLightbox"
			data-wp-style--right="state.imageButtonRight"
			data-wp-style--top="state.imageButtonTop"
		>
			<svg xmlns="http://www.w3.org/2000/svg" width="12" height="12" fill="none" viewBox="0 0 12 12">
				<path fill="#fff" d="M2 0a2 2 0 0 0-2 2v2h1.5V2a.5.5 0 0 1 .5-.5h2V0H2Zm2 10.5H2a.5.5 0 0 1-.5-.5V8H0v2a2 2 0 0 0 2 2h2v-1.5ZM8 12v-1.5h2a.5.5 0 0 0 .5-.5V8H12v2a2 2 0 0 1-2 2H8Zm2-12a2 2 0 0 1 2 2v2h-1.5V2a.5.5 0 0 0-.5-.5H8V0h2Z" />
			</svg>
		</button><figcaption class="wp-element-caption">ESCOFINA MAR.SPAZZ.NORMAL 001</figcaption></figure>
</div>
</div>

<p>Una elaboración que realza las connotaciones estéticas de la esencia del roble, para dar al parquet un sabor antiguo y artesanal. Y aún más, en Iris, el carácter distintivo de una madera preciosa que conserva todos sus rasgos característicos se combina con la elegancia de un tono castaño cálido, para ofrecer una armonía perfecta con un gusto de mobiliario clásico [&hellip;]</p>
