{"id":19397,"date":"2024-10-15T15:49:54","date_gmt":"2024-10-15T15:49:54","guid":{"rendered":"https:\/\/www.berti.net\/product\/roble-vein\/"},"modified":"2025-10-24T09:21:51","modified_gmt":"2025-10-24T09:21:51","slug":"roble-vein","status":"publish","type":"product","link":"https:\/\/berti.net\/es\/parquet\/parquet-diesel-living-with-berti\/roble-vein\/","title":{"rendered":"Roble Vein"},"content":{"rendered":"\n<div class=\"wp-block-group is-style-container has-global-padding is-content-justification-center is-layout-constrained wp-block-group-is-layout-constrained\">\n<div class=\"wp-block-group is-style-default has-global-padding is-content-justification-left is-layout-constrained wp-container-core-group-is-layout-a6931cc7 wp-block-group-is-layout-constrained\" style=\"margin-top:var(--wp--preset--spacing--130);margin-bottom:var(--wp--preset--spacing--130)\">\n<p class=\"is-style-indent animated fadeIn has-m-22-font-size\">Un acabado con textura de <strong>parquet de roble natural que resalta la madera en la calidad de sus rasgos m\u00e1s distintivos y texturales<\/strong>, gracias a los tratamientos combinados de cepillado y decapado.<\/p>\n\n\n\n<p class=\"is-style-indent animated fadeIn has-m-22-font-size\">Aqu\u00ed, el roble se expresa plenamente en el entramado de su grano animado, para describir una superficie variada y llamativa, sin excluir una nota de sorpresa en el color.  <\/p>\n\n\n\n<p class=\"is-style-indent animated fadeIn has-m-22-font-size\">De hecho, el <strong>tono avellana natural<\/strong> est\u00e1 <strong>contaminado por puntos de gris<\/strong> que detallan las l\u00edneas de la madera, creando un tono nuevo y original, para <strong>un ambiente con vocaci\u00f3n m\u00e1s urbana y contempor\u00e1nea<\/strong>. Una elecci\u00f3n est\u00e9tica de parquet de roble natural, con un fuerte car\u00e1cter y una connotaci\u00f3n exclusiva. <\/p>\n\n\n\n<p class=\"is-style-indent animated fadeIn has-m-22-font-size\"><\/p>\n<\/div>\n\n\n\n<div class=\"wp-block-group alignfull has-global-padding is-layout-constrained wp-block-group-is-layout-constrained\" style=\"margin-top:0;margin-bottom:0\">\n<figure data-wp-context=\"{&quot;imageId&quot;:&quot;69f010af2ac3e&quot;}\" data-wp-interactive=\"core\/image\" data-wp-key=\"69f010af2ac3e\" class=\"wp-block-image aligncenter size-full is-style-default wp-lightbox-container\"><img loading=\"lazy\" decoding=\"async\" width=\"653\" height=\"871\" data-wp-class--hide=\"state.isContentHidden\" data-wp-class--show=\"state.isContentVisible\" data-wp-init=\"callbacks.setButtonStyles\" data-wp-on--click=\"actions.showLightbox\" data-wp-on--load=\"callbacks.setButtonStyles\" data-wp-on-window--resize=\"callbacks.setButtonStyles\" src=\"https:\/\/www.berti.net\/wp-content\/uploads\/2024\/10\/pavimento-parquet-rovere-vein-berti-diesel.jpg\" alt=\"\" class=\"wp-image-6983\" srcset=\"https:\/\/berti.net\/wp-content\/uploads\/2024\/10\/pavimento-parquet-rovere-vein-berti-diesel.jpg 653w, https:\/\/berti.net\/wp-content\/uploads\/2024\/10\/pavimento-parquet-rovere-vein-berti-diesel-225x300.jpg 225w\" sizes=\"auto, (max-width: 653px) 100vw, 653px\" \/><button\n\t\t\tclass=\"lightbox-trigger\"\n\t\t\ttype=\"button\"\n\t\t\taria-haspopup=\"dialog\"\n\t\t\taria-label=\"Enlarge\"\n\t\t\tdata-wp-init=\"callbacks.initTriggerButton\"\n\t\t\tdata-wp-on--click=\"actions.showLightbox\"\n\t\t\tdata-wp-style--right=\"state.imageButtonRight\"\n\t\t\tdata-wp-style--top=\"state.imageButtonTop\"\n\t\t>\n\t\t\t<svg xmlns=\"http:\/\/www.w3.org\/2000\/svg\" width=\"12\" height=\"12\" fill=\"none\" viewBox=\"0 0 12 12\">\n\t\t\t\t<path fill=\"#fff\" d=\"M2 0a2 2 0 0 0-2 2v2h1.5V2a.5.5 0 0 1 .5-.5h2V0H2Zm2 10.5H2a.5.5 0 0 1-.5-.5V8H0v2a2 2 0 0 0 2 2h2v-1.5ZM8 12v-1.5h2a.5.5 0 0 0 .5-.5V8H12v2a2 2 0 0 1-2 2H8Zm2-12a2 2 0 0 1 2 2v2h-1.5V2a.5.5 0 0 0-.5-.5H8V0h2Z\" \/>\n\t\t\t<\/svg>\n\t\t<\/button><\/figure>\n<\/div>\n\n\n\n<div style=\"height:100px\" aria-hidden=\"true\" class=\"wp-block-spacer\"><\/div>\n<\/div>\n","protected":false},"excerpt":{"rendered":"<p>Un acabado con textura de parquet de roble natural que resalta la madera en la calidad de sus rasgos m\u00e1s distintivos y texturales, gracias a los tratamientos combinados de cepillado y decapado. Aqu\u00ed, el roble se expresa plenamente en el entramado de su grano animado, para describir una superficie variada y llamativa, sin excluir una nota de sorpresa en el [&hellip;]<\/p>\n","protected":false},"author":2,"featured_media":19403,"template":"","product_collection":[126],"product_type":[],"product_color":[],"class_list":["post-19397","product","type-product","status-publish","has-post-thumbnail","hentry","product_collection-parquet-diesel-living-with-berti"],"_links":{"self":[{"href":"https:\/\/berti.net\/es\/wp-json\/wp\/v2\/product\/19397","targetHints":{"allow":["GET"]}}],"collection":[{"href":"https:\/\/berti.net\/es\/wp-json\/wp\/v2\/product"}],"about":[{"href":"https:\/\/berti.net\/es\/wp-json\/wp\/v2\/types\/product"}],"author":[{"embeddable":true,"href":"https:\/\/berti.net\/es\/wp-json\/wp\/v2\/users\/2"}],"wp:featuredmedia":[{"embeddable":true,"href":"https:\/\/berti.net\/es\/wp-json\/wp\/v2\/media\/19403"}],"wp:attachment":[{"href":"https:\/\/berti.net\/es\/wp-json\/wp\/v2\/media?parent=19397"}],"wp:term":[{"taxonomy":"product_collection","embeddable":true,"href":"https:\/\/berti.net\/es\/wp-json\/wp\/v2\/product_collection?post=19397"},{"taxonomy":"product_type","embeddable":true,"href":"https:\/\/berti.net\/es\/wp-json\/wp\/v2\/product_type?post=19397"},{"taxonomy":"product_color","embeddable":true,"href":"https:\/\/berti.net\/es\/wp-json\/wp\/v2\/product_color?post=19397"}],"curies":[{"name":"wp","href":"https:\/\/api.w.org\/{rel}","templated":true}]}}

<div class="wp-block-group is-style-container has-global-padding is-content-justification-center is-layout-constrained wp-block-group-is-layout-constrained">
<div class="wp-block-group is-style-default has-global-padding is-content-justification-left is-layout-constrained wp-container-core-group-is-layout-a6931cc7 wp-block-group-is-layout-constrained" style="margin-top:var(--wp--preset--spacing--130);margin-bottom:var(--wp--preset--spacing--130)">
<p class="is-style-indent animated fadeIn has-m-22-font-size">Un acabado con textura de <strong>parquet de roble natural que resalta la madera en la calidad de sus rasgos más distintivos y texturales</strong>, gracias a los tratamientos combinados de cepillado y decapado.</p>



<p class="is-style-indent animated fadeIn has-m-22-font-size">Aquí, el roble se expresa plenamente en el entramado de su grano animado, para describir una superficie variada y llamativa, sin excluir una nota de sorpresa en el color.  </p>



<p class="is-style-indent animated fadeIn has-m-22-font-size">De hecho, el <strong>tono avellana natural</strong> está <strong>contaminado por puntos de gris</strong> que detallan las líneas de la madera, creando un tono nuevo y original, para <strong>un ambiente con vocación más urbana y contemporánea</strong>. Una elección estética de parquet de roble natural, con un fuerte carácter y una connotación exclusiva. </p>



<p class="is-style-indent animated fadeIn has-m-22-font-size"></p>
</div>



<div class="wp-block-group alignfull has-global-padding is-layout-constrained wp-block-group-is-layout-constrained" style="margin-top:0;margin-bottom:0">
<figure data-wp-context="{&quot;imageId&quot;:&quot;69f010af2ac3e&quot;}" data-wp-interactive="core/image" data-wp-key="69f010af2ac3e" class="wp-block-image aligncenter size-full is-style-default wp-lightbox-container"><img loading="lazy" decoding="async" width="653" height="871" data-wp-class--hide="state.isContentHidden" data-wp-class--show="state.isContentVisible" data-wp-init="callbacks.setButtonStyles" data-wp-on--click="actions.showLightbox" data-wp-on--load="callbacks.setButtonStyles" data-wp-on-window--resize="callbacks.setButtonStyles" src="https://www.berti.net/wp-content/uploads/2024/10/pavimento-parquet-rovere-vein-berti-diesel.jpg" alt="" class="wp-image-6983" srcset="https://berti.net/wp-content/uploads/2024/10/pavimento-parquet-rovere-vein-berti-diesel.jpg 653w, https://berti.net/wp-content/uploads/2024/10/pavimento-parquet-rovere-vein-berti-diesel-225x300.jpg 225w" sizes="auto, (max-width: 653px) 100vw, 653px" /><button
			class="lightbox-trigger"
			type="button"
			aria-haspopup="dialog"
			aria-label="Enlarge"
			data-wp-init="callbacks.initTriggerButton"
			data-wp-on--click="actions.showLightbox"
			data-wp-style--right="state.imageButtonRight"
			data-wp-style--top="state.imageButtonTop"
		>
			<svg xmlns="http://www.w3.org/2000/svg" width="12" height="12" fill="none" viewBox="0 0 12 12">
				<path fill="#fff" d="M2 0a2 2 0 0 0-2 2v2h1.5V2a.5.5 0 0 1 .5-.5h2V0H2Zm2 10.5H2a.5.5 0 0 1-.5-.5V8H0v2a2 2 0 0 0 2 2h2v-1.5ZM8 12v-1.5h2a.5.5 0 0 0 .5-.5V8H12v2a2 2 0 0 1-2 2H8Zm2-12a2 2 0 0 1 2 2v2h-1.5V2a.5.5 0 0 0-.5-.5H8V0h2Z" />
			</svg>
		</button></figure>
</div>



<div style="height:100px" aria-hidden="true" class="wp-block-spacer"></div>
</div>

<p>Un acabado con textura de parquet de roble natural que resalta la madera en la calidad de sus rasgos más distintivos y texturales, gracias a los tratamientos combinados de cepillado y decapado. Aquí, el roble se expresa plenamente en el entramado de su grano animado, para describir una superficie variada y llamativa, sin excluir una nota de sorpresa en el [&hellip;]</p>
