{"id":19345,"date":"2024-10-16T10:06:09","date_gmt":"2024-10-16T10:06:09","guid":{"rendered":"https:\/\/www.berti.net\/product\/roble-native\/"},"modified":"2025-10-24T09:32:37","modified_gmt":"2025-10-24T09:32:37","slug":"roble-native","status":"publish","type":"product","link":"https:\/\/berti.net\/es\/parquet\/parquet-diesel-living-with-berti\/roble-native\/","title":{"rendered":"Roble Native"},"content":{"rendered":"\n<div class=\"wp-block-group is-style-container has-global-padding is-content-justification-center is-layout-constrained wp-block-group-is-layout-constrained\">\n<div class=\"wp-block-group is-style-default has-global-padding is-content-justification-left is-layout-constrained wp-container-core-group-is-layout-a6931cc7 wp-block-group-is-layout-constrained\" style=\"margin-top:var(--wp--preset--spacing--130);margin-bottom:var(--wp--preset--spacing--130)\">\n<p class=\"is-style-indent animated fadeIn has-m-22-font-size\">Las vetas de la madera componen la textura de la superficie sin amortiguar la intensidad del color, que infunde una <strong>firma estil\u00edstica expresiva e impactante<\/strong>, a\u00fan m\u00e1s significativa por la calidad del acabado barnizado del parquet.  <\/p>\n\n\n\n<p class=\"is-style-indent animated fadeIn has-m-22-font-size\"><strong>Native<\/strong> es, de hecho, una elecci\u00f3n de parquet oscuro que traza la naturalidad intacta de la tierra en clave de elegancia cl\u00e1sica-contempor\u00e1nea, para componer finos interiores consagrados a la belleza y la clase.<\/p>\n<\/div>\n\n\n\n<div class=\"wp-block-group alignfull has-global-padding is-layout-constrained wp-block-group-is-layout-constrained\" style=\"margin-top:0;margin-bottom:0\">\n<figure data-wp-context=\"{&quot;imageId&quot;:&quot;69efe0c3548af&quot;}\" data-wp-interactive=\"core\/image\" data-wp-key=\"69efe0c3548af\" class=\"wp-block-image aligncenter size-full is-style-default wp-lightbox-container\"><img loading=\"lazy\" decoding=\"async\" width=\"653\" height=\"871\" data-wp-class--hide=\"state.isContentHidden\" data-wp-class--show=\"state.isContentVisible\" data-wp-init=\"callbacks.setButtonStyles\" data-wp-on--click=\"actions.showLightbox\" data-wp-on--load=\"callbacks.setButtonStyles\" data-wp-on-window--resize=\"callbacks.setButtonStyles\" src=\"https:\/\/www.berti.net\/wp-content\/uploads\/2024\/10\/parquet-scuro-prefinito-berti-diesel.jpg\" alt=\"\" class=\"wp-image-7264\" srcset=\"https:\/\/berti.net\/wp-content\/uploads\/2024\/10\/parquet-scuro-prefinito-berti-diesel.jpg 653w, https:\/\/berti.net\/wp-content\/uploads\/2024\/10\/parquet-scuro-prefinito-berti-diesel-225x300.jpg 225w\" sizes=\"auto, (max-width: 653px) 100vw, 653px\" \/><button\n\t\t\tclass=\"lightbox-trigger\"\n\t\t\ttype=\"button\"\n\t\t\taria-haspopup=\"dialog\"\n\t\t\taria-label=\"Enlarge\"\n\t\t\tdata-wp-init=\"callbacks.initTriggerButton\"\n\t\t\tdata-wp-on--click=\"actions.showLightbox\"\n\t\t\tdata-wp-style--right=\"state.imageButtonRight\"\n\t\t\tdata-wp-style--top=\"state.imageButtonTop\"\n\t\t>\n\t\t\t<svg xmlns=\"http:\/\/www.w3.org\/2000\/svg\" width=\"12\" height=\"12\" fill=\"none\" viewBox=\"0 0 12 12\">\n\t\t\t\t<path fill=\"#fff\" d=\"M2 0a2 2 0 0 0-2 2v2h1.5V2a.5.5 0 0 1 .5-.5h2V0H2Zm2 10.5H2a.5.5 0 0 1-.5-.5V8H0v2a2 2 0 0 0 2 2h2v-1.5ZM8 12v-1.5h2a.5.5 0 0 0 .5-.5V8H12v2a2 2 0 0 1-2 2H8Zm2-12a2 2 0 0 1 2 2v2h-1.5V2a.5.5 0 0 0-.5-.5H8V0h2Z\" \/>\n\t\t\t<\/svg>\n\t\t<\/button><\/figure>\n<\/div>\n\n\n\n<div style=\"height:100px\" aria-hidden=\"true\" class=\"wp-block-spacer\"><\/div>\n<\/div>\n","protected":false},"excerpt":{"rendered":"<p>Las vetas de la madera componen la textura de la superficie sin amortiguar la intensidad del color, que infunde una firma estil\u00edstica expresiva e impactante, a\u00fan m\u00e1s significativa por la calidad del acabado barnizado del parquet. Native es, de hecho, una elecci\u00f3n de parquet oscuro que traza la naturalidad intacta de la tierra en clave de elegancia cl\u00e1sica-contempor\u00e1nea, para componer [&hellip;]<\/p>\n","protected":false},"author":2,"featured_media":19369,"template":"","product_collection":[126],"product_type":[],"product_color":[76],"class_list":["post-19345","product","type-product","status-publish","has-post-thumbnail","hentry","product_collection-parquet-diesel-living-with-berti","product_color-scuro"],"_links":{"self":[{"href":"https:\/\/berti.net\/es\/wp-json\/wp\/v2\/product\/19345","targetHints":{"allow":["GET"]}}],"collection":[{"href":"https:\/\/berti.net\/es\/wp-json\/wp\/v2\/product"}],"about":[{"href":"https:\/\/berti.net\/es\/wp-json\/wp\/v2\/types\/product"}],"author":[{"embeddable":true,"href":"https:\/\/berti.net\/es\/wp-json\/wp\/v2\/users\/2"}],"wp:featuredmedia":[{"embeddable":true,"href":"https:\/\/berti.net\/es\/wp-json\/wp\/v2\/media\/19369"}],"wp:attachment":[{"href":"https:\/\/berti.net\/es\/wp-json\/wp\/v2\/media?parent=19345"}],"wp:term":[{"taxonomy":"product_collection","embeddable":true,"href":"https:\/\/berti.net\/es\/wp-json\/wp\/v2\/product_collection?post=19345"},{"taxonomy":"product_type","embeddable":true,"href":"https:\/\/berti.net\/es\/wp-json\/wp\/v2\/product_type?post=19345"},{"taxonomy":"product_color","embeddable":true,"href":"https:\/\/berti.net\/es\/wp-json\/wp\/v2\/product_color?post=19345"}],"curies":[{"name":"wp","href":"https:\/\/api.w.org\/{rel}","templated":true}]}}

<div class="wp-block-group is-style-container has-global-padding is-content-justification-center is-layout-constrained wp-block-group-is-layout-constrained">
<div class="wp-block-group is-style-default has-global-padding is-content-justification-left is-layout-constrained wp-container-core-group-is-layout-a6931cc7 wp-block-group-is-layout-constrained" style="margin-top:var(--wp--preset--spacing--130);margin-bottom:var(--wp--preset--spacing--130)">
<p class="is-style-indent animated fadeIn has-m-22-font-size">Las vetas de la madera componen la textura de la superficie sin amortiguar la intensidad del color, que infunde una <strong>firma estilística expresiva e impactante</strong>, aún más significativa por la calidad del acabado barnizado del parquet.  </p>



<p class="is-style-indent animated fadeIn has-m-22-font-size"><strong>Native</strong> es, de hecho, una elección de parquet oscuro que traza la naturalidad intacta de la tierra en clave de elegancia clásica-contemporánea, para componer finos interiores consagrados a la belleza y la clase.</p>
</div>



<div class="wp-block-group alignfull has-global-padding is-layout-constrained wp-block-group-is-layout-constrained" style="margin-top:0;margin-bottom:0">
<figure data-wp-context="{&quot;imageId&quot;:&quot;69efe0c3548af&quot;}" data-wp-interactive="core/image" data-wp-key="69efe0c3548af" class="wp-block-image aligncenter size-full is-style-default wp-lightbox-container"><img loading="lazy" decoding="async" width="653" height="871" data-wp-class--hide="state.isContentHidden" data-wp-class--show="state.isContentVisible" data-wp-init="callbacks.setButtonStyles" data-wp-on--click="actions.showLightbox" data-wp-on--load="callbacks.setButtonStyles" data-wp-on-window--resize="callbacks.setButtonStyles" src="https://www.berti.net/wp-content/uploads/2024/10/parquet-scuro-prefinito-berti-diesel.jpg" alt="" class="wp-image-7264" srcset="https://berti.net/wp-content/uploads/2024/10/parquet-scuro-prefinito-berti-diesel.jpg 653w, https://berti.net/wp-content/uploads/2024/10/parquet-scuro-prefinito-berti-diesel-225x300.jpg 225w" sizes="auto, (max-width: 653px) 100vw, 653px" /><button
			class="lightbox-trigger"
			type="button"
			aria-haspopup="dialog"
			aria-label="Enlarge"
			data-wp-init="callbacks.initTriggerButton"
			data-wp-on--click="actions.showLightbox"
			data-wp-style--right="state.imageButtonRight"
			data-wp-style--top="state.imageButtonTop"
		>
			<svg xmlns="http://www.w3.org/2000/svg" width="12" height="12" fill="none" viewBox="0 0 12 12">
				<path fill="#fff" d="M2 0a2 2 0 0 0-2 2v2h1.5V2a.5.5 0 0 1 .5-.5h2V0H2Zm2 10.5H2a.5.5 0 0 1-.5-.5V8H0v2a2 2 0 0 0 2 2h2v-1.5ZM8 12v-1.5h2a.5.5 0 0 0 .5-.5V8H12v2a2 2 0 0 1-2 2H8Zm2-12a2 2 0 0 1 2 2v2h-1.5V2a.5.5 0 0 0-.5-.5H8V0h2Z" />
			</svg>
		</button></figure>
</div>



<div style="height:100px" aria-hidden="true" class="wp-block-spacer"></div>
</div>

<p>Las vetas de la madera componen la textura de la superficie sin amortiguar la intensidad del color, que infunde una firma estilística expresiva e impactante, aún más significativa por la calidad del acabado barnizado del parquet. Native es, de hecho, una elección de parquet oscuro que traza la naturalidad intacta de la tierra en clave de elegancia clásica-contemporánea, para componer [&hellip;]</p>
