{"id":19331,"date":"2024-10-16T10:25:46","date_gmt":"2024-10-16T10:25:46","guid":{"rendered":"https:\/\/www.berti.net\/product\/stud-oak\/"},"modified":"2025-10-24T09:39:00","modified_gmt":"2025-10-24T09:39:00","slug":"stud-oak","status":"publish","type":"product","link":"https:\/\/berti.net\/es\/parquet\/parquet-diesel-living-with-berti\/stud-oak\/","title":{"rendered":"Stud Oak"},"content":{"rendered":"\n<div class=\"wp-block-group is-style-container has-global-padding is-content-justification-center is-layout-constrained wp-block-group-is-layout-constrained\">\n<div class=\"wp-block-group is-style-default has-global-padding is-content-justification-left is-layout-constrained wp-container-core-group-is-layout-a6931cc7 wp-block-group-is-layout-constrained\" style=\"margin-top:var(--wp--preset--spacing--130);margin-bottom:var(--wp--preset--spacing--130)\">\n<p class=\"is-style-indent animated fadeIn has-m-22-font-size\">Su configuraci\u00f3n es la de un fino parqu\u00e9 formado por losetas de madera acabadas con <strong>Incrustaciones geom\u00e9tricas<\/strong> y el detallado de peque\u00f1as placas met\u00e1licas, que se hacen eco de los detalles t\u00edpicos de la sastrer\u00eda vaquera, como costuras, apliques, tachuelas y remaches.  <\/p>\n\n\n\n<p class=\"is-style-indent animated fadeIn has-m-22-font-size\">Aqu\u00ed en la versi\u00f3n de <strong>color<\/strong> marr\u00f3n, un tono de marr\u00f3n intenso y envolvente, que expresa prestigio, clase y elegancia atemporal. Un acabado de marqueter\u00eda, precioso y refinado, con un estilo peculiar y un gran impacto decorativo, que sabe rendir homenaje a los ornamentos cl\u00e1sicos para redefinirlos en clave contempor\u00e1nea y rockera.   <\/p>\n\n\n\n<p class=\"is-style-indent animated fadeIn has-m-22-font-size\">La elecci\u00f3n del <strong>parquet de roble<\/strong> oscuro es ideal para estancias dise\u00f1adas seg\u00fan un concepto de refinamiento moderno, ecl\u00e9ctico y vanguardista.<\/p>\n<\/div>\n\n\n\n<div class=\"wp-block-group alignfull has-global-padding is-layout-constrained wp-block-group-is-layout-constrained\" style=\"margin-top:0;margin-bottom:0\">\n<div class=\"wp-block-columns alignwide is-layout-flex wp-container-core-columns-is-layout-8fbed60e wp-block-columns-is-layout-flex\" style=\"margin-top:0;margin-bottom:0\">\n<div class=\"wp-block-column is-layout-flow wp-container-core-column-is-layout-8a368f38 wp-block-column-is-layout-flow\" style=\"flex-basis:60%\">\n<figure data-wp-context=\"{&quot;imageId&quot;:&quot;69eff757d15db&quot;}\" data-wp-interactive=\"core\/image\" data-wp-key=\"69eff757d15db\" class=\"wp-block-image size-full is-resized is-style-default wp-lightbox-container\"><img loading=\"lazy\" decoding=\"async\" width=\"653\" height=\"871\" data-wp-class--hide=\"state.isContentHidden\" data-wp-class--show=\"state.isContentVisible\" data-wp-init=\"callbacks.setButtonStyles\" data-wp-on--click=\"actions.showLightbox\" data-wp-on--load=\"callbacks.setButtonStyles\" data-wp-on-window--resize=\"callbacks.setButtonStyles\" src=\"https:\/\/www.berti.net\/wp-content\/uploads\/2024\/10\/quadrotte-in-legno-parquet-scuro-stud-oak-berti.jpg\" alt=\"\" class=\"wp-image-7274\" style=\"width:660px;height:auto\" srcset=\"https:\/\/berti.net\/wp-content\/uploads\/2024\/10\/quadrotte-in-legno-parquet-scuro-stud-oak-berti.jpg 653w, https:\/\/berti.net\/wp-content\/uploads\/2024\/10\/quadrotte-in-legno-parquet-scuro-stud-oak-berti-225x300.jpg 225w\" sizes=\"auto, (max-width: 653px) 100vw, 653px\" \/><button\n\t\t\tclass=\"lightbox-trigger\"\n\t\t\ttype=\"button\"\n\t\t\taria-haspopup=\"dialog\"\n\t\t\taria-label=\"Enlarge\"\n\t\t\tdata-wp-init=\"callbacks.initTriggerButton\"\n\t\t\tdata-wp-on--click=\"actions.showLightbox\"\n\t\t\tdata-wp-style--right=\"state.imageButtonRight\"\n\t\t\tdata-wp-style--top=\"state.imageButtonTop\"\n\t\t>\n\t\t\t<svg xmlns=\"http:\/\/www.w3.org\/2000\/svg\" width=\"12\" height=\"12\" fill=\"none\" viewBox=\"0 0 12 12\">\n\t\t\t\t<path fill=\"#fff\" d=\"M2 0a2 2 0 0 0-2 2v2h1.5V2a.5.5 0 0 1 .5-.5h2V0H2Zm2 10.5H2a.5.5 0 0 1-.5-.5V8H0v2a2 2 0 0 0 2 2h2v-1.5ZM8 12v-1.5h2a.5.5 0 0 0 .5-.5V8H12v2a2 2 0 0 1-2 2H8Zm2-12a2 2 0 0 1 2 2v2h-1.5V2a.5.5 0 0 0-.5-.5H8V0h2Z\" \/>\n\t\t\t<\/svg>\n\t\t<\/button><\/figure>\n\n\n\n<div style=\"height:var(--wp--preset--spacing--60)\" aria-hidden=\"true\" class=\"wp-block-spacer\"><\/div>\n<\/div>\n\n\n\n<div class=\"wp-block-column is-layout-flow wp-container-core-column-is-layout-8a368f38 wp-block-column-is-layout-flow\" style=\"flex-basis:40%\">\n<figure data-wp-context=\"{&quot;imageId&quot;:&quot;69eff757d1872&quot;}\" data-wp-interactive=\"core\/image\" data-wp-key=\"69eff757d1872\" class=\"wp-block-image size-full is-style-default wp-lightbox-container\"><img loading=\"lazy\" decoding=\"async\" width=\"653\" height=\"871\" data-wp-class--hide=\"state.isContentHidden\" data-wp-class--show=\"state.isContentVisible\" data-wp-init=\"callbacks.setButtonStyles\" data-wp-on--click=\"actions.showLightbox\" data-wp-on--load=\"callbacks.setButtonStyles\" data-wp-on-window--resize=\"callbacks.setButtonStyles\" src=\"https:\/\/www.berti.net\/wp-content\/uploads\/2024\/10\/parquet-scuro-stud-oak.jpg\" alt=\"\" class=\"wp-image-7280\" srcset=\"https:\/\/berti.net\/wp-content\/uploads\/2024\/10\/parquet-scuro-stud-oak.jpg 653w, https:\/\/berti.net\/wp-content\/uploads\/2024\/10\/parquet-scuro-stud-oak-225x300.jpg 225w\" sizes=\"auto, (max-width: 653px) 100vw, 653px\" \/><button\n\t\t\tclass=\"lightbox-trigger\"\n\t\t\ttype=\"button\"\n\t\t\taria-haspopup=\"dialog\"\n\t\t\taria-label=\"Enlarge\"\n\t\t\tdata-wp-init=\"callbacks.initTriggerButton\"\n\t\t\tdata-wp-on--click=\"actions.showLightbox\"\n\t\t\tdata-wp-style--right=\"state.imageButtonRight\"\n\t\t\tdata-wp-style--top=\"state.imageButtonTop\"\n\t\t>\n\t\t\t<svg xmlns=\"http:\/\/www.w3.org\/2000\/svg\" width=\"12\" height=\"12\" fill=\"none\" viewBox=\"0 0 12 12\">\n\t\t\t\t<path fill=\"#fff\" d=\"M2 0a2 2 0 0 0-2 2v2h1.5V2a.5.5 0 0 1 .5-.5h2V0H2Zm2 10.5H2a.5.5 0 0 1-.5-.5V8H0v2a2 2 0 0 0 2 2h2v-1.5ZM8 12v-1.5h2a.5.5 0 0 0 .5-.5V8H12v2a2 2 0 0 1-2 2H8Zm2-12a2 2 0 0 1 2 2v2h-1.5V2a.5.5 0 0 0-.5-.5H8V0h2Z\" \/>\n\t\t\t<\/svg>\n\t\t<\/button><\/figure>\n\n\n\n<div style=\"height:var(--wp--preset--spacing--60)\" aria-hidden=\"true\" class=\"wp-block-spacer\"><\/div>\n<\/div>\n<\/div>\n<\/div>\n<\/div>\n","protected":false},"excerpt":{"rendered":"<p>Su configuraci\u00f3n es la de un fino parqu\u00e9 formado por losetas de madera acabadas con Incrustaciones geom\u00e9tricas y el detallado de peque\u00f1as placas met\u00e1licas, que se hacen eco de los detalles t\u00edpicos de la sastrer\u00eda vaquera, como costuras, apliques, tachuelas y remaches. Aqu\u00ed en la versi\u00f3n de color marr\u00f3n, un tono de marr\u00f3n intenso y envolvente, que expresa prestigio, clase [&hellip;]<\/p>\n","protected":false},"author":2,"featured_media":19342,"template":"","product_collection":[126],"product_type":[],"product_color":[76],"class_list":["post-19331","product","type-product","status-publish","has-post-thumbnail","hentry","product_collection-parquet-diesel-living-with-berti","product_color-scuro"],"_links":{"self":[{"href":"https:\/\/berti.net\/es\/wp-json\/wp\/v2\/product\/19331","targetHints":{"allow":["GET"]}}],"collection":[{"href":"https:\/\/berti.net\/es\/wp-json\/wp\/v2\/product"}],"about":[{"href":"https:\/\/berti.net\/es\/wp-json\/wp\/v2\/types\/product"}],"author":[{"embeddable":true,"href":"https:\/\/berti.net\/es\/wp-json\/wp\/v2\/users\/2"}],"wp:featuredmedia":[{"embeddable":true,"href":"https:\/\/berti.net\/es\/wp-json\/wp\/v2\/media\/19342"}],"wp:attachment":[{"href":"https:\/\/berti.net\/es\/wp-json\/wp\/v2\/media?parent=19331"}],"wp:term":[{"taxonomy":"product_collection","embeddable":true,"href":"https:\/\/berti.net\/es\/wp-json\/wp\/v2\/product_collection?post=19331"},{"taxonomy":"product_type","embeddable":true,"href":"https:\/\/berti.net\/es\/wp-json\/wp\/v2\/product_type?post=19331"},{"taxonomy":"product_color","embeddable":true,"href":"https:\/\/berti.net\/es\/wp-json\/wp\/v2\/product_color?post=19331"}],"curies":[{"name":"wp","href":"https:\/\/api.w.org\/{rel}","templated":true}]}}

<div class="wp-block-group is-style-container has-global-padding is-content-justification-center is-layout-constrained wp-block-group-is-layout-constrained">
<div class="wp-block-group is-style-default has-global-padding is-content-justification-left is-layout-constrained wp-container-core-group-is-layout-a6931cc7 wp-block-group-is-layout-constrained" style="margin-top:var(--wp--preset--spacing--130);margin-bottom:var(--wp--preset--spacing--130)">
<p class="is-style-indent animated fadeIn has-m-22-font-size">Su configuración es la de un fino parqué formado por losetas de madera acabadas con <strong>Incrustaciones geométricas</strong> y el detallado de pequeñas placas metálicas, que se hacen eco de los detalles típicos de la sastrería vaquera, como costuras, apliques, tachuelas y remaches.  </p>



<p class="is-style-indent animated fadeIn has-m-22-font-size">Aquí en la versión de <strong>color</strong> marrón, un tono de marrón intenso y envolvente, que expresa prestigio, clase y elegancia atemporal. Un acabado de marquetería, precioso y refinado, con un estilo peculiar y un gran impacto decorativo, que sabe rendir homenaje a los ornamentos clásicos para redefinirlos en clave contemporánea y rockera.   </p>



<p class="is-style-indent animated fadeIn has-m-22-font-size">La elección del <strong>parquet de roble</strong> oscuro es ideal para estancias diseñadas según un concepto de refinamiento moderno, ecléctico y vanguardista.</p>
</div>



<div class="wp-block-group alignfull has-global-padding is-layout-constrained wp-block-group-is-layout-constrained" style="margin-top:0;margin-bottom:0">
<div class="wp-block-columns alignwide is-layout-flex wp-container-core-columns-is-layout-8fbed60e wp-block-columns-is-layout-flex" style="margin-top:0;margin-bottom:0">
<div class="wp-block-column is-layout-flow wp-container-core-column-is-layout-8a368f38 wp-block-column-is-layout-flow" style="flex-basis:60%">
<figure data-wp-context="{&quot;imageId&quot;:&quot;69eff757d15db&quot;}" data-wp-interactive="core/image" data-wp-key="69eff757d15db" class="wp-block-image size-full is-resized is-style-default wp-lightbox-container"><img loading="lazy" decoding="async" width="653" height="871" data-wp-class--hide="state.isContentHidden" data-wp-class--show="state.isContentVisible" data-wp-init="callbacks.setButtonStyles" data-wp-on--click="actions.showLightbox" data-wp-on--load="callbacks.setButtonStyles" data-wp-on-window--resize="callbacks.setButtonStyles" src="https://www.berti.net/wp-content/uploads/2024/10/quadrotte-in-legno-parquet-scuro-stud-oak-berti.jpg" alt="" class="wp-image-7274" style="width:660px;height:auto" srcset="https://berti.net/wp-content/uploads/2024/10/quadrotte-in-legno-parquet-scuro-stud-oak-berti.jpg 653w, https://berti.net/wp-content/uploads/2024/10/quadrotte-in-legno-parquet-scuro-stud-oak-berti-225x300.jpg 225w" sizes="auto, (max-width: 653px) 100vw, 653px" /><button
			class="lightbox-trigger"
			type="button"
			aria-haspopup="dialog"
			aria-label="Enlarge"
			data-wp-init="callbacks.initTriggerButton"
			data-wp-on--click="actions.showLightbox"
			data-wp-style--right="state.imageButtonRight"
			data-wp-style--top="state.imageButtonTop"
		>
			<svg xmlns="http://www.w3.org/2000/svg" width="12" height="12" fill="none" viewBox="0 0 12 12">
				<path fill="#fff" d="M2 0a2 2 0 0 0-2 2v2h1.5V2a.5.5 0 0 1 .5-.5h2V0H2Zm2 10.5H2a.5.5 0 0 1-.5-.5V8H0v2a2 2 0 0 0 2 2h2v-1.5ZM8 12v-1.5h2a.5.5 0 0 0 .5-.5V8H12v2a2 2 0 0 1-2 2H8Zm2-12a2 2 0 0 1 2 2v2h-1.5V2a.5.5 0 0 0-.5-.5H8V0h2Z" />
			</svg>
		</button></figure>



<div style="height:var(--wp--preset--spacing--60)" aria-hidden="true" class="wp-block-spacer"></div>
</div>



<div class="wp-block-column is-layout-flow wp-container-core-column-is-layout-8a368f38 wp-block-column-is-layout-flow" style="flex-basis:40%">
<figure data-wp-context="{&quot;imageId&quot;:&quot;69eff757d1872&quot;}" data-wp-interactive="core/image" data-wp-key="69eff757d1872" class="wp-block-image size-full is-style-default wp-lightbox-container"><img loading="lazy" decoding="async" width="653" height="871" data-wp-class--hide="state.isContentHidden" data-wp-class--show="state.isContentVisible" data-wp-init="callbacks.setButtonStyles" data-wp-on--click="actions.showLightbox" data-wp-on--load="callbacks.setButtonStyles" data-wp-on-window--resize="callbacks.setButtonStyles" src="https://www.berti.net/wp-content/uploads/2024/10/parquet-scuro-stud-oak.jpg" alt="" class="wp-image-7280" srcset="https://berti.net/wp-content/uploads/2024/10/parquet-scuro-stud-oak.jpg 653w, https://berti.net/wp-content/uploads/2024/10/parquet-scuro-stud-oak-225x300.jpg 225w" sizes="auto, (max-width: 653px) 100vw, 653px" /><button
			class="lightbox-trigger"
			type="button"
			aria-haspopup="dialog"
			aria-label="Enlarge"
			data-wp-init="callbacks.initTriggerButton"
			data-wp-on--click="actions.showLightbox"
			data-wp-style--right="state.imageButtonRight"
			data-wp-style--top="state.imageButtonTop"
		>
			<svg xmlns="http://www.w3.org/2000/svg" width="12" height="12" fill="none" viewBox="0 0 12 12">
				<path fill="#fff" d="M2 0a2 2 0 0 0-2 2v2h1.5V2a.5.5 0 0 1 .5-.5h2V0H2Zm2 10.5H2a.5.5 0 0 1-.5-.5V8H0v2a2 2 0 0 0 2 2h2v-1.5ZM8 12v-1.5h2a.5.5 0 0 0 .5-.5V8H12v2a2 2 0 0 1-2 2H8Zm2-12a2 2 0 0 1 2 2v2h-1.5V2a.5.5 0 0 0-.5-.5H8V0h2Z" />
			</svg>
		</button></figure>



<div style="height:var(--wp--preset--spacing--60)" aria-hidden="true" class="wp-block-spacer"></div>
</div>
</div>
</div>
</div>

<p>Su configuración es la de un fino parqué formado por losetas de madera acabadas con Incrustaciones geométricas y el detallado de pequeñas placas metálicas, que se hacen eco de los detalles típicos de la sastrería vaquera, como costuras, apliques, tachuelas y remaches. Aquí en la versión de color marrón, un tono de marrón intenso y envolvente, que expresa prestigio, clase [&hellip;]</p>
