{"id":17324,"date":"2024-09-20T12:55:13","date_gmt":"2024-09-20T12:55:13","guid":{"rendered":"https:\/\/www.berti.net\/clases-de-apariencia-del-parquet\/"},"modified":"2025-05-16T10:13:29","modified_gmt":"2025-05-16T10:13:29","slug":"clases-de-apariencia-del-parquet","status":"publish","type":"page","link":"https:\/\/berti.net\/es\/clases-de-apariencia-del-parquet\/","title":{"rendered":"Clases de apariencia del parquet"},"content":{"rendered":"\n<div class=\"wp-block-group alignfull hero-title-slider-pattern animated fadeInUp has-global-padding is-layout-constrained wp-block-group-is-layout-constrained\">\n<div class=\"wp-block-group banner-hero-content has-global-padding is-layout-constrained wp-container-core-group-is-layout-09a7d114 wp-block-group-is-layout-constrained\" style=\"margin-top:var(--wp--preset--spacing--70);margin-bottom:var(--wp--preset--spacing--30)\">\n<div class=\"wp-block-group is-style-container has-global-padding is-layout-constrained wp-container-core-group-is-layout-6b7bba85 wp-block-group-is-layout-constrained\">\n<h1 class=\"wp-block-heading has-text-align-center has-xxl-font-size\" style=\"margin-bottom:var(--wp--preset--spacing--50);letter-spacing:0px;line-height:1\">Tipos de parquet:<br\/>gu\u00eda de clases de aspecto<\/h1>\n\n\n\n<h5 class=\"wp-block-heading has-text-align-center has-m-32-font-size\">\u00bfA qu\u00e9 nos referimos cuando hablamos de las <em>&#8221;Clases de Apariencia&#8221;<\/em> de la madera?<\/h5>\n\n\n\n<p class=\"has-text-align-center has-m-font-size\">Todos los tipos de parquet disponibles presentan caracter\u00edsticas \u00fanicas en cuanto a su rendimiento est\u00e9tico. La norma internacional UNI EN 13489:2018 regula y clasifica la elecci\u00f3n de los elementos de madera en funci\u00f3n de su aspecto (como la presencia de vetas y nudos en la madera), distingui\u00e9ndolos en 3 categor\u00edas, cada una de ellas marcada por un s\u00edmbolo geom\u00e9trico:   <strong>C\u00edrculo: Elecci\u00f3n extra, Tri\u00e1ngulo: Elecci\u00f3n naturaleza, Cuadrado: Elecci\u00f3n r\u00fastico. \u00bfC\u00f3mo elegir el parquet adecuado? <\/strong><\/p>\n<\/div>\n<\/div>\n<\/div>\n\n<div class=\"wp-block-group alignwide animated fadeIn has-global-padding is-layout-constrained wp-container-core-group-is-layout-475f6704 wp-block-group-is-layout-constrained\" style=\"margin-top:var(--wp--preset--spacing--100);margin-bottom:var(--wp--preset--spacing--50);padding-right:16px;padding-left:16px\">\n<figure class=\"wp-block-image size-large\"><img loading=\"lazy\" decoding=\"async\" width=\"1024\" height=\"574\" src=\"https:\/\/www.berti.net\/wp-content\/uploads\/2024\/09\/parquet-rovere-berti-extra-1024x574.jpg\" alt=\"\" class=\"wp-image-648\" srcset=\"https:\/\/berti.net\/wp-content\/uploads\/2024\/09\/parquet-rovere-berti-extra-1024x574.jpg 1024w, https:\/\/berti.net\/wp-content\/uploads\/2024\/09\/parquet-rovere-berti-extra-300x168.jpg 300w, https:\/\/berti.net\/wp-content\/uploads\/2024\/09\/parquet-rovere-berti-extra-768x430.jpg 768w, https:\/\/berti.net\/wp-content\/uploads\/2024\/09\/parquet-rovere-berti-extra-1536x860.jpg 1536w, https:\/\/berti.net\/wp-content\/uploads\/2024\/09\/parquet-rovere-berti-extra-2048x1147.jpg 2048w\" sizes=\"auto, (max-width: 1024px) 100vw, 1024px\" \/><\/figure>\n<\/div>\n\n<div class=\"wp-block-group title-text-indented-pattern animated fadeIn has-global-padding is-layout-constrained wp-container-core-group-is-layout-a31aa551 wp-block-group-is-layout-constrained\">\n<div class=\"wp-block-group has-global-padding is-layout-constrained wp-container-core-group-is-layout-6dea37ad wp-block-group-is-layout-constrained\">\n<h2 class=\"wp-block-heading has-text-color\" id=\"parquet-extra\" style=\"color:#000000;margin-bottom:var(--wp--preset--spacing--20)\">Parquet Extra: Elecci\u00f3n del c\u00edrculo<\/h2>\n\n\n\n<p class=\"has-m-22-font-size\"><strong>Extra Choice<\/strong> tambi\u00e9n se conoce con el nombre com\u00fan de<strong>&#8221;rigatino<\/strong>&#8221; o<strong>&#8221;parquet de primera elecci\u00f3n<\/strong>&#8221;. La fibra de la madera est\u00e1 orientada y s\u00f3lo puede tener nudos peque\u00f1os y sanos de menos de 3 mm, puede presentar una ligera decoloraci\u00f3n y no se admite albura (la parte m\u00e1s blanda y ligera del tronco). <\/p>\n\n\n\n<p class=\"has-m-22-font-size\">El parquet tendr\u00e1 una veta de madera regular, peque\u00f1os nudos sanos ocasionales, llamados ojos de perdiz, y tablas sin albura (la parte m\u00e1s blanda y ligera del tronco).<\/p>\n<\/div>\n<\/div>\n\n<div class=\"wp-block-group alignwide animated fadeIn has-global-padding is-layout-constrained wp-container-core-group-is-layout-475f6704 wp-block-group-is-layout-constrained\" style=\"margin-top:var(--wp--preset--spacing--100);margin-bottom:var(--wp--preset--spacing--50);padding-right:16px;padding-left:16px\">\n<figure class=\"wp-block-image size-large\"><img loading=\"lazy\" decoding=\"async\" width=\"1024\" height=\"574\" src=\"https:\/\/www.berti.net\/wp-content\/uploads\/2024\/09\/parquet-rovere-berti-natura-1024x574.jpg\" alt=\"\" class=\"wp-image-649\" srcset=\"https:\/\/berti.net\/wp-content\/uploads\/2024\/09\/parquet-rovere-berti-natura-1024x574.jpg 1024w, https:\/\/berti.net\/wp-content\/uploads\/2024\/09\/parquet-rovere-berti-natura-300x168.jpg 300w, https:\/\/berti.net\/wp-content\/uploads\/2024\/09\/parquet-rovere-berti-natura-768x430.jpg 768w, https:\/\/berti.net\/wp-content\/uploads\/2024\/09\/parquet-rovere-berti-natura-1536x860.jpg 1536w, https:\/\/berti.net\/wp-content\/uploads\/2024\/09\/parquet-rovere-berti-natura-2048x1147.jpg 2048w\" sizes=\"auto, (max-width: 1024px) 100vw, 1024px\" \/><\/figure>\n<\/div>\n\n<div class=\"wp-block-group title-text-indented-pattern animated fadeIn has-global-padding is-layout-constrained wp-container-core-group-is-layout-a31aa551 wp-block-group-is-layout-constrained\">\n<div class=\"wp-block-group has-global-padding is-layout-constrained wp-container-core-group-is-layout-6dea37ad wp-block-group-is-layout-constrained\">\n<h2 class=\"wp-block-heading has-text-color\" id=\"parquet-natura\" style=\"color:#000000;margin-bottom:var(--wp--preset--spacing--20)\">Parquet Natura: Elecci\u00f3n Tri\u00e1ngulo<\/h2>\n\n\n\n<p class=\"has-m-22-font-size\">En <strong>Scelta Natura<\/strong>, los nudos y estr\u00edas de la madera, aunque limitados en tama\u00f1o y cantidad, acent\u00faan el car\u00e1cter natural y org\u00e1nico de la madera.<br\/>Este tipo de parquet, tambi\u00e9n conocido como<strong>&#8221;parquet rayado flameado<\/strong>&#8221;, presenta ligeras variaciones de color con vetas uniformes, posibles desviaciones, nudos sanos de peque\u00f1o tama\u00f1o (hasta ocho mil\u00edmetros de di\u00e1metro) y albura.<\/p>\n\n\n\n<p class=\"has-m-22-font-size\">Este tipo de parquet es una opci\u00f3n excelente para quien desee que el suelo tenga un aspecto muy natural.<\/p>\n<\/div>\n<\/div>\n\n<div class=\"wp-block-group alignwide animated fadeIn has-global-padding is-layout-constrained wp-container-core-group-is-layout-475f6704 wp-block-group-is-layout-constrained\" style=\"margin-top:var(--wp--preset--spacing--100);margin-bottom:var(--wp--preset--spacing--50);padding-right:16px;padding-left:16px\">\n<figure class=\"wp-block-image size-large\"><img loading=\"lazy\" decoding=\"async\" width=\"1024\" height=\"574\" src=\"https:\/\/www.berti.net\/wp-content\/uploads\/2024\/09\/parquet-rovere-berti-rustica-1024x574.jpg\" alt=\"\" class=\"wp-image-650\" srcset=\"https:\/\/berti.net\/wp-content\/uploads\/2024\/09\/parquet-rovere-berti-rustica-1024x574.jpg 1024w, https:\/\/berti.net\/wp-content\/uploads\/2024\/09\/parquet-rovere-berti-rustica-300x168.jpg 300w, https:\/\/berti.net\/wp-content\/uploads\/2024\/09\/parquet-rovere-berti-rustica-768x430.jpg 768w, https:\/\/berti.net\/wp-content\/uploads\/2024\/09\/parquet-rovere-berti-rustica-1536x860.jpg 1536w, https:\/\/berti.net\/wp-content\/uploads\/2024\/09\/parquet-rovere-berti-rustica-2048x1147.jpg 2048w\" sizes=\"auto, (max-width: 1024px) 100vw, 1024px\" \/><\/figure>\n<\/div>\n\n<div class=\"wp-block-group title-text-indented-pattern animated fadeIn has-global-padding is-layout-constrained wp-container-core-group-is-layout-a31aa551 wp-block-group-is-layout-constrained\">\n<div class=\"wp-block-group has-global-padding is-layout-constrained wp-container-core-group-is-layout-6dea37ad wp-block-group-is-layout-constrained\">\n<h2 class=\"wp-block-heading has-text-color\" id=\"parquet-rustica\" style=\"color:#000000;margin-bottom:var(--wp--preset--spacing--20)\">Parquet R\u00fastico: Selecci\u00f3n Cuadrada<\/h2>\n\n\n\n<p class=\"has-m-22-font-size\">Grietas, nudos y vetas acentuadas sin l\u00edmite de tama\u00f1o espec\u00edfico: hablamos de la <strong>Elecci\u00f3n<\/strong> <strong>R\u00fastica<\/strong> representada con el <strong>cuadrado <\/strong>. Seg\u00fan el tipo de madera, esta clase de aspecto tolera en mayor medida todas las &#8221;imperfecciones&#8221; que en realidad son verdaderos rasgos est\u00e9ticos: abundancia de nudos (rellenos y sin rellenar), vetas minerales y rayas.<\/p>\n\n\n\n<p class=\"has-m-22-font-size\">Estos suelos son una elecci\u00f3n excelente cuando lo que buscas es un aspecto natural y vivo. Una elecci\u00f3n m\u00e1s adecuada en productos preacabados. <\/p>\n<\/div>\n<\/div>\n\n<div style=\"height:var(--wp--preset--spacing--100)\" aria-hidden=\"true\" class=\"wp-block-spacer\"><\/div>\n","protected":false},"excerpt":{"rendered":"<p>Tipos de parquet:gu\u00eda de clases de aspecto \u00bfA qu\u00e9 nos referimos cuando hablamos de las &#8221;Clases de Apariencia&#8221; de la madera? Todos los tipos de parquet disponibles presentan caracter\u00edsticas \u00fanicas en cuanto a su rendimiento est\u00e9tico. La norma internacional UNI EN 13489:2018 regula y clasifica la elecci\u00f3n de los elementos de madera en funci\u00f3n de su aspecto (como la presencia [&hellip;]<\/p>\n","protected":false},"author":2,"featured_media":0,"parent":0,"menu_order":0,"comment_status":"closed","ping_status":"closed","template":"","meta":{"footnotes":""},"class_list":["post-17324","page","type-page","status-publish","hentry"],"_links":{"self":[{"href":"https:\/\/berti.net\/es\/wp-json\/wp\/v2\/pages\/17324","targetHints":{"allow":["GET"]}}],"collection":[{"href":"https:\/\/berti.net\/es\/wp-json\/wp\/v2\/pages"}],"about":[{"href":"https:\/\/berti.net\/es\/wp-json\/wp\/v2\/types\/page"}],"author":[{"embeddable":true,"href":"https:\/\/berti.net\/es\/wp-json\/wp\/v2\/users\/2"}],"replies":[{"embeddable":true,"href":"https:\/\/berti.net\/es\/wp-json\/wp\/v2\/comments?post=17324"}],"version-history":[{"count":1,"href":"https:\/\/berti.net\/es\/wp-json\/wp\/v2\/pages\/17324\/revisions"}],"predecessor-version":[{"id":17329,"href":"https:\/\/berti.net\/es\/wp-json\/wp\/v2\/pages\/17324\/revisions\/17329"}],"wp:attachment":[{"href":"https:\/\/berti.net\/es\/wp-json\/wp\/v2\/media?parent=17324"}],"curies":[{"name":"wp","href":"https:\/\/api.w.org\/{rel}","templated":true}]}}

<div class="wp-block-group alignfull hero-title-slider-pattern animated fadeInUp has-global-padding is-layout-constrained wp-block-group-is-layout-constrained">
<div class="wp-block-group banner-hero-content has-global-padding is-layout-constrained wp-container-core-group-is-layout-09a7d114 wp-block-group-is-layout-constrained" style="margin-top:var(--wp--preset--spacing--70);margin-bottom:var(--wp--preset--spacing--30)">
<div class="wp-block-group is-style-container has-global-padding is-layout-constrained wp-container-core-group-is-layout-6b7bba85 wp-block-group-is-layout-constrained">
<h1 class="wp-block-heading has-text-align-center has-xxl-font-size" style="margin-bottom:var(--wp--preset--spacing--50);letter-spacing:0px;line-height:1">Tipos de parquet:<br/>guía de clases de aspecto</h1>



<h5 class="wp-block-heading has-text-align-center has-m-32-font-size">¿A qué nos referimos cuando hablamos de las <em>&#8221;Clases de Apariencia&#8221;</em> de la madera?</h5>



<p class="has-text-align-center has-m-font-size">Todos los tipos de parquet disponibles presentan características únicas en cuanto a su rendimiento estético. La norma internacional UNI EN 13489:2018 regula y clasifica la elección de los elementos de madera en función de su aspecto (como la presencia de vetas y nudos en la madera), distinguiéndolos en 3 categorías, cada una de ellas marcada por un símbolo geométrico:   <strong>Círculo: Elección extra, Triángulo: Elección naturaleza, Cuadrado: Elección rústico. ¿Cómo elegir el parquet adecuado? </strong></p>
</div>
</div>
</div>

<div class="wp-block-group alignwide animated fadeIn has-global-padding is-layout-constrained wp-container-core-group-is-layout-475f6704 wp-block-group-is-layout-constrained" style="margin-top:var(--wp--preset--spacing--100);margin-bottom:var(--wp--preset--spacing--50);padding-right:16px;padding-left:16px">
<figure class="wp-block-image size-large"><img loading="lazy" decoding="async" width="1024" height="574" src="https://www.berti.net/wp-content/uploads/2024/09/parquet-rovere-berti-extra-1024x574.jpg" alt="" class="wp-image-648" srcset="https://berti.net/wp-content/uploads/2024/09/parquet-rovere-berti-extra-1024x574.jpg 1024w, https://berti.net/wp-content/uploads/2024/09/parquet-rovere-berti-extra-300x168.jpg 300w, https://berti.net/wp-content/uploads/2024/09/parquet-rovere-berti-extra-768x430.jpg 768w, https://berti.net/wp-content/uploads/2024/09/parquet-rovere-berti-extra-1536x860.jpg 1536w, https://berti.net/wp-content/uploads/2024/09/parquet-rovere-berti-extra-2048x1147.jpg 2048w" sizes="auto, (max-width: 1024px) 100vw, 1024px" /></figure>
</div>

<div class="wp-block-group title-text-indented-pattern animated fadeIn has-global-padding is-layout-constrained wp-container-core-group-is-layout-a31aa551 wp-block-group-is-layout-constrained">
<div class="wp-block-group has-global-padding is-layout-constrained wp-container-core-group-is-layout-6dea37ad wp-block-group-is-layout-constrained">
<h2 class="wp-block-heading has-text-color" id="parquet-extra" style="color:#000000;margin-bottom:var(--wp--preset--spacing--20)">Parquet Extra: Elección del círculo</h2>



<p class="has-m-22-font-size"><strong>Extra Choice</strong> también se conoce con el nombre común de<strong>&#8221;rigatino</strong>&#8221; o<strong>&#8221;parquet de primera elección</strong>&#8221;. La fibra de la madera está orientada y sólo puede tener nudos pequeños y sanos de menos de 3 mm, puede presentar una ligera decoloración y no se admite albura (la parte más blanda y ligera del tronco). </p>



<p class="has-m-22-font-size">El parquet tendrá una veta de madera regular, pequeños nudos sanos ocasionales, llamados ojos de perdiz, y tablas sin albura (la parte más blanda y ligera del tronco).</p>
</div>
</div>

<div class="wp-block-group alignwide animated fadeIn has-global-padding is-layout-constrained wp-container-core-group-is-layout-475f6704 wp-block-group-is-layout-constrained" style="margin-top:var(--wp--preset--spacing--100);margin-bottom:var(--wp--preset--spacing--50);padding-right:16px;padding-left:16px">
<figure class="wp-block-image size-large"><img loading="lazy" decoding="async" width="1024" height="574" src="https://www.berti.net/wp-content/uploads/2024/09/parquet-rovere-berti-natura-1024x574.jpg" alt="" class="wp-image-649" srcset="https://berti.net/wp-content/uploads/2024/09/parquet-rovere-berti-natura-1024x574.jpg 1024w, https://berti.net/wp-content/uploads/2024/09/parquet-rovere-berti-natura-300x168.jpg 300w, https://berti.net/wp-content/uploads/2024/09/parquet-rovere-berti-natura-768x430.jpg 768w, https://berti.net/wp-content/uploads/2024/09/parquet-rovere-berti-natura-1536x860.jpg 1536w, https://berti.net/wp-content/uploads/2024/09/parquet-rovere-berti-natura-2048x1147.jpg 2048w" sizes="auto, (max-width: 1024px) 100vw, 1024px" /></figure>
</div>

<div class="wp-block-group title-text-indented-pattern animated fadeIn has-global-padding is-layout-constrained wp-container-core-group-is-layout-a31aa551 wp-block-group-is-layout-constrained">
<div class="wp-block-group has-global-padding is-layout-constrained wp-container-core-group-is-layout-6dea37ad wp-block-group-is-layout-constrained">
<h2 class="wp-block-heading has-text-color" id="parquet-natura" style="color:#000000;margin-bottom:var(--wp--preset--spacing--20)">Parquet Natura: Elección Triángulo</h2>



<p class="has-m-22-font-size">En <strong>Scelta Natura</strong>, los nudos y estrías de la madera, aunque limitados en tamaño y cantidad, acentúan el carácter natural y orgánico de la madera.<br/>Este tipo de parquet, también conocido como<strong>&#8221;parquet rayado flameado</strong>&#8221;, presenta ligeras variaciones de color con vetas uniformes, posibles desviaciones, nudos sanos de pequeño tamaño (hasta ocho milímetros de diámetro) y albura.</p>



<p class="has-m-22-font-size">Este tipo de parquet es una opción excelente para quien desee que el suelo tenga un aspecto muy natural.</p>
</div>
</div>

<div class="wp-block-group alignwide animated fadeIn has-global-padding is-layout-constrained wp-container-core-group-is-layout-475f6704 wp-block-group-is-layout-constrained" style="margin-top:var(--wp--preset--spacing--100);margin-bottom:var(--wp--preset--spacing--50);padding-right:16px;padding-left:16px">
<figure class="wp-block-image size-large"><img loading="lazy" decoding="async" width="1024" height="574" src="https://www.berti.net/wp-content/uploads/2024/09/parquet-rovere-berti-rustica-1024x574.jpg" alt="" class="wp-image-650" srcset="https://berti.net/wp-content/uploads/2024/09/parquet-rovere-berti-rustica-1024x574.jpg 1024w, https://berti.net/wp-content/uploads/2024/09/parquet-rovere-berti-rustica-300x168.jpg 300w, https://berti.net/wp-content/uploads/2024/09/parquet-rovere-berti-rustica-768x430.jpg 768w, https://berti.net/wp-content/uploads/2024/09/parquet-rovere-berti-rustica-1536x860.jpg 1536w, https://berti.net/wp-content/uploads/2024/09/parquet-rovere-berti-rustica-2048x1147.jpg 2048w" sizes="auto, (max-width: 1024px) 100vw, 1024px" /></figure>
</div>

<div class="wp-block-group title-text-indented-pattern animated fadeIn has-global-padding is-layout-constrained wp-container-core-group-is-layout-a31aa551 wp-block-group-is-layout-constrained">
<div class="wp-block-group has-global-padding is-layout-constrained wp-container-core-group-is-layout-6dea37ad wp-block-group-is-layout-constrained">
<h2 class="wp-block-heading has-text-color" id="parquet-rustica" style="color:#000000;margin-bottom:var(--wp--preset--spacing--20)">Parquet Rústico: Selección Cuadrada</h2>



<p class="has-m-22-font-size">Grietas, nudos y vetas acentuadas sin límite de tamaño específico: hablamos de la <strong>Elección</strong> <strong>Rústica</strong> representada con el <strong>cuadrado </strong>. Según el tipo de madera, esta clase de aspecto tolera en mayor medida todas las &#8221;imperfecciones&#8221; que en realidad son verdaderos rasgos estéticos: abundancia de nudos (rellenos y sin rellenar), vetas minerales y rayas.</p>



<p class="has-m-22-font-size">Estos suelos son una elección excelente cuando lo que buscas es un aspecto natural y vivo. Una elección más adecuada en productos preacabados. </p>
</div>
</div>

<div style="height:var(--wp--preset--spacing--100)" aria-hidden="true" class="wp-block-spacer"></div>

<p>Tipos de parquet:guía de clases de aspecto ¿A qué nos referimos cuando hablamos de las &#8221;Clases de Apariencia&#8221; de la madera? Todos los tipos de parquet disponibles presentan características únicas en cuanto a su rendimiento estético. La norma internacional UNI EN 13489:2018 regula y clasifica la elección de los elementos de madera en función de su aspecto (como la presencia [&hellip;]</p>
