{"id":17293,"date":"2024-09-17T21:15:06","date_gmt":"2024-09-17T21:15:06","guid":{"rendered":"https:\/\/www.berti.net\/coleccion-berti-studio\/"},"modified":"2025-07-21T12:54:01","modified_gmt":"2025-07-21T12:54:01","slug":"coleccion-berti-studio","status":"publish","type":"page","link":"https:\/\/berti.net\/es\/parquet\/coleccion-berti-studio\/","title":{"rendered":"Colecci\u00f3n Berti Studio"},"content":{"rendered":"\n<div class=\"wp-block-group alignfull hero-title-slider-pattern has-global-padding is-layout-constrained wp-block-group-is-layout-constrained\">\n<div class=\"wp-block-cover alignfull banner-hero has-aspect-ratio wp-duotone-unset-1\" style=\"padding-top:0px;padding-right:0;padding-bottom:0px;padding-left:0;min-height:516px;aspect-ratio:auto;min-height:unset;\"><img loading=\"lazy\" decoding=\"async\" width=\"1355\" height=\"733\" class=\"wp-block-cover__image-background wp-image-1005\" alt=\"\" src=\"https:\/\/www.berti.net\/wp-content\/uploads\/2024\/10\/bertistudio_slide_ambientato-01.jpg\" style=\"object-position:49% 83%\" data-object-fit=\"cover\" data-object-position=\"49% 83%\" srcset=\"https:\/\/berti.net\/wp-content\/uploads\/2024\/10\/bertistudio_slide_ambientato-01.jpg 1355w, https:\/\/berti.net\/wp-content\/uploads\/2024\/10\/bertistudio_slide_ambientato-01-300x162.jpg 300w, https:\/\/berti.net\/wp-content\/uploads\/2024\/10\/bertistudio_slide_ambientato-01-1024x554.jpg 1024w, https:\/\/berti.net\/wp-content\/uploads\/2024\/10\/bertistudio_slide_ambientato-01-768x415.jpg 768w\" sizes=\"auto, (max-width: 1355px) 100vw, 1355px\" \/><span aria-hidden=\"true\" class=\"wp-block-cover__background has-background-dim wp-block-cover__gradient-background has-background-gradient has-gradient-2-gradient-background\"><\/span><div class=\"wp-block-cover__inner-container is-layout-flow wp-block-cover-is-layout-flow\">\n<div class=\"wp-block-group banner-hero-content has-global-padding is-layout-constrained wp-container-core-group-is-layout-a05d3a21 wp-block-group-is-layout-constrained\">\n<div class=\"wp-block-group has-global-padding is-layout-constrained wp-container-core-group-is-layout-b831be90 wp-block-group-is-layout-constrained\"><h1 style=\"line-height:1;text-transform:capitalize;\" class=\"has-text-align-center has-link-color wp-elements-0ff92931a9d0ec8fa747f9bf38ea851c wp-block-post-title has-text-color has-base-3-color has-heading-font-family\">Colecci\u00f3n Berti Studio<\/h1><\/div>\n<\/div>\n<\/div><\/div>\n<\/div>\n\n<div class=\"wp-block-group alignwide has-global-padding is-layout-constrained wp-container-core-group-is-layout-92dded1c wp-block-group-is-layout-constrained\" style=\"margin-top:var(--wp--preset--spacing--120);margin-bottom:var(--wp--preset--spacing--120)\">\n<div class=\"wp-block-group title-text-indented-pattern has-global-padding is-layout-constrained wp-container-core-group-is-layout-a31aa551 wp-block-group-is-layout-constrained\">\n<h2 class=\"wp-block-heading animated fadeInUp has-text-color\" style=\"color:#000000\">Un estilo joven y extrovertido que ama el cambio y rechaza lo convencional.<\/h2>\n\n\n\n<div class=\"wp-block-group animated fadeInUp has-global-padding is-layout-constrained wp-block-group-is-layout-constrained\">\n<p class=\"has-m-22-font-size\" style=\"line-height:1.5\">Con esta idea en mente, Berti, l\u00edder en el sector de los suelos de madera tradicionales, cre\u00f3 <strong>Berti Studio<\/strong>.<\/p>\n\n\n\n<p class=\"has-m-22-font-size\" style=\"line-height:1.5\">Una marca viva y original con la que el parqu\u00e9 se reinventa y se convierte en un espacio abierto a la experimentaci\u00f3n, a lo nuevo, a lo ins\u00f3lito.<\/p>\n<\/div>\n<\/div>\n<\/div>\n\n<div class=\"wp-block-group alignwide has-global-padding is-layout-constrained wp-container-core-group-is-layout-92dded1c wp-block-group-is-layout-constrained\" style=\"margin-top:var(--wp--preset--spacing--120);margin-bottom:var(--wp--preset--spacing--120)\">\n<div class=\"wp-block-group title-text-indented-pattern has-global-padding is-layout-constrained wp-container-core-group-is-layout-a31aa551 wp-block-group-is-layout-constrained\">\n<h2 class=\"wp-block-heading animated fadeInUp has-text-color\" style=\"color:#000000\"><a href=\"https:\/\/www.berti.net\/es\/parquet\/coleccion-berti-studio\/estudio-rovere-berti\/\">Roble<br\/><strong>Estudio Berti<\/strong><\/a><\/h2>\n\n\n\n<div class=\"wp-block-group animated fadeInUp has-global-padding is-layout-constrained wp-block-group-is-layout-constrained\">\n<p class=\"has-m-22-font-size\" style=\"line-height:1.5\"><a href=\"https:\/\/www.berti.net\/es\/parquet\/coleccion-berti-studio\/estudio-rovere-berti\/\">La gama <strong>Studio de Berti Pavimenti<\/strong> ofrece tablones y espigas de roble caracterizados por colores, tratamientos sofisticados y artesan\u00eda que se adaptan a todos los ambientes y confieren al suelo un aire glamuroso.<\/a><\/p>\n\n\n\n<div class=\"wp-block-buttons is-layout-flex wp-block-buttons-is-layout-flex\" style=\"margin-top:var(--wp--preset--spacing--50)\">\n<div class=\"wp-block-button is-style-fill\"><a class=\"wp-block-button__link has-contrast-2-color has-base-background-color has-text-color has-background has-link-color wp-element-button\" href=\"https:\/\/www.berti.net\/es\/parquet\/coleccion-berti-studio\/estudio-rovere-berti\/\" style=\"padding-top:15px;padding-right:30px;padding-bottom:15px;padding-left:30px\">Descubre la colecci\u00f3n<\/a><\/div>\n<\/div>\n<\/div>\n<\/div>\n<\/div>\n\n<div class=\"wp-block-group alignwide animated fadeIn has-global-padding is-layout-constrained wp-container-core-group-is-layout-d427c859 wp-block-group-is-layout-constrained\" style=\"margin-top:var(--wp--preset--spacing--50);margin-bottom:var(--wp--preset--spacing--50);padding-right:16px;padding-left:16px\">\n<figure class=\"wp-block-image size-large\"><img loading=\"lazy\" decoding=\"async\" width=\"1024\" height=\"554\" src=\"https:\/\/www.berti.net\/wp-content\/uploads\/2024\/10\/bertistudio_greyish_ambientato-01-1024x554.jpg\" alt=\"\" class=\"wp-image-935\" srcset=\"https:\/\/berti.net\/wp-content\/uploads\/2024\/10\/bertistudio_greyish_ambientato-01-1024x554.jpg 1024w, https:\/\/berti.net\/wp-content\/uploads\/2024\/10\/bertistudio_greyish_ambientato-01-300x162.jpg 300w, https:\/\/berti.net\/wp-content\/uploads\/2024\/10\/bertistudio_greyish_ambientato-01-768x415.jpg 768w, https:\/\/berti.net\/wp-content\/uploads\/2024\/10\/bertistudio_greyish_ambientato-01.jpg 1355w\" sizes=\"auto, (max-width: 1024px) 100vw, 1024px\" \/><\/figure>\n<\/div>\n\n<div class=\"wp-block-group alignwide has-global-padding is-layout-constrained wp-container-core-group-is-layout-92dded1c wp-block-group-is-layout-constrained\" style=\"margin-top:var(--wp--preset--spacing--120);margin-bottom:var(--wp--preset--spacing--120)\">\n<div class=\"wp-block-group title-text-indented-pattern has-global-padding is-layout-constrained wp-container-core-group-is-layout-a31aa551 wp-block-group-is-layout-constrained\">\n<h2 class=\"wp-block-heading animated fadeInUp has-text-color\" style=\"color:#000000\">Berti Studio <br\/><strong>A petici\u00f3n<\/strong><\/h2>\n\n\n\n<div class=\"wp-block-group animated fadeInUp has-global-padding is-layout-constrained wp-block-group-is-layout-constrained\">\n<p class=\"has-m-22-font-size\" style=\"line-height:1.5\">La l\u00ednea <strong>On Demand<\/strong> propone una excepcional variedad de acabados y tratamientos para crear un suelo de madera a medida.<\/p>\n\n\n\n<p class=\"has-m-22-font-size\" style=\"line-height:1.5\">Elige el color, la esencia, el acabado, el tratamiento superficial, el tama\u00f1o y la colocaci\u00f3n para crear el parquet con las caracter\u00edsticas est\u00e9ticas que imaginas.<\/p>\n<\/div>\n<\/div>\n<\/div>\n\n<div class=\"wp-block-group products-group is-style-container has-global-padding is-content-justification-left is-layout-constrained wp-container-core-group-is-layout-5c6e4e02 wp-block-group-is-layout-constrained\" style=\"margin-top:var(--wp--preset--spacing--30)\">\n<h2 class=\"wp-block-heading has-text-align-center products-group-title animated fadeIn has-ml-font-size\">Acabados y tratamientos<br\/>A petici\u00f3n<\/h2>\n\n\n\n<div class=\"wp-block-group is-layout-flex-4-col-template has-global-padding is-content-justification-center is-layout-constrained wp-block-group-is-layout-constrained\">\n<div class=\"wp-block-group grid-4-col-item is-layout-flow wp-block-group-is-layout-flow\">\n<figure class=\"wp-block-image size-full\"><a href=\"https:\/\/www.berti.net\/es\/parquet\/coleccion-berti-studio\/acabados-y-tratamientos-a-la-carta\/\"><img loading=\"lazy\" decoding=\"async\" width=\"1908\" height=\"1908\" src=\"https:\/\/www.berti.net\/wp-content\/uploads\/2024\/09\/parquet-on-demand.jpg\" alt=\"Estudio Berti a la carta\" class=\"wp-image-466\" srcset=\"https:\/\/berti.net\/wp-content\/uploads\/2024\/09\/parquet-on-demand.jpg 1908w, https:\/\/berti.net\/wp-content\/uploads\/2024\/09\/parquet-on-demand-300x300.jpg 300w, https:\/\/berti.net\/wp-content\/uploads\/2024\/09\/parquet-on-demand-1024x1024.jpg 1024w, https:\/\/berti.net\/wp-content\/uploads\/2024\/09\/parquet-on-demand-150x150.jpg 150w, https:\/\/berti.net\/wp-content\/uploads\/2024\/09\/parquet-on-demand-768x768.jpg 768w, https:\/\/berti.net\/wp-content\/uploads\/2024\/09\/parquet-on-demand-1536x1536.jpg 1536w\" sizes=\"auto, (max-width: 1908px) 100vw, 1908px\" \/><\/a><\/figure>\n\n\n\n<h3 class=\"wp-block-heading has-heading-font-family\" style=\"font-size:clamp(15.747px, 0.984rem + ((1vw - 3.2px) * 0.645), 24px);\"><strong><a href=\"https:\/\/www.berti.net\/es\/parquet\/coleccion-berti-studio\/acabados-y-tratamientos-a-la-carta\/\">A petici\u00f3n<\/a><\/strong><\/h3>\n\n\n\n<p class=\"has-body-font-family\" style=\"padding-top:0;padding-right:0;padding-bottom:0;padding-left:0;font-size:clamp(14px, 0.875rem + ((1vw - 3.2px) * 0.313), 18px);line-height:1\"><a href=\"https:\/\/www.berti.net\/es\/parquet\/coleccion-berti-studio\/acabados-y-tratamientos-a-la-carta\/\">Colecci\u00f3n Berti Studio<\/a><\/p>\n<\/div>\n<\/div>\n<\/div>\n\n<div class=\"wp-block-group has-global-padding is-layout-constrained wp-block-group-is-layout-constrained\" style=\"margin-top:var(--wp--preset--spacing--40);margin-bottom:var(--wp--preset--spacing--60)\">\n<figure class=\"wp-block-embed is-type-video is-provider-youtube wp-block-embed-youtube wp-embed-aspect-16-9 wp-has-aspect-ratio\"><div class=\"wp-block-embed__wrapper\">\n<iframe loading=\"lazy\" title=\"Collezione Berti Studio\" width=\"500\" height=\"281\" src=\"https:\/\/www.youtube.com\/embed\/8Sn68hsM05E?feature=oembed\" frameborder=\"0\" allow=\"accelerometer; autoplay; clipboard-write; encrypted-media; gyroscope; picture-in-picture; web-share\" referrerpolicy=\"strict-origin-when-cross-origin\" allowfullscreen><\/iframe>\n<\/div><\/figure>\n<\/div>\n\n<div class=\"wp-block-cover alignfull is-light estimate-request-content animated fadeIn\" style=\"margin-top:0\"><img decoding=\"async\" class=\"wp-block-cover__image-background\" alt=\"\" src=\"https:\/\/www.berti.net\/wp-content\/themes\/thombase\/public\/images\/estimateBanner.webp\" data-object-fit=\"cover\"\/><span aria-hidden=\"true\" class=\"wp-block-cover__background has-background-dim-0 has-background-dim\"><\/span><div class=\"wp-block-cover__inner-container has-global-padding is-layout-constrained wp-block-cover-is-layout-constrained\">\n<div id=\"estimate\" class=\"wp-block-group alignleft estimate-request-content-inner has-global-padding is-content-justification-left is-layout-constrained wp-container-core-group-is-layout-94054b8f wp-block-group-is-layout-constrained\">\n<h5 class=\"wp-block-heading\">Pide <strong>presupuesto<\/strong>,<br\/>entra en el mundo Berti<\/h5>\n\n\n\n<p style=\"line-height:1.5\">Rellena el formulario para solicitar un Presupuesto.  <br\/>Recibir\u00e1s una respuesta de nuestro personal en breve.<\/p>\n\n\n\n<div class=\"wp-block-buttons is-layout-flex wp-block-buttons-is-layout-flex\">\n<div class=\"wp-block-button is-style-link\"><a class=\"wp-block-button__link wp-element-button\" href=\"https:\/\/www.berti.net\/es\/solicita-preventivo-2\/\">SOLICITA AHORA<\/a><\/div>\n<\/div>\n<\/div>\n<\/div><\/div>\n","protected":false},"excerpt":{"rendered":"<p>Un estilo joven y extrovertido que ama el cambio y rechaza lo convencional. Con esta idea en mente, Berti, l\u00edder en el sector de los suelos de madera tradicionales, cre\u00f3 Berti Studio. Una marca viva y original con la que el parqu\u00e9 se reinventa y se convierte en un espacio abierto a la experimentaci\u00f3n, a lo nuevo, a lo ins\u00f3lito. [&hellip;]<\/p>\n","protected":false},"author":2,"featured_media":0,"parent":17281,"menu_order":0,"comment_status":"closed","ping_status":"closed","template":"page-with-overlying-header","meta":{"footnotes":""},"class_list":["post-17293","page","type-page","status-publish","hentry"],"_links":{"self":[{"href":"https:\/\/berti.net\/es\/wp-json\/wp\/v2\/pages\/17293","targetHints":{"allow":["GET"]}}],"collection":[{"href":"https:\/\/berti.net\/es\/wp-json\/wp\/v2\/pages"}],"about":[{"href":"https:\/\/berti.net\/es\/wp-json\/wp\/v2\/types\/page"}],"author":[{"embeddable":true,"href":"https:\/\/berti.net\/es\/wp-json\/wp\/v2\/users\/2"}],"replies":[{"embeddable":true,"href":"https:\/\/berti.net\/es\/wp-json\/wp\/v2\/comments?post=17293"}],"version-history":[{"count":6,"href":"https:\/\/berti.net\/es\/wp-json\/wp\/v2\/pages\/17293\/revisions"}],"predecessor-version":[{"id":26026,"href":"https:\/\/berti.net\/es\/wp-json\/wp\/v2\/pages\/17293\/revisions\/26026"}],"up":[{"embeddable":true,"href":"https:\/\/berti.net\/es\/wp-json\/wp\/v2\/pages\/17281"}],"wp:attachment":[{"href":"https:\/\/berti.net\/es\/wp-json\/wp\/v2\/media?parent=17293"}],"curies":[{"name":"wp","href":"https:\/\/api.w.org\/{rel}","templated":true}]}}

Colección Berti Studio

<div class="wp-block-group alignfull hero-title-slider-pattern has-global-padding is-layout-constrained wp-block-group-is-layout-constrained">
<div class="wp-block-cover alignfull banner-hero has-aspect-ratio wp-duotone-unset-1" style="padding-top:0px;padding-right:0;padding-bottom:0px;padding-left:0;min-height:516px;aspect-ratio:auto;min-height:unset;"><img loading="lazy" decoding="async" width="1355" height="733" class="wp-block-cover__image-background wp-image-1005" alt="" src="https://www.berti.net/wp-content/uploads/2024/10/bertistudio_slide_ambientato-01.jpg" style="object-position:49% 83%" data-object-fit="cover" data-object-position="49% 83%" srcset="https://berti.net/wp-content/uploads/2024/10/bertistudio_slide_ambientato-01.jpg 1355w, https://berti.net/wp-content/uploads/2024/10/bertistudio_slide_ambientato-01-300x162.jpg 300w, https://berti.net/wp-content/uploads/2024/10/bertistudio_slide_ambientato-01-1024x554.jpg 1024w, https://berti.net/wp-content/uploads/2024/10/bertistudio_slide_ambientato-01-768x415.jpg 768w" sizes="auto, (max-width: 1355px) 100vw, 1355px" /><span aria-hidden="true" class="wp-block-cover__background has-background-dim wp-block-cover__gradient-background has-background-gradient has-gradient-2-gradient-background"></span><div class="wp-block-cover__inner-container is-layout-flow wp-block-cover-is-layout-flow">
<div class="wp-block-group banner-hero-content has-global-padding is-layout-constrained wp-container-core-group-is-layout-a05d3a21 wp-block-group-is-layout-constrained">
<div class="wp-block-group has-global-padding is-layout-constrained wp-container-core-group-is-layout-b831be90 wp-block-group-is-layout-constrained"><h1 style="line-height:1;text-transform:capitalize;" class="has-text-align-center has-link-color wp-elements-0ff92931a9d0ec8fa747f9bf38ea851c wp-block-post-title has-text-color has-base-3-color has-heading-font-family">Colección Berti Studio</h1></div>
</div>
</div></div>
</div>

<div class="wp-block-group alignwide has-global-padding is-layout-constrained wp-container-core-group-is-layout-92dded1c wp-block-group-is-layout-constrained" style="margin-top:var(--wp--preset--spacing--120);margin-bottom:var(--wp--preset--spacing--120)">
<div class="wp-block-group title-text-indented-pattern has-global-padding is-layout-constrained wp-container-core-group-is-layout-a31aa551 wp-block-group-is-layout-constrained">
<h2 class="wp-block-heading animated fadeInUp has-text-color" style="color:#000000">Un estilo joven y extrovertido que ama el cambio y rechaza lo convencional.</h2>



<div class="wp-block-group animated fadeInUp has-global-padding is-layout-constrained wp-block-group-is-layout-constrained">
<p class="has-m-22-font-size" style="line-height:1.5">Con esta idea en mente, Berti, líder en el sector de los suelos de madera tradicionales, creó <strong>Berti Studio</strong>.</p>



<p class="has-m-22-font-size" style="line-height:1.5">Una marca viva y original con la que el parqué se reinventa y se convierte en un espacio abierto a la experimentación, a lo nuevo, a lo insólito.</p>
</div>
</div>
</div>

<div class="wp-block-group alignwide has-global-padding is-layout-constrained wp-container-core-group-is-layout-92dded1c wp-block-group-is-layout-constrained" style="margin-top:var(--wp--preset--spacing--120);margin-bottom:var(--wp--preset--spacing--120)">
<div class="wp-block-group title-text-indented-pattern has-global-padding is-layout-constrained wp-container-core-group-is-layout-a31aa551 wp-block-group-is-layout-constrained">
<h2 class="wp-block-heading animated fadeInUp has-text-color" style="color:#000000"><a href="https://www.berti.net/es/parquet/coleccion-berti-studio/estudio-rovere-berti/">Roble<br/><strong>Estudio Berti</strong></a></h2>



<div class="wp-block-group animated fadeInUp has-global-padding is-layout-constrained wp-block-group-is-layout-constrained">
<p class="has-m-22-font-size" style="line-height:1.5"><a href="https://www.berti.net/es/parquet/coleccion-berti-studio/estudio-rovere-berti/">La gama <strong>Studio de Berti Pavimenti</strong> ofrece tablones y espigas de roble caracterizados por colores, tratamientos sofisticados y artesanía que se adaptan a todos los ambientes y confieren al suelo un aire glamuroso.</a></p>



<div class="wp-block-buttons is-layout-flex wp-block-buttons-is-layout-flex" style="margin-top:var(--wp--preset--spacing--50)">
<div class="wp-block-button is-style-fill"><a class="wp-block-button__link has-contrast-2-color has-base-background-color has-text-color has-background has-link-color wp-element-button" href="https://www.berti.net/es/parquet/coleccion-berti-studio/estudio-rovere-berti/" style="padding-top:15px;padding-right:30px;padding-bottom:15px;padding-left:30px">Descubre la colección</a></div>
</div>
</div>
</div>
</div>

<div class="wp-block-group alignwide animated fadeIn has-global-padding is-layout-constrained wp-container-core-group-is-layout-d427c859 wp-block-group-is-layout-constrained" style="margin-top:var(--wp--preset--spacing--50);margin-bottom:var(--wp--preset--spacing--50);padding-right:16px;padding-left:16px">
<figure class="wp-block-image size-large"><img loading="lazy" decoding="async" width="1024" height="554" src="https://www.berti.net/wp-content/uploads/2024/10/bertistudio_greyish_ambientato-01-1024x554.jpg" alt="" class="wp-image-935" srcset="https://berti.net/wp-content/uploads/2024/10/bertistudio_greyish_ambientato-01-1024x554.jpg 1024w, https://berti.net/wp-content/uploads/2024/10/bertistudio_greyish_ambientato-01-300x162.jpg 300w, https://berti.net/wp-content/uploads/2024/10/bertistudio_greyish_ambientato-01-768x415.jpg 768w, https://berti.net/wp-content/uploads/2024/10/bertistudio_greyish_ambientato-01.jpg 1355w" sizes="auto, (max-width: 1024px) 100vw, 1024px" /></figure>
</div>

<div class="wp-block-group alignwide has-global-padding is-layout-constrained wp-container-core-group-is-layout-92dded1c wp-block-group-is-layout-constrained" style="margin-top:var(--wp--preset--spacing--120);margin-bottom:var(--wp--preset--spacing--120)">
<div class="wp-block-group title-text-indented-pattern has-global-padding is-layout-constrained wp-container-core-group-is-layout-a31aa551 wp-block-group-is-layout-constrained">
<h2 class="wp-block-heading animated fadeInUp has-text-color" style="color:#000000">Berti Studio <br/><strong>A petición</strong></h2>



<div class="wp-block-group animated fadeInUp has-global-padding is-layout-constrained wp-block-group-is-layout-constrained">
<p class="has-m-22-font-size" style="line-height:1.5">La línea <strong>On Demand</strong> propone una excepcional variedad de acabados y tratamientos para crear un suelo de madera a medida.</p>



<p class="has-m-22-font-size" style="line-height:1.5">Elige el color, la esencia, el acabado, el tratamiento superficial, el tamaño y la colocación para crear el parquet con las características estéticas que imaginas.</p>
</div>
</div>
</div>

<div class="wp-block-group products-group is-style-container has-global-padding is-content-justification-left is-layout-constrained wp-container-core-group-is-layout-5c6e4e02 wp-block-group-is-layout-constrained" style="margin-top:var(--wp--preset--spacing--30)">
<h2 class="wp-block-heading has-text-align-center products-group-title animated fadeIn has-ml-font-size">Acabados y tratamientos<br/>A petición</h2>



<div class="wp-block-group is-layout-flex-4-col-template has-global-padding is-content-justification-center is-layout-constrained wp-block-group-is-layout-constrained">
<div class="wp-block-group grid-4-col-item is-layout-flow wp-block-group-is-layout-flow">
<figure class="wp-block-image size-full"><a href="https://www.berti.net/es/parquet/coleccion-berti-studio/acabados-y-tratamientos-a-la-carta/"><img loading="lazy" decoding="async" width="1908" height="1908" src="https://www.berti.net/wp-content/uploads/2024/09/parquet-on-demand.jpg" alt="Estudio Berti a la carta" class="wp-image-466" srcset="https://berti.net/wp-content/uploads/2024/09/parquet-on-demand.jpg 1908w, https://berti.net/wp-content/uploads/2024/09/parquet-on-demand-300x300.jpg 300w, https://berti.net/wp-content/uploads/2024/09/parquet-on-demand-1024x1024.jpg 1024w, https://berti.net/wp-content/uploads/2024/09/parquet-on-demand-150x150.jpg 150w, https://berti.net/wp-content/uploads/2024/09/parquet-on-demand-768x768.jpg 768w, https://berti.net/wp-content/uploads/2024/09/parquet-on-demand-1536x1536.jpg 1536w" sizes="auto, (max-width: 1908px) 100vw, 1908px" /></a></figure>



<h3 class="wp-block-heading has-heading-font-family" style="font-size:clamp(15.747px, 0.984rem + ((1vw - 3.2px) * 0.645), 24px);"><strong><a href="https://www.berti.net/es/parquet/coleccion-berti-studio/acabados-y-tratamientos-a-la-carta/">A petición</a></strong></h3>



<p class="has-body-font-family" style="padding-top:0;padding-right:0;padding-bottom:0;padding-left:0;font-size:clamp(14px, 0.875rem + ((1vw - 3.2px) * 0.313), 18px);line-height:1"><a href="https://www.berti.net/es/parquet/coleccion-berti-studio/acabados-y-tratamientos-a-la-carta/">Colección Berti Studio</a></p>
</div>
</div>
</div>

<div class="wp-block-group has-global-padding is-layout-constrained wp-block-group-is-layout-constrained" style="margin-top:var(--wp--preset--spacing--40);margin-bottom:var(--wp--preset--spacing--60)">
<figure class="wp-block-embed is-type-video is-provider-youtube wp-block-embed-youtube wp-embed-aspect-16-9 wp-has-aspect-ratio"><div class="wp-block-embed__wrapper">
<iframe loading="lazy" title="Collezione Berti Studio" width="500" height="281" src="https://www.youtube.com/embed/8Sn68hsM05E?feature=oembed" frameborder="0" allow="accelerometer; autoplay; clipboard-write; encrypted-media; gyroscope; picture-in-picture; web-share" referrerpolicy="strict-origin-when-cross-origin" allowfullscreen></iframe>
</div></figure>
</div>

<div class="wp-block-cover alignfull is-light estimate-request-content animated fadeIn" style="margin-top:0"><img decoding="async" class="wp-block-cover__image-background" alt="" src="https://www.berti.net/wp-content/themes/thombase/public/images/estimateBanner.webp" data-object-fit="cover"/><span aria-hidden="true" class="wp-block-cover__background has-background-dim-0 has-background-dim"></span><div class="wp-block-cover__inner-container has-global-padding is-layout-constrained wp-block-cover-is-layout-constrained">
<div id="estimate" class="wp-block-group alignleft estimate-request-content-inner has-global-padding is-content-justification-left is-layout-constrained wp-container-core-group-is-layout-94054b8f wp-block-group-is-layout-constrained">
<h5 class="wp-block-heading">Pide <strong>presupuesto</strong>,<br/>entra en el mundo Berti</h5>



<p style="line-height:1.5">Rellena el formulario para solicitar un Presupuesto.  <br/>Recibirás una respuesta de nuestro personal en breve.</p>



<div class="wp-block-buttons is-layout-flex wp-block-buttons-is-layout-flex">
<div class="wp-block-button is-style-link"><a class="wp-block-button__link wp-element-button" href="https://www.berti.net/es/solicita-preventivo-2/">SOLICITA AHORA</a></div>
</div>
</div>
</div></div>

<p>Un estilo joven y extrovertido que ama el cambio y rechaza lo convencional. Con esta idea en mente, Berti, líder en el sector de los suelos de madera tradicionales, creó Berti Studio. Una marca viva y original con la que el parqué se reinventa y se convierte en un espacio abierto a la experimentación, a lo nuevo, a lo insólito. [&hellip;]</p>
