{"id":25539,"date":"2025-06-26T10:09:11","date_gmt":"2025-06-26T10:09:11","guid":{"rendered":"https:\/\/www.berti.net\/product\/vitalize\/"},"modified":"2025-06-27T10:41:28","modified_gmt":"2025-06-27T10:41:28","slug":"vitalize","status":"publish","type":"product","link":"https:\/\/berti.net\/de\/parkett-produkte\/vitalize\/","title":{"rendered":"VITALIZE"},"content":{"rendered":"\n<div class=\"wp-block-group is-style-container has-global-padding is-content-justification-center is-layout-constrained wp-block-group-is-layout-constrained\">\n<div class=\"wp-block-group title-text-indented-pattern animated fadeIn has-global-padding is-layout-constrained wp-container-core-group-is-layout-a31aa551 wp-block-group-is-layout-constrained\">\n<div class=\"wp-block-group has-global-padding is-layout-constrained wp-block-group-is-layout-constrained\" style=\"margin-bottom:var(--wp--preset--spacing--50)\">\n<p class=\"has-m-font-size\"><br\/>VITALIZE ist gebrauchsfertig und <strong>einfach aufzutragen<\/strong>. Es eignet sich sowohl f\u00fcr ge\u00f6lte als auch f\u00fcr lackierte Oberfl\u00e4chen und kann in Wohnungen, Ausstellungsr\u00e4umen oder in Umgebungen mit mittlerem\/hohem Publikumsverkehr verwendet werden.<\/p>\n<\/div>\n<\/div>\n\n\n\n<div class=\"wp-block-group title-text-indented-pattern animated fadeIn has-global-padding is-layout-constrained wp-container-core-group-is-layout-a31aa551 wp-block-group-is-layout-constrained\">\n<h3 class=\"wp-block-heading has-text-color has-m-32-font-size\" style=\"color:#000000\">Hauptmerkmale<\/h3>\n\n\n\n<div class=\"wp-block-group has-global-padding is-layout-constrained wp-block-group-is-layout-constrained\" style=\"margin-bottom:var(--wp--preset--spacing--50)\">\n<ul class=\"wp-block-list\">\n<li>N\u00e4hrt und sch\u00fctzt ge\u00f6ltes oder lackiertes Parkett<\/li>\n\n\n\n<li>Besteht aus <strong>nat\u00fcrlichen \u00d6len und pflanzlichen Wachsen<\/strong><\/li>\n\n\n\n<li>Erh\u00f6ht die <strong>Abrieb-<\/strong> und <strong>Fleckenfestigkeit<\/strong> <\/li>\n\n\n\n<li>Bleicht nicht mit Wasser aus und hinterl\u00e4sst keine Spuren<\/li>\n\n\n\n<li><strong>Selbstpolierend<\/strong>, aber mit einer Monob\u00fcrste zu polieren<\/li>\n\n\n\n<li>Keine Gefahrensymbole: <strong>sicher f\u00fcr Umwelt und Mensch<\/strong><\/li>\n<\/ul>\n<\/div>\n<\/div>\n\n\n\n<div class=\"wp-block-group title-text-indented-pattern animated fadeIn has-global-padding is-layout-constrained wp-container-core-group-is-layout-a31aa551 wp-block-group-is-layout-constrained\">\n<h3 class=\"wp-block-heading has-text-color has-m-32-font-size\" style=\"color:#000000\">Modalit\u00e4ten der Verwendung<\/h3>\n\n\n\n<div class=\"wp-block-group has-global-padding is-layout-constrained wp-block-group-is-layout-constrained\" style=\"margin-bottom:var(--wp--preset--spacing--50)\">\n<h4 class=\"wp-block-heading has-m-22-font-size\">Erste Anwendung<\/h4>\n\n\n\n<ul class=\"wp-block-list\">\n<li><strong>Reinigen Sie den Boden<\/strong> mit einem neutralen Reinigungsmittel (z.B. REFINE).<\/li>\n\n\n\n<li>Warten Sie, bis die Oberfl\u00e4che vollst\u00e4ndig trocken ist.<\/li>\n\n\n\n<li><strong>Sch\u00fctteln Sie<\/strong> das Produkt vor dem Gebrauch <strong>gut<\/strong>.<\/li>\n\n\n\n<li>Tragen Sie eine <strong>d\u00fcnne, gleichm\u00e4\u00dfige Schicht<\/strong> VITALIZE mit einem Baumwoll- oder Mikrofasertuch und einem Pinsel auf.<\/li>\n\n\n\n<li>Gehen Sie <strong>jeweils 1 Meter<\/strong> weiter und folgen Sie dabei der Maserung des Holzes.<\/li>\n\n\n\n<li>Vermeiden Sie \u00dcberschneidungen und Stagnation.<\/li>\n<\/ul>\n<\/div>\n\n\n\n<div class=\"wp-block-group has-global-padding is-layout-constrained wp-block-group-is-layout-constrained\" style=\"margin-bottom:var(--wp--preset--spacing--50)\">\n<h4 class=\"wp-block-heading has-m-22-font-size\">Nach der Anwendung<\/h4>\n\n\n\n<ul class=\"wp-block-list\">\n<li><strong>Trocken bei Ber\u00fchrung<\/strong>: nach etwa <strong>1 Stunde<\/strong><\/li>\n\n\n\n<li><strong>Begehbar<\/strong>: nach <strong>2 Stunden<\/strong><\/li>\n\n\n\n<li><strong>Vollst\u00e4ndige Trocknung<\/strong>: <strong>48 Stunden<\/strong><\/li>\n\n\n\n<li><strong>Optionales Polieren<\/strong>: m\u00f6glich mit einer einzelnen B\u00fcrste (wei\u00dfe oder beigefarbene Scheiben), um Flecken zu entfernen und den Seideneffekt zu verst\u00e4rken<\/li>\n<\/ul>\n<\/div>\n\n\n\n<div class=\"wp-block-group has-global-padding is-layout-constrained wp-block-group-is-layout-constrained\" style=\"margin-bottom:var(--wp--preset--spacing--50)\">\n<h4 class=\"wp-block-heading has-m-22-font-size\">Empfohlene H\u00e4ufigkeit<\/h4>\n\n\n\n<ul class=\"wp-block-list\">\n<li><strong>1. Lebensjahr des Parketts<\/strong>: alle 4-8 Monate<\/li>\n\n\n\n<li><strong>Ab Jahr 2<\/strong>: alle 10-12 Monate<\/li>\n\n\n\n<li>In sehr bewohnten Umgebungen: engere Abst\u00e4nde<\/li>\n\n\n\n<li>In Gegenden mit wenig Verkehr: ebenfalls alle 12-18 Monate<\/li>\n<\/ul>\n<\/div>\n<\/div>\n\n\n\n<div class=\"wp-block-group title-text-indented-pattern animated fadeIn has-global-padding is-layout-constrained wp-container-core-group-is-layout-a31aa551 wp-block-group-is-layout-constrained\">\n<h3 class=\"wp-block-heading has-text-color has-m-32-font-size\" style=\"color:#000000\">Technische Daten<\/h3>\n\n\n\n<div class=\"wp-block-group has-global-padding is-layout-constrained wp-block-group-is-layout-constrained\" style=\"margin-bottom:var(--wp--preset--spacing--50)\">\n<ul class=\"wp-block-list\">\n<li><strong>Format<\/strong>: 1 Liter Flasche<\/li>\n\n\n\n<li><strong>Ergiebigkeit<\/strong>: 30-45 m\u00b2 pro Liter (je nach Art der Oberfl\u00e4che)<\/li>\n\n\n\n<li><strong>Erscheinungsbild<\/strong>: milchige Fl\u00fcssigkeit<\/li>\n\n\n\n<li><strong>Geruch<\/strong>: angenehm, nat\u00fcrlich<\/li>\n\n\n\n<li><strong>pH-Wert (20\u00b0C)<\/strong>: 8,5<\/li>\n\n\n\n<li><strong>Spezifisches Gewicht<\/strong>: 1,014 kg\/L<\/li>\n\n\n\n<li><strong>Flammpunkt<\/strong>: &gt;60\u00b0C<\/li>\n\n\n\n<li><strong>L\u00f6slichkeit in Wasser<\/strong>: insgesamt<\/li>\n\n\n\n<li><strong>Lagerung<\/strong>: 12 Monate (an einem k\u00fchlen, trockenen Ort, vor Frost gesch\u00fctzt)<\/li>\n<\/ul>\n<\/div>\n<\/div>\n\n\n\n<div class=\"wp-block-group title-text-indented-pattern animated fadeIn has-global-padding is-layout-constrained wp-container-core-group-is-layout-a31aa551 wp-block-group-is-layout-constrained\">\n<h3 class=\"wp-block-heading has-text-color has-m-32-font-size\" style=\"color:#000000\">Nat\u00fcrliche Zusammensetzung<\/h3>\n\n\n\n<div class=\"wp-block-group has-global-padding is-layout-constrained wp-block-group-is-layout-constrained\" style=\"margin-bottom:var(--wp--preset--spacing--50)\">\n<ul class=\"wp-block-list\">\n<li>Saflor-, Sonnenblumen-, Hanf-, Lein-, Rizinus-, Tung- und Mohn\u00f6l<\/li>\n\n\n\n<li>Bienenwachs, Carnaubawachs, Propolis, nat\u00fcrliche Harze, Wasser<\/li>\n\n\n\n<li>Ohne sch\u00e4dliche Substanzen oder aggressive L\u00f6sungsmittel<\/li>\n<\/ul>\n<\/div>\n<\/div>\n<\/div>\n\n<div style=\"height:var(--wp--preset--spacing--80)\" aria-hidden=\"true\" class=\"wp-block-spacer\"><\/div>\n\n<div class=\"wp-block-group alignwide is-style-container has-contrast-2-background-color has-background has-global-padding is-layout-constrained wp-container-core-group-is-layout-f04d5c41 wp-block-group-is-layout-constrained\" id=\"catalog\">\n<div class=\"wp-block-columns alignwide are-vertically-aligned-center is-layout-flex wp-container-core-columns-is-layout-e4e53ecd wp-block-columns-is-layout-flex\" style=\"margin-top:var(--wp--preset--spacing--100);margin-bottom:var(--wp--preset--spacing--100)\">\n<div class=\"wp-block-column is-layout-flow wp-block-column-is-layout-flow\" style=\"flex-basis:50%\">\n<figure class=\"wp-block-image size-full\"><img loading=\"lazy\" decoding=\"async\" width=\"900\" height=\"900\" src=\"https:\/\/www.berti.net\/wp-content\/uploads\/Berti_Vitalize-manutentore_page-0001.jpg\" alt=\"\" class=\"wp-image-25526\" style=\"box-shadow:var(--wp--preset--shadow--deep)\" srcset=\"https:\/\/berti.net\/wp-content\/uploads\/Berti_Vitalize-manutentore_page-0001.jpg 900w, https:\/\/berti.net\/wp-content\/uploads\/Berti_Vitalize-manutentore_page-0001-812x812.jpg 812w, https:\/\/berti.net\/wp-content\/uploads\/Berti_Vitalize-manutentore_page-0001-406x406.jpg 406w, https:\/\/berti.net\/wp-content\/uploads\/Berti_Vitalize-manutentore_page-0001-768x768.jpg 768w\" sizes=\"auto, (max-width: 900px) 100vw, 900px\" \/><\/figure>\n<\/div>\n\n\n\n<div class=\"wp-block-column is-layout-flow wp-block-column-is-layout-flow\" style=\"flex-basis:50%\">\n<h4 class=\"wp-block-heading\" style=\"margin-top:var(--wp--preset--spacing--20);margin-bottom:var(--wp--preset--spacing--20);font-size:clamp(26.944px, 1.684rem + ((1vw - 3.2px) * 1.489), 46px);line-height:1\">Datenblatt herunterladen<\/h4>\n\n\n\n<p class=\"has-text-color has-body-font-family\" style=\"color:#000000;padding-right:16%;font-size:14px\">Laden Sie den Katalog herunter und entdecken Sie die neue VITALIZE Kollektion von Berti Pavimenti Legno.<\/p>\n\n\n\n<div class=\"wp-block-buttons is-layout-flex wp-block-buttons-is-layout-flex\" style=\"margin-top:var(--wp--preset--spacing--30)\">\n<div class=\"wp-block-button is-style-fill\"><a class=\"wp-block-button__link has-base-3-color has-base-background-color has-text-color has-background has-link-color has-custom-font-size wp-element-button\" href=\"https:\/\/www.berti.net\/wp-content\/uploads\/BERTI_Vitalize_user_guide_compressed.pdf\" style=\"padding-top:15px;padding-right:40px;padding-bottom:15px;padding-left:40px;font-size:clamp(14px, 0.875rem + ((1vw - 3.2px) * 0.156), 16px);\" target=\"_blank\" rel=\"noreferrer noopener\">DOWNLOAD<\/a><\/div>\n<\/div>\n<\/div>\n<\/div>\n<\/div>\n\n<p><\/p>\n","protected":false},"excerpt":{"rendered":"<p>VITALIZE ist gebrauchsfertig und einfach aufzutragen. Es eignet sich sowohl f\u00fcr ge\u00f6lte als auch f\u00fcr lackierte Oberfl\u00e4chen und kann in Wohnungen, Ausstellungsr\u00e4umen oder in Umgebungen mit mittlerem\/hohem Publikumsverkehr verwendet werden. Hauptmerkmale Modalit\u00e4ten der Verwendung Erste Anwendung Nach der Anwendung Empfohlene H\u00e4ufigkeit Technische Daten Nat\u00fcrliche Zusammensetzung Datenblatt herunterladen Laden Sie den Katalog herunter und entdecken Sie die neue VITALIZE Kollektion von [&hellip;]<\/p>\n","protected":false},"author":2,"featured_media":25354,"template":"","product_collection":[258],"product_type":[],"product_color":[],"class_list":["post-25539","product","type-product","status-publish","has-post-thumbnail","hentry","product_collection-parkett-produkte"],"_links":{"self":[{"href":"https:\/\/berti.net\/de\/wp-json\/wp\/v2\/product\/25539","targetHints":{"allow":["GET"]}}],"collection":[{"href":"https:\/\/berti.net\/de\/wp-json\/wp\/v2\/product"}],"about":[{"href":"https:\/\/berti.net\/de\/wp-json\/wp\/v2\/types\/product"}],"author":[{"embeddable":true,"href":"https:\/\/berti.net\/de\/wp-json\/wp\/v2\/users\/2"}],"wp:featuredmedia":[{"embeddable":true,"href":"https:\/\/berti.net\/de\/wp-json\/wp\/v2\/media\/25354"}],"wp:attachment":[{"href":"https:\/\/berti.net\/de\/wp-json\/wp\/v2\/media?parent=25539"}],"wp:term":[{"taxonomy":"product_collection","embeddable":true,"href":"https:\/\/berti.net\/de\/wp-json\/wp\/v2\/product_collection?post=25539"},{"taxonomy":"product_type","embeddable":true,"href":"https:\/\/berti.net\/de\/wp-json\/wp\/v2\/product_type?post=25539"},{"taxonomy":"product_color","embeddable":true,"href":"https:\/\/berti.net\/de\/wp-json\/wp\/v2\/product_color?post=25539"}],"curies":[{"name":"wp","href":"https:\/\/api.w.org\/{rel}","templated":true}]}}

<div class="wp-block-group is-style-container has-global-padding is-content-justification-center is-layout-constrained wp-block-group-is-layout-constrained">
<div class="wp-block-group title-text-indented-pattern animated fadeIn has-global-padding is-layout-constrained wp-container-core-group-is-layout-a31aa551 wp-block-group-is-layout-constrained">
<div class="wp-block-group has-global-padding is-layout-constrained wp-block-group-is-layout-constrained" style="margin-bottom:var(--wp--preset--spacing--50)">
<p class="has-m-font-size"><br/>VITALIZE ist gebrauchsfertig und <strong>einfach aufzutragen</strong>. Es eignet sich sowohl für geölte als auch für lackierte Oberflächen und kann in Wohnungen, Ausstellungsräumen oder in Umgebungen mit mittlerem/hohem Publikumsverkehr verwendet werden.</p>
</div>
</div>



<div class="wp-block-group title-text-indented-pattern animated fadeIn has-global-padding is-layout-constrained wp-container-core-group-is-layout-a31aa551 wp-block-group-is-layout-constrained">
<h3 class="wp-block-heading has-text-color has-m-32-font-size" style="color:#000000">Hauptmerkmale</h3>



<div class="wp-block-group has-global-padding is-layout-constrained wp-block-group-is-layout-constrained" style="margin-bottom:var(--wp--preset--spacing--50)">
<ul class="wp-block-list">
<li>Nährt und schützt geöltes oder lackiertes Parkett</li>



<li>Besteht aus <strong>natürlichen Ölen und pflanzlichen Wachsen</strong></li>



<li>Erhöht die <strong>Abrieb-</strong> und <strong>Fleckenfestigkeit</strong> </li>



<li>Bleicht nicht mit Wasser aus und hinterlässt keine Spuren</li>



<li><strong>Selbstpolierend</strong>, aber mit einer Monobürste zu polieren</li>



<li>Keine Gefahrensymbole: <strong>sicher für Umwelt und Mensch</strong></li>
</ul>
</div>
</div>



<div class="wp-block-group title-text-indented-pattern animated fadeIn has-global-padding is-layout-constrained wp-container-core-group-is-layout-a31aa551 wp-block-group-is-layout-constrained">
<h3 class="wp-block-heading has-text-color has-m-32-font-size" style="color:#000000">Modalitäten der Verwendung</h3>



<div class="wp-block-group has-global-padding is-layout-constrained wp-block-group-is-layout-constrained" style="margin-bottom:var(--wp--preset--spacing--50)">
<h4 class="wp-block-heading has-m-22-font-size">Erste Anwendung</h4>



<ul class="wp-block-list">
<li><strong>Reinigen Sie den Boden</strong> mit einem neutralen Reinigungsmittel (z.B. REFINE).</li>



<li>Warten Sie, bis die Oberfläche vollständig trocken ist.</li>



<li><strong>Schütteln Sie</strong> das Produkt vor dem Gebrauch <strong>gut</strong>.</li>



<li>Tragen Sie eine <strong>dünne, gleichmäßige Schicht</strong> VITALIZE mit einem Baumwoll- oder Mikrofasertuch und einem Pinsel auf.</li>



<li>Gehen Sie <strong>jeweils 1 Meter</strong> weiter und folgen Sie dabei der Maserung des Holzes.</li>



<li>Vermeiden Sie Überschneidungen und Stagnation.</li>
</ul>
</div>



<div class="wp-block-group has-global-padding is-layout-constrained wp-block-group-is-layout-constrained" style="margin-bottom:var(--wp--preset--spacing--50)">
<h4 class="wp-block-heading has-m-22-font-size">Nach der Anwendung</h4>



<ul class="wp-block-list">
<li><strong>Trocken bei Berührung</strong>: nach etwa <strong>1 Stunde</strong></li>



<li><strong>Begehbar</strong>: nach <strong>2 Stunden</strong></li>



<li><strong>Vollständige Trocknung</strong>: <strong>48 Stunden</strong></li>



<li><strong>Optionales Polieren</strong>: möglich mit einer einzelnen Bürste (weiße oder beigefarbene Scheiben), um Flecken zu entfernen und den Seideneffekt zu verstärken</li>
</ul>
</div>



<div class="wp-block-group has-global-padding is-layout-constrained wp-block-group-is-layout-constrained" style="margin-bottom:var(--wp--preset--spacing--50)">
<h4 class="wp-block-heading has-m-22-font-size">Empfohlene Häufigkeit</h4>



<ul class="wp-block-list">
<li><strong>1. Lebensjahr des Parketts</strong>: alle 4-8 Monate</li>



<li><strong>Ab Jahr 2</strong>: alle 10-12 Monate</li>



<li>In sehr bewohnten Umgebungen: engere Abstände</li>



<li>In Gegenden mit wenig Verkehr: ebenfalls alle 12-18 Monate</li>
</ul>
</div>
</div>



<div class="wp-block-group title-text-indented-pattern animated fadeIn has-global-padding is-layout-constrained wp-container-core-group-is-layout-a31aa551 wp-block-group-is-layout-constrained">
<h3 class="wp-block-heading has-text-color has-m-32-font-size" style="color:#000000">Technische Daten</h3>



<div class="wp-block-group has-global-padding is-layout-constrained wp-block-group-is-layout-constrained" style="margin-bottom:var(--wp--preset--spacing--50)">
<ul class="wp-block-list">
<li><strong>Format</strong>: 1 Liter Flasche</li>



<li><strong>Ergiebigkeit</strong>: 30-45 m² pro Liter (je nach Art der Oberfläche)</li>



<li><strong>Erscheinungsbild</strong>: milchige Flüssigkeit</li>



<li><strong>Geruch</strong>: angenehm, natürlich</li>



<li><strong>pH-Wert (20°C)</strong>: 8,5</li>



<li><strong>Spezifisches Gewicht</strong>: 1,014 kg/L</li>



<li><strong>Flammpunkt</strong>: &gt;60°C</li>



<li><strong>Löslichkeit in Wasser</strong>: insgesamt</li>



<li><strong>Lagerung</strong>: 12 Monate (an einem kühlen, trockenen Ort, vor Frost geschützt)</li>
</ul>
</div>
</div>



<div class="wp-block-group title-text-indented-pattern animated fadeIn has-global-padding is-layout-constrained wp-container-core-group-is-layout-a31aa551 wp-block-group-is-layout-constrained">
<h3 class="wp-block-heading has-text-color has-m-32-font-size" style="color:#000000">Natürliche Zusammensetzung</h3>



<div class="wp-block-group has-global-padding is-layout-constrained wp-block-group-is-layout-constrained" style="margin-bottom:var(--wp--preset--spacing--50)">
<ul class="wp-block-list">
<li>Saflor-, Sonnenblumen-, Hanf-, Lein-, Rizinus-, Tung- und Mohnöl</li>



<li>Bienenwachs, Carnaubawachs, Propolis, natürliche Harze, Wasser</li>



<li>Ohne schädliche Substanzen oder aggressive Lösungsmittel</li>
</ul>
</div>
</div>
</div>

<div style="height:var(--wp--preset--spacing--80)" aria-hidden="true" class="wp-block-spacer"></div>

<div class="wp-block-group alignwide is-style-container has-contrast-2-background-color has-background has-global-padding is-layout-constrained wp-container-core-group-is-layout-f04d5c41 wp-block-group-is-layout-constrained" id="catalog">
<div class="wp-block-columns alignwide are-vertically-aligned-center is-layout-flex wp-container-core-columns-is-layout-e4e53ecd wp-block-columns-is-layout-flex" style="margin-top:var(--wp--preset--spacing--100);margin-bottom:var(--wp--preset--spacing--100)">
<div class="wp-block-column is-layout-flow wp-block-column-is-layout-flow" style="flex-basis:50%">
<figure class="wp-block-image size-full"><img loading="lazy" decoding="async" width="900" height="900" src="https://www.berti.net/wp-content/uploads/Berti_Vitalize-manutentore_page-0001.jpg" alt="" class="wp-image-25526" style="box-shadow:var(--wp--preset--shadow--deep)" srcset="https://berti.net/wp-content/uploads/Berti_Vitalize-manutentore_page-0001.jpg 900w, https://berti.net/wp-content/uploads/Berti_Vitalize-manutentore_page-0001-812x812.jpg 812w, https://berti.net/wp-content/uploads/Berti_Vitalize-manutentore_page-0001-406x406.jpg 406w, https://berti.net/wp-content/uploads/Berti_Vitalize-manutentore_page-0001-768x768.jpg 768w" sizes="auto, (max-width: 900px) 100vw, 900px" /></figure>
</div>



<div class="wp-block-column is-layout-flow wp-block-column-is-layout-flow" style="flex-basis:50%">
<h4 class="wp-block-heading" style="margin-top:var(--wp--preset--spacing--20);margin-bottom:var(--wp--preset--spacing--20);font-size:clamp(26.944px, 1.684rem + ((1vw - 3.2px) * 1.489), 46px);line-height:1">Datenblatt herunterladen</h4>



<p class="has-text-color has-body-font-family" style="color:#000000;padding-right:16%;font-size:14px">Laden Sie den Katalog herunter und entdecken Sie die neue VITALIZE Kollektion von Berti Pavimenti Legno.</p>



<div class="wp-block-buttons is-layout-flex wp-block-buttons-is-layout-flex" style="margin-top:var(--wp--preset--spacing--30)">
<div class="wp-block-button is-style-fill"><a class="wp-block-button__link has-base-3-color has-base-background-color has-text-color has-background has-link-color has-custom-font-size wp-element-button" href="https://www.berti.net/wp-content/uploads/BERTI_Vitalize_user_guide_compressed.pdf" style="padding-top:15px;padding-right:40px;padding-bottom:15px;padding-left:40px;font-size:clamp(14px, 0.875rem + ((1vw - 3.2px) * 0.156), 16px);" target="_blank" rel="noreferrer noopener">DOWNLOAD</a></div>
</div>
</div>
</div>
</div>

<p></p>

<p>VITALIZE ist gebrauchsfertig und einfach aufzutragen. Es eignet sich sowohl für geölte als auch für lackierte Oberflächen und kann in Wohnungen, Ausstellungsräumen oder in Umgebungen mit mittlerem/hohem Publikumsverkehr verwendet werden. Hauptmerkmale Modalitäten der Verwendung Erste Anwendung Nach der Anwendung Empfohlene Häufigkeit Technische Daten Natürliche Zusammensetzung Datenblatt herunterladen Laden Sie den Katalog herunter und entdecken Sie die neue VITALIZE Kollektion von [&hellip;]</p>
