{"id":25538,"date":"2025-06-26T10:08:56","date_gmt":"2025-06-26T10:08:56","guid":{"rendered":"https:\/\/www.berti.net\/product\/bi-power\/"},"modified":"2025-12-03T16:14:29","modified_gmt":"2025-12-03T16:14:29","slug":"bi-power","status":"publish","type":"product","link":"https:\/\/berti.net\/de\/parkett-produkte\/bi-power\/","title":{"rendered":"BI POWER"},"content":{"rendered":"\n<div class=\"wp-block-group is-style-container has-global-padding is-content-justification-center is-layout-constrained wp-block-group-is-layout-constrained\">\n<div class=\"wp-block-group title-text-indented-pattern animated fadeIn has-global-padding is-layout-constrained wp-container-core-group-is-layout-a31aa551 wp-block-group-is-layout-constrained\">\n<div class=\"wp-block-group has-global-padding is-layout-constrained wp-block-group-is-layout-constrained\" style=\"margin-bottom:var(--wp--preset--spacing--50)\">\n<p class=\"has-m-font-size\">Seine Epoxid-Polyurethan-Formulierung macht es ideal f\u00fcr <strong>Hochfrequenzumgebungen<\/strong> und f\u00fcr Fachleute, die <strong>hohe Leistung, Zuverl\u00e4ssigkeit und \u00fcberschaubare Verarbeitungszeiten<\/strong> suchen.Hauptmerkmale<\/p>\n<\/div>\n<\/div>\n\n\n\n<div class=\"wp-block-group title-text-indented-pattern animated fadeIn has-global-padding is-layout-constrained wp-container-core-group-is-layout-a31aa551 wp-block-group-is-layout-constrained\">\n<h3 class=\"wp-block-heading has-text-color has-m-32-font-size\" style=\"color:#000000\">Hauptmerkmale<\/h3>\n\n\n\n<div class=\"wp-block-group has-global-padding is-layout-constrained wp-block-group-is-layout-constrained\" style=\"margin-bottom:var(--wp--preset--spacing--50)\">\n<ul class=\"wp-block-list\">\n<li>Zweikomponenten-Pastenkleber (A + B)<\/li>\n\n\n\n<li>Ideal f\u00fcr jede Art von Parkett: Lamparkett, Dielen, Mehrschichtparkett, usw.<\/li>\n\n\n\n<li>Hohe Haftf\u00e4higkeit (&gt;3 N\/mm\u00b2 auf Beton und Keramik)<\/li>\n\n\n\n<li>Ausgezeichnete Widerstandsf\u00e4higkeit und Haftung auch auf nicht saugf\u00e4higen Untergr\u00fcnden<\/li>\n\n\n\n<li>Hohe Flexibilit\u00e4t und Haltbarkeit<\/li>\n\n\n\n<li>Geringe VOC-Emissionen (erf\u00fcllt die Anforderungen f\u00fcr Innenr\u00e4ume)<\/li>\n\n\n\n<li>Vordosiertes A:B-Verh\u00e4ltnis (9:1 nach Gewicht)<\/li>\n<\/ul>\n<\/div>\n<\/div>\n\n\n\n<div class=\"wp-block-group title-text-indented-pattern animated fadeIn has-global-padding is-layout-constrained wp-container-core-group-is-layout-a31aa551 wp-block-group-is-layout-constrained\">\n<h3 class=\"wp-block-heading has-text-color has-m-32-font-size\" style=\"color:#000000\">Modalit\u00e4ten der Verwendung<\/h3>\n\n\n\n<div class=\"wp-block-group has-global-padding is-layout-constrained wp-block-group-is-layout-constrained\" style=\"margin-bottom:var(--wp--preset--spacing--50)\">\n<h4 class=\"wp-block-heading has-m-22-font-size\">Zubereitung des Teigs<\/h4>\n\n\n\n<ul class=\"wp-block-list\">\n<li>Komponente <strong>B befindet sich bereits in dem Container von Komponente A.<\/strong><\/li>\n\n\n\n<li>Gie\u00dfen Sie die  <strong>Komp. B (1 Teil) <\/strong>  unter  <strong>Komp. A (9 Teile) <\/strong>.<\/li>\n\n\n\n<li>Mischen Sie mit einem mechanischen R\u00fchrer bei niedriger Geschwindigkeit, bis eine homogene Mischung entsteht.\n<ul style=\"margin-top:var(--wp--preset--spacing--10)\" class=\"wp-block-list\">\n<li>Mischen Sie im Winter zuerst nur Komponente A, um die Verschmelzung zu erleichtern.<\/li>\n<\/ul>\n<\/li>\n\n\n\n<li>Topfzeit: <strong>60-70 Minuten<\/strong><\/li>\n<\/ul>\n<\/div>\n\n\n\n<div class=\"wp-block-group has-global-padding is-layout-constrained wp-block-group-is-layout-constrained\" style=\"margin-bottom:var(--wp--preset--spacing--50)\">\n<h4 class=\"wp-block-heading has-m-22-font-size\">Anwendung<\/h4>\n\n\n\n<ul class=\"wp-block-list\">\n<li>Tragen Sie das Produkt mit einer Zahnspachtel auf einen <strong>sauberen, trockenen und mechanisch widerstandsf\u00e4higen<\/strong> Untergrund auf.<\/li>\n\n\n\n<li>Die <strong>\u00d6ffnungszeit<\/strong> betr\u00e4gt etwa <strong>1 Stunde<\/strong> bei 23\u00b0C.<\/li>\n\n\n\n<li>Verlegen Sie das Parkett mit <strong>gleichm\u00e4\u00dfigem Druck<\/strong>.<\/li>\n\n\n\n<li>Lassen Sie immer <strong>eine Randfuge von etwa 1 cm.<\/strong><\/li>\n\n\n\n<li>Kleben Sie nicht seitlich und <strong>vermeiden Sie es, die Fugen in vorgefertigten Produkten zu f\u00fcllen<\/strong>.<\/li>\n<\/ul>\n<\/div>\n<\/div>\n\n\n\n<div class=\"wp-block-group title-text-indented-pattern animated fadeIn has-global-padding is-layout-constrained wp-container-core-group-is-layout-a31aa551 wp-block-group-is-layout-constrained\">\n<h3 class=\"wp-block-heading has-text-color has-m-32-font-size\" style=\"color:#000000\">Technische Zeiten<\/h3>\n\n\n\n<div class=\"wp-block-group has-global-padding is-layout-constrained wp-block-group-is-layout-constrained\" style=\"margin-bottom:var(--wp--preset--spacing--50)\">\n<ul class=\"wp-block-list\">\n<li><strong>Begehbarkeit<\/strong>: nach etwa <strong>24 Stunden<\/strong><\/li>\n\n\n\n<li><strong>Schleifbarkeit<\/strong>: nach <strong>3 Tagen<\/strong> (optimal: 7-10 Tage f\u00fcr maximale Stabilit\u00e4t)<\/li>\n<\/ul>\n<\/div>\n<\/div>\n\n\n\n<div class=\"wp-block-group title-text-indented-pattern animated fadeIn has-global-padding is-layout-constrained wp-container-core-group-is-layout-a31aa551 wp-block-group-is-layout-constrained\">\n<h3 class=\"wp-block-heading has-text-color has-m-32-font-size\" style=\"color:#000000\">Technische Daten<\/h3>\n\n\n\n<div class=\"wp-block-group has-global-padding is-layout-constrained wp-block-group-is-layout-constrained\" style=\"margin-bottom:var(--wp--preset--spacing--50)\">\n<ul class=\"wp-block-list\">\n<li><strong>Format<\/strong>: 10 kg vordosierte Einheit\n<ul style=\"margin-top:var(--wp--preset--spacing--10)\" class=\"wp-block-list\">\n<li>Komponente A: 9 kg<\/li>\n\n\n\n<li>Komponente B: 1 kg<\/li>\n<\/ul>\n<\/li>\n\n\n\n<li><strong>Verbrauch<\/strong>: 1000-1300 g\/m\u00b2 (Zahnspachtel f\u00fcr Parkett)<\/li>\n\n\n\n<li><strong>Lagerfarbe<\/strong>: einheitliches Beige<\/li>\n\n\n\n<li><strong>pH<\/strong>: nicht anwendbar &#8211; Reaktionsklebstoff<\/li>\n\n\n\n<li><strong>Shore-H\u00e4rte A<\/strong>: 88 (nach 7 Tagen)<\/li>\n\n\n\n<li><strong>Anwendungstemperatur<\/strong>: +10\u00b0C bis +30\u00b0C<\/li>\n\n\n\n<li><strong>Betriebstemperatur<\/strong>: -30\u00b0C bis +70\u00b0C<\/li>\n\n\n\n<li><strong>Haltbarkeit<\/strong>: 24 Monate (in versiegelter Originalverpackung, an einem trockenen Ort)<\/li>\n<\/ul>\n<\/div>\n<\/div>\n\n\n\n<div class=\"wp-block-group title-text-indented-pattern animated fadeIn has-global-padding is-layout-constrained wp-container-core-group-is-layout-a31aa551 wp-block-group-is-layout-constrained\">\n<h3 class=\"wp-block-heading has-text-color has-m-32-font-size\" style=\"color:#000000\">Sicherheit und Vorsichtsma\u00dfnahmen<\/h3>\n\n\n\n<div class=\"wp-block-group has-global-padding is-layout-constrained wp-block-group-is-layout-constrained\" style=\"margin-bottom:var(--wp--preset--spacing--50)\">\n<ul class=\"wp-block-list\">\n<li><strong>Komponente A<\/strong>: entz\u00fcndlich und reizend<\/li>\n\n\n\n<li><strong>Komponente B<\/strong>: korrosiv<\/li>\n<\/ul>\n\n\n\n<p>Beide Komponenten k\u00f6nnen eine Sensibilisierung der Haut verursachen.<br\/>\ud83d\udd12 <strong>Nur von Fachleuten verwenden<\/strong>.<br\/>\ud83e\udde4 Tragen Sie bei der Verwendung <strong>Handschuhe, eine Schutzbrille und Arbeitskleidung<\/strong>.<br\/>\ud83d\udcc4 Lesen Sie immer das <strong>aktuelle Sicherheitsdatenblatt<\/strong>.  <\/p>\n<\/div>\n<\/div>\n<\/div>\n\n<div style=\"height:var(--wp--preset--spacing--80)\" aria-hidden=\"true\" class=\"wp-block-spacer\"><\/div>\n\n<div class=\"wp-block-group alignwide is-style-container has-contrast-2-background-color has-background has-global-padding is-layout-constrained wp-container-core-group-is-layout-f04d5c41 wp-block-group-is-layout-constrained\" id=\"catalog\">\n<div class=\"wp-block-columns alignwide are-vertically-aligned-center is-layout-flex wp-container-core-columns-is-layout-e4e53ecd wp-block-columns-is-layout-flex\" style=\"margin-top:var(--wp--preset--spacing--100);margin-bottom:var(--wp--preset--spacing--100)\">\n<div class=\"wp-block-column is-layout-flow wp-block-column-is-layout-flow\" style=\"flex-basis:50%\">\n<figure class=\"wp-block-image size-full\"><img loading=\"lazy\" decoding=\"async\" width=\"900\" height=\"901\" src=\"https:\/\/www.berti.net\/wp-content\/uploads\/bipower-catalog-ok.jpg\" alt=\"\" class=\"wp-image-29157\" style=\"box-shadow:var(--wp--preset--shadow--deep)\" srcset=\"https:\/\/berti.net\/wp-content\/uploads\/bipower-catalog-ok.jpg 900w, https:\/\/berti.net\/wp-content\/uploads\/bipower-catalog-ok-812x812.jpg 812w, https:\/\/berti.net\/wp-content\/uploads\/bipower-catalog-ok-406x406.jpg 406w, https:\/\/berti.net\/wp-content\/uploads\/bipower-catalog-ok-768x769.jpg 768w\" sizes=\"auto, (max-width: 900px) 100vw, 900px\" \/><\/figure>\n<\/div>\n\n\n\n<div class=\"wp-block-column is-layout-flow wp-block-column-is-layout-flow\" style=\"flex-basis:50%\">\n<h4 class=\"wp-block-heading\" style=\"margin-top:var(--wp--preset--spacing--20);margin-bottom:var(--wp--preset--spacing--20);font-size:clamp(26.944px, 1.684rem + ((1vw - 3.2px) * 1.489), 46px);line-height:1\">Datenblatt herunterladen<\/h4>\n\n\n\n<p class=\"has-text-color has-body-font-family\" style=\"color:#000000;padding-right:16%;font-size:14px\">Laden Sie den Katalog herunter und entdecken Sie die neue BI POWER Kollektion von Berti Pavimenti Legno.<\/p>\n\n\n\n<div class=\"wp-block-buttons is-layout-flex wp-block-buttons-is-layout-flex\" style=\"margin-top:var(--wp--preset--spacing--30)\">\n<div class=\"wp-block-button is-style-fill\"><a class=\"wp-block-button__link has-base-3-color has-base-background-color has-text-color has-background has-link-color has-custom-font-size wp-element-button\" href=\"https:\/\/www.berti.net\/wp-content\/uploads\/BERTI_Bi-power_user_guide.pdf\" style=\"padding-top:15px;padding-right:40px;padding-bottom:15px;padding-left:40px;font-size:clamp(14px, 0.875rem + ((1vw - 3.2px) * 0.156), 16px);\" target=\"_blank\" rel=\"noreferrer noopener\">DOWNLOAD<\/a><\/div>\n<\/div>\n<\/div>\n<\/div>\n<\/div>\n","protected":false},"excerpt":{"rendered":"<p>Seine Epoxid-Polyurethan-Formulierung macht es ideal f\u00fcr Hochfrequenzumgebungen und f\u00fcr Fachleute, die hohe Leistung, Zuverl\u00e4ssigkeit und \u00fcberschaubare Verarbeitungszeiten suchen.Hauptmerkmale Hauptmerkmale Modalit\u00e4ten der Verwendung Zubereitung des Teigs Anwendung Technische Zeiten Technische Daten Sicherheit und Vorsichtsma\u00dfnahmen Beide Komponenten k\u00f6nnen eine Sensibilisierung der Haut verursachen.\ud83d\udd12 Nur von Fachleuten verwenden.\ud83e\udde4 Tragen Sie bei der Verwendung Handschuhe, eine Schutzbrille und Arbeitskleidung.\ud83d\udcc4 Lesen Sie immer das aktuelle [&hellip;]<\/p>\n","protected":false},"author":2,"featured_media":29123,"template":"","product_collection":[258],"product_type":[],"product_color":[],"class_list":["post-25538","product","type-product","status-publish","has-post-thumbnail","hentry","product_collection-parkett-produkte"],"_links":{"self":[{"href":"https:\/\/berti.net\/de\/wp-json\/wp\/v2\/product\/25538","targetHints":{"allow":["GET"]}}],"collection":[{"href":"https:\/\/berti.net\/de\/wp-json\/wp\/v2\/product"}],"about":[{"href":"https:\/\/berti.net\/de\/wp-json\/wp\/v2\/types\/product"}],"author":[{"embeddable":true,"href":"https:\/\/berti.net\/de\/wp-json\/wp\/v2\/users\/2"}],"wp:featuredmedia":[{"embeddable":true,"href":"https:\/\/berti.net\/de\/wp-json\/wp\/v2\/media\/29123"}],"wp:attachment":[{"href":"https:\/\/berti.net\/de\/wp-json\/wp\/v2\/media?parent=25538"}],"wp:term":[{"taxonomy":"product_collection","embeddable":true,"href":"https:\/\/berti.net\/de\/wp-json\/wp\/v2\/product_collection?post=25538"},{"taxonomy":"product_type","embeddable":true,"href":"https:\/\/berti.net\/de\/wp-json\/wp\/v2\/product_type?post=25538"},{"taxonomy":"product_color","embeddable":true,"href":"https:\/\/berti.net\/de\/wp-json\/wp\/v2\/product_color?post=25538"}],"curies":[{"name":"wp","href":"https:\/\/api.w.org\/{rel}","templated":true}]}}

<div class="wp-block-group is-style-container has-global-padding is-content-justification-center is-layout-constrained wp-block-group-is-layout-constrained">
<div class="wp-block-group title-text-indented-pattern animated fadeIn has-global-padding is-layout-constrained wp-container-core-group-is-layout-a31aa551 wp-block-group-is-layout-constrained">
<div class="wp-block-group has-global-padding is-layout-constrained wp-block-group-is-layout-constrained" style="margin-bottom:var(--wp--preset--spacing--50)">
<p class="has-m-font-size">Seine Epoxid-Polyurethan-Formulierung macht es ideal für <strong>Hochfrequenzumgebungen</strong> und für Fachleute, die <strong>hohe Leistung, Zuverlässigkeit und überschaubare Verarbeitungszeiten</strong> suchen.Hauptmerkmale</p>
</div>
</div>



<div class="wp-block-group title-text-indented-pattern animated fadeIn has-global-padding is-layout-constrained wp-container-core-group-is-layout-a31aa551 wp-block-group-is-layout-constrained">
<h3 class="wp-block-heading has-text-color has-m-32-font-size" style="color:#000000">Hauptmerkmale</h3>



<div class="wp-block-group has-global-padding is-layout-constrained wp-block-group-is-layout-constrained" style="margin-bottom:var(--wp--preset--spacing--50)">
<ul class="wp-block-list">
<li>Zweikomponenten-Pastenkleber (A + B)</li>



<li>Ideal für jede Art von Parkett: Lamparkett, Dielen, Mehrschichtparkett, usw.</li>



<li>Hohe Haftfähigkeit (&gt;3 N/mm² auf Beton und Keramik)</li>



<li>Ausgezeichnete Widerstandsfähigkeit und Haftung auch auf nicht saugfähigen Untergründen</li>



<li>Hohe Flexibilität und Haltbarkeit</li>



<li>Geringe VOC-Emissionen (erfüllt die Anforderungen für Innenräume)</li>



<li>Vordosiertes A:B-Verhältnis (9:1 nach Gewicht)</li>
</ul>
</div>
</div>



<div class="wp-block-group title-text-indented-pattern animated fadeIn has-global-padding is-layout-constrained wp-container-core-group-is-layout-a31aa551 wp-block-group-is-layout-constrained">
<h3 class="wp-block-heading has-text-color has-m-32-font-size" style="color:#000000">Modalitäten der Verwendung</h3>



<div class="wp-block-group has-global-padding is-layout-constrained wp-block-group-is-layout-constrained" style="margin-bottom:var(--wp--preset--spacing--50)">
<h4 class="wp-block-heading has-m-22-font-size">Zubereitung des Teigs</h4>



<ul class="wp-block-list">
<li>Komponente <strong>B befindet sich bereits in dem Container von Komponente A.</strong></li>



<li>Gießen Sie die  <strong>Komp. B (1 Teil) </strong>  unter  <strong>Komp. A (9 Teile) </strong>.</li>



<li>Mischen Sie mit einem mechanischen Rührer bei niedriger Geschwindigkeit, bis eine homogene Mischung entsteht.
<ul style="margin-top:var(--wp--preset--spacing--10)" class="wp-block-list">
<li>Mischen Sie im Winter zuerst nur Komponente A, um die Verschmelzung zu erleichtern.</li>
</ul>
</li>



<li>Topfzeit: <strong>60-70 Minuten</strong></li>
</ul>
</div>



<div class="wp-block-group has-global-padding is-layout-constrained wp-block-group-is-layout-constrained" style="margin-bottom:var(--wp--preset--spacing--50)">
<h4 class="wp-block-heading has-m-22-font-size">Anwendung</h4>



<ul class="wp-block-list">
<li>Tragen Sie das Produkt mit einer Zahnspachtel auf einen <strong>sauberen, trockenen und mechanisch widerstandsfähigen</strong> Untergrund auf.</li>



<li>Die <strong>Öffnungszeit</strong> beträgt etwa <strong>1 Stunde</strong> bei 23°C.</li>



<li>Verlegen Sie das Parkett mit <strong>gleichmäßigem Druck</strong>.</li>



<li>Lassen Sie immer <strong>eine Randfuge von etwa 1 cm.</strong></li>



<li>Kleben Sie nicht seitlich und <strong>vermeiden Sie es, die Fugen in vorgefertigten Produkten zu füllen</strong>.</li>
</ul>
</div>
</div>



<div class="wp-block-group title-text-indented-pattern animated fadeIn has-global-padding is-layout-constrained wp-container-core-group-is-layout-a31aa551 wp-block-group-is-layout-constrained">
<h3 class="wp-block-heading has-text-color has-m-32-font-size" style="color:#000000">Technische Zeiten</h3>



<div class="wp-block-group has-global-padding is-layout-constrained wp-block-group-is-layout-constrained" style="margin-bottom:var(--wp--preset--spacing--50)">
<ul class="wp-block-list">
<li><strong>Begehbarkeit</strong>: nach etwa <strong>24 Stunden</strong></li>



<li><strong>Schleifbarkeit</strong>: nach <strong>3 Tagen</strong> (optimal: 7-10 Tage für maximale Stabilität)</li>
</ul>
</div>
</div>



<div class="wp-block-group title-text-indented-pattern animated fadeIn has-global-padding is-layout-constrained wp-container-core-group-is-layout-a31aa551 wp-block-group-is-layout-constrained">
<h3 class="wp-block-heading has-text-color has-m-32-font-size" style="color:#000000">Technische Daten</h3>



<div class="wp-block-group has-global-padding is-layout-constrained wp-block-group-is-layout-constrained" style="margin-bottom:var(--wp--preset--spacing--50)">
<ul class="wp-block-list">
<li><strong>Format</strong>: 10 kg vordosierte Einheit
<ul style="margin-top:var(--wp--preset--spacing--10)" class="wp-block-list">
<li>Komponente A: 9 kg</li>



<li>Komponente B: 1 kg</li>
</ul>
</li>



<li><strong>Verbrauch</strong>: 1000-1300 g/m² (Zahnspachtel für Parkett)</li>



<li><strong>Lagerfarbe</strong>: einheitliches Beige</li>



<li><strong>pH</strong>: nicht anwendbar &#8211; Reaktionsklebstoff</li>



<li><strong>Shore-Härte A</strong>: 88 (nach 7 Tagen)</li>



<li><strong>Anwendungstemperatur</strong>: +10°C bis +30°C</li>



<li><strong>Betriebstemperatur</strong>: -30°C bis +70°C</li>



<li><strong>Haltbarkeit</strong>: 24 Monate (in versiegelter Originalverpackung, an einem trockenen Ort)</li>
</ul>
</div>
</div>



<div class="wp-block-group title-text-indented-pattern animated fadeIn has-global-padding is-layout-constrained wp-container-core-group-is-layout-a31aa551 wp-block-group-is-layout-constrained">
<h3 class="wp-block-heading has-text-color has-m-32-font-size" style="color:#000000">Sicherheit und Vorsichtsmaßnahmen</h3>



<div class="wp-block-group has-global-padding is-layout-constrained wp-block-group-is-layout-constrained" style="margin-bottom:var(--wp--preset--spacing--50)">
<ul class="wp-block-list">
<li><strong>Komponente A</strong>: entzündlich und reizend</li>



<li><strong>Komponente B</strong>: korrosiv</li>
</ul>



<p>Beide Komponenten können eine Sensibilisierung der Haut verursachen.<br/>🔒 <strong>Nur von Fachleuten verwenden</strong>.<br/>🧤 Tragen Sie bei der Verwendung <strong>Handschuhe, eine Schutzbrille und Arbeitskleidung</strong>.<br/>📄 Lesen Sie immer das <strong>aktuelle Sicherheitsdatenblatt</strong>.  </p>
</div>
</div>
</div>

<div style="height:var(--wp--preset--spacing--80)" aria-hidden="true" class="wp-block-spacer"></div>

<div class="wp-block-group alignwide is-style-container has-contrast-2-background-color has-background has-global-padding is-layout-constrained wp-container-core-group-is-layout-f04d5c41 wp-block-group-is-layout-constrained" id="catalog">
<div class="wp-block-columns alignwide are-vertically-aligned-center is-layout-flex wp-container-core-columns-is-layout-e4e53ecd wp-block-columns-is-layout-flex" style="margin-top:var(--wp--preset--spacing--100);margin-bottom:var(--wp--preset--spacing--100)">
<div class="wp-block-column is-layout-flow wp-block-column-is-layout-flow" style="flex-basis:50%">
<figure class="wp-block-image size-full"><img loading="lazy" decoding="async" width="900" height="901" src="https://www.berti.net/wp-content/uploads/bipower-catalog-ok.jpg" alt="" class="wp-image-29157" style="box-shadow:var(--wp--preset--shadow--deep)" srcset="https://berti.net/wp-content/uploads/bipower-catalog-ok.jpg 900w, https://berti.net/wp-content/uploads/bipower-catalog-ok-812x812.jpg 812w, https://berti.net/wp-content/uploads/bipower-catalog-ok-406x406.jpg 406w, https://berti.net/wp-content/uploads/bipower-catalog-ok-768x769.jpg 768w" sizes="auto, (max-width: 900px) 100vw, 900px" /></figure>
</div>



<div class="wp-block-column is-layout-flow wp-block-column-is-layout-flow" style="flex-basis:50%">
<h4 class="wp-block-heading" style="margin-top:var(--wp--preset--spacing--20);margin-bottom:var(--wp--preset--spacing--20);font-size:clamp(26.944px, 1.684rem + ((1vw - 3.2px) * 1.489), 46px);line-height:1">Datenblatt herunterladen</h4>



<p class="has-text-color has-body-font-family" style="color:#000000;padding-right:16%;font-size:14px">Laden Sie den Katalog herunter und entdecken Sie die neue BI POWER Kollektion von Berti Pavimenti Legno.</p>



<div class="wp-block-buttons is-layout-flex wp-block-buttons-is-layout-flex" style="margin-top:var(--wp--preset--spacing--30)">
<div class="wp-block-button is-style-fill"><a class="wp-block-button__link has-base-3-color has-base-background-color has-text-color has-background has-link-color has-custom-font-size wp-element-button" href="https://www.berti.net/wp-content/uploads/BERTI_Bi-power_user_guide.pdf" style="padding-top:15px;padding-right:40px;padding-bottom:15px;padding-left:40px;font-size:clamp(14px, 0.875rem + ((1vw - 3.2px) * 0.156), 16px);" target="_blank" rel="noreferrer noopener">DOWNLOAD</a></div>
</div>
</div>
</div>
</div>

<p>Seine Epoxid-Polyurethan-Formulierung macht es ideal für Hochfrequenzumgebungen und für Fachleute, die hohe Leistung, Zuverlässigkeit und überschaubare Verarbeitungszeiten suchen.Hauptmerkmale Hauptmerkmale Modalitäten der Verwendung Zubereitung des Teigs Anwendung Technische Zeiten Technische Daten Sicherheit und Vorsichtsmaßnahmen Beide Komponenten können eine Sensibilisierung der Haut verursachen.🔒 Nur von Fachleuten verwenden.🧤 Tragen Sie bei der Verwendung Handschuhe, eine Schutzbrille und Arbeitskleidung.📄 Lesen Sie immer das aktuelle [&hellip;]</p>
